{"id":6845,"date":"2023-02-23T12:24:49","date_gmt":"2023-02-23T18:24:49","guid":{"rendered":"https:\/\/tecsecmty.com\/index.php\/producto\/cdp-upo22-6-rt-6-kva-5-4-kwatts-gabinete-tipo-torre-con-6-modulos-tecnologia-online-doble-conversion-sobrepedido-requiere-cotizacion-de-servicios-de-arranque-gol\/"},"modified":"2023-03-22T23:22:13","modified_gmt":"2023-03-23T05:22:13","slug":"cdp-upo22-6-rt-6-kva-5-4-kwatts-gabinete-tipo-torre-con-6-modulos-tecnologia-online-doble-conversion-sobrepedido-requiere-cotizacion-de-servicios-de-arranque-gol","status":"publish","type":"product","link":"https:\/\/tecsecmty.com\/index.php\/producto\/cdp-upo22-6-rt-6-kva-5-4-kwatts-gabinete-tipo-torre-con-6-modulos-tecnologia-online-doble-conversion-sobrepedido-requiere-cotizacion-de-servicios-de-arranque-gol\/","title":{"rendered":"CDP UPO22-6 RT- 6 KVA\/ 5.4 KWATTS\/ GABINETE TIPO TORRE CON 6 MODULOS\/ TECNOLOGIA ONLINE DOBLE CONVERSION\/ SOBREPEDIDO\/REQUIERE COTIZACION DE SERVICIOS DE ARRANQUE #GOL"},"content":{"rendered":"<div class=\"row aling-items-center padding-bottom-2x\">\n<div class=\"col-lg-12\">\n<h5 class=\"card-title text-center\">Importante Leer:<\/h5>\n<p>Tenemos los equipos especialmente dise\u00f1ados para sus requerimientos, si requiere un sistema especial para la protecci\u00f3n de sus equipos, por favor h\u00e1ganoslo saber.<\/p>\n<p><img decoding=\"async\" class=\"overview-center-img-web\" src=\"https:\/\/tvc.mx\/media\/487308\/NOTA-COMPRA-UPS-SERVICIOS-DE-ARRANQUE.png\" alt=\"\" \/><\/p>\n<\/div>\n<\/div>\n<div class=\"row aling-items-center padding-bottom-2x\">\n<div class=\"col-lg-12\">\n<h5 class=\"card-title text-center\">Caracter\u00edsticas Principales<\/h5>\n<p>Tipo de producto:<\/p>\n<p>UPS (Sistema de Alimentaci\u00f3n ininterrumpida)<\/p>\n<p>Modelo:<\/p>\n<p>UPO22-6RT<\/p>\n<p>Capacidad:<\/p>\n<p>6 KVA \/ 6000 VA \/ 5400 WATTS<\/p>\n<p>Montaje:<\/p>\n<p>RACK<\/p>\n<p>Tecnolog\u00eda:<\/p>\n<p>ONLINE DOBLE CONVERSI\u00d3N<\/p>\n<p>Fases:<\/p>\n<p>2 (BIF\u00c1SICO)<\/p>\n<p>Voltaje de entrada:<\/p>\n<p>220 VCA (voltaje nominal)<\/p>\n<p>Voltaje de salida :<\/p>\n<p>104\/ 110\/ 115\/ 120 \u00f3 208\/220\/230\/240 VCA<\/p>\n<p>Tiempo de respaldo:<\/p>\n<p>5 minutos a plena carga \/ 15 minutos a media carga<\/p>\n<p>SMNP:<\/p>\n<p>De venta por separado.<\/p>\n<p>Rango de Voltaje:<\/p>\n<p>110 VCA \u2013 300 VCA<\/p>\n<p>Rango de frecuencia:<\/p>\n<p>50Hz \u2013 60Hz<\/p>\n<p>Respaldo extendido:<\/p>\n<p>Se puede agregar hasta 2 bancos de bater\u00edas extras para conseguir un tiempo de respaldo mayor.<\/p>\n<p><img decoding=\"async\" class=\"overview-center-img-web\" src=\"https:\/\/tvc.mx\/media\/457674\/CDP-UPO226RT-6-KVA-5.png\" alt=\"\" \/><\/p>\n<\/div>\n<\/div>\n","protected":false},"excerpt":{"rendered":"<p>Importante Leer: Tenemos los equipos especialmente dise\u00f1ados para sus requerimientos, si requiere un sistema especial para la protecci\u00f3n de sus equipos, por favor h\u00e1ganoslo saber. Caracter\u00edsticas Principales Tipo de producto: UPS (Sistema de Alimentaci\u00f3n ininterrumpida) Modelo: UPO22-6RT Capacidad: 6 KVA \/ 6000 VA \/ 5400&hellip;<\/p>\n","protected":false},"featured_media":6844,"comment_status":"open","ping_status":"closed","template":"","meta":{"om_disable_all_campaigns":false,"_monsterinsights_skip_tracking":false,"_monsterinsights_sitenote_active":false,"_monsterinsights_sitenote_note":"","_monsterinsights_sitenote_category":0},"product_brand":[],"product_cat":[605],"product_tag":[565,350,568,566,567,564,569,570,571,572],"class_list":{"0":"post-6845","1":"product","2":"type-product","3":"status-publish","4":"has-post-thumbnail","6":"product_cat-reguladores-y-ups","7":"product_tag-baterias","8":"product_tag-conectores","9":"product_tag-divisores-de-energia","10":"product_tag-extensores-poe","11":"product_tag-fuentes-con-distribuidor","12":"product_tag-fuentes-de-energia","13":"product_tag-fuentes-de-poder-y-adaptadores","14":"product_tag-inyectores-poe","15":"product_tag-reguladores","16":"product_tag-ups","18":"first","19":"instock","20":"sale","21":"taxable","22":"shipping-taxable","23":"purchasable","24":"product-type-simple"},"aioseo_notices":[],"_links":{"self":[{"href":"https:\/\/tecsecmty.com\/index.php\/wp-json\/wp\/v2\/product\/6845","targetHints":{"allow":["GET"]}}],"collection":[{"href":"https:\/\/tecsecmty.com\/index.php\/wp-json\/wp\/v2\/product"}],"about":[{"href":"https:\/\/tecsecmty.com\/index.php\/wp-json\/wp\/v2\/types\/product"}],"replies":[{"embeddable":true,"href":"https:\/\/tecsecmty.com\/index.php\/wp-json\/wp\/v2\/comments?post=6845"}],"version-history":[{"count":0,"href":"https:\/\/tecsecmty.com\/index.php\/wp-json\/wp\/v2\/product\/6845\/revisions"}],"wp:featuredmedia":[{"embeddable":true,"href":"https:\/\/tecsecmty.com\/index.php\/wp-json\/wp\/v2\/media\/6844"}],"wp:attachment":[{"href":"https:\/\/tecsecmty.com\/index.php\/wp-json\/wp\/v2\/media?parent=6845"}],"wp:term":[{"taxonomy":"product_brand","embeddable":true,"href":"https:\/\/tecsecmty.com\/index.php\/wp-json\/wp\/v2\/product_brand?post=6845"},{"taxonomy":"product_cat","embeddable":true,"href":"https:\/\/tecsecmty.com\/index.php\/wp-json\/wp\/v2\/product_cat?post=6845"},{"taxonomy":"product_tag","embeddable":true,"href":"https:\/\/tecsecmty.com\/index.php\/wp-json\/wp\/v2\/product_tag?post=6845"}],"curies":[{"name":"wp","href":"https:\/\/api.w.org\/{rel}","templated":true}]}}