{"id":6894,"date":"2023-02-23T16:00:40","date_gmt":"2023-02-23T22:00:40","guid":{"rendered":"https:\/\/tecsecmty.com\/index.php\/producto\/bosch-i_b10r-carcasa-metalica-color-rojo-para-paneles-de-serie-b\/"},"modified":"2023-03-22T23:21:17","modified_gmt":"2023-03-23T05:21:17","slug":"bosch-i_b10r-carcasa-metalica-color-rojo-para-paneles-de-serie-b","status":"publish","type":"product","link":"https:\/\/tecsecmty.com\/index.php\/producto\/bosch-i_b10r-carcasa-metalica-color-rojo-para-paneles-de-serie-b\/","title":{"rendered":"BOSCH I_B10R &#8211; Carcasa metalica color rojo para paneles de serie b"},"content":{"rendered":"<div class=\"row aling-items-center padding-bottom-2x\">\n<div class=\"col-lg-12\">\n<h5 class=\"card-title text-center\">B10R &#8211; Carcasa metalica color rojo para paneles de serie b<\/h5>\n<p><strong>Gabinete de panel de control medio de acero B10R (Rojo)<\/strong><\/p>\n<p>Gabinete rojo de acero. Acepta cerradura e interruptor antisabotaje opcionales<\/p>\n<p>El gabinete de panel de control medio B10R es un gabinete rojo de acero laminado en fr\u00edo de 1,0 mm (calibre 20) de espesor. Aloja m\u00faltiples paneles de control y m\u00f3dulos Bosch distintos. El gabinete soporta una bater\u00eda de 18 Ah o dos bater\u00edas (de hasta 7 Ah).<\/p>\n<p>Es compatible con los siguientes accesorios:<\/p>\n<ul>\n<li>Juego de cerraduras y llave D101. El juego de cerraduras est\u00e1ndar viene con una llave. Utiliza la llave de reemplazo D102 (#1358).<\/li>\n<li>Interruptor antisabotaje D110. Interruptor antisabotaje atornillado que encaja en todos los gabinetes. Se env\u00eda en paquetes de a dos.<\/li>\n<li>Interruptor antisabotaje dual ICP\u2011EZTS Combinaci\u00f3n de interruptor antisabotaje con bucle de cableado para salidas antisabotaje adicionales.<\/li>\n<\/ul>\n<p><img decoding=\"async\" class=\"overview-center-img-web\" src=\"https:\/\/tvc.mx\/media\/648972\/encabezado-1920x400.png\" alt=\"\" \/><\/div>\n<\/div>\n<div class=\"row align-items-center padding-bottom-2x\">\n<div class=\"col-md-5\"><img decoding=\"async\" class=\"d-block m-auto img-thumbnail\" src=\"https:\/\/tvc.mx\/media\/648987\/400x300-logo.png\" alt=\" \" \/><\/div>\n<div class=\"col-md-7 text-md-left text-center\">\n<h2>Caracter\u00edsticas<\/h2>\n<p class=\"text-muted\">\n<ul>\n<li>Ubicaciones de separaci\u00f3n f\u00e1ciles de instalar para montar los m\u00f3dulos de apoyo<\/li>\n<li>De acero laminado en fr\u00edo con acabado en rojo mate para aplicaciones de fuego.<\/li>\n<li>Ubicaciones de montaje de f\u00e1cil acceso para transformadores opcionales<\/li>\n<li>Troquelados para anunciador externo B46 opcional (solo para B465)<\/li>\n<\/ul>\n<p>&nbsp;<\/p>\n<\/div>\n<\/div>\n<hr class=\"padding-bottom-2x\" \/>\n<div class=\"row align-items-center padding-bottom-2x\">\n<div class=\"col-md-5 order-md-2\"><img decoding=\"async\" class=\"d-block m-auto img-thumbnail\" src=\"https:\/\/tvc.mx\/media\/648992\/400x300-piezas.png\" alt=\" \" \/><\/div>\n<div class=\"col-md-7 order-md-1 text-md-left text-center\">\n<h2>Piezas incluidas<\/h2>\n<p class=\"text-muted\">\n<p>Piezas incluidas<\/p>\n<p>&nbsp;<\/p>\n<\/div>\n<\/div>\n<hr class=\"padding-bottom-2x\" \/>\n<div class=\"row aling-items-center padding-bottom-2x\">\n<div class=\"col-lg-12\">\n<h5 class=\"card-title text-center\">Especificaciones clave<\/h5>\n<p><strong>Color:<\/strong>\u00a0Rojo<\/p>\n<p><strong>Dimensiones (Alto x Ancho x Fondo) (mm):<\/strong>\u00a0356 x 318 x 76 mm<\/p>\n<p><strong>Material:\u00a0<\/strong>Acero<\/p>\n<p><strong>Uso:<\/strong>\u00a0Interiores<\/p>\n<p><strong>Gabinete de panel de control medio de acero B10R (Rojo)<\/strong><\/p>\n<p>Gabinete rojo de acero. Acepta cerradura e interruptor antisabotaje opcionales<\/p>\n<p><img decoding=\"async\" class=\"overview-center-img-web\" src=\"https:\/\/tvc.mx\/media\/648997\/encabezado-1920x400.png\" alt=\"\" \/><\/div>\n<\/div>\n","protected":false},"excerpt":{"rendered":"<p>B10R &#8211; Carcasa metalica color rojo para paneles de serie b Gabinete de panel de control medio de acero B10R (Rojo) Gabinete rojo de acero. Acepta cerradura e interruptor antisabotaje opcionales El gabinete de panel de control medio B10R es un gabinete rojo de acero&hellip;<\/p>\n","protected":false},"featured_media":6893,"comment_status":"open","ping_status":"closed","template":"","meta":{"om_disable_all_campaigns":false,"_monsterinsights_skip_tracking":false,"_monsterinsights_sitenote_active":false,"_monsterinsights_sitenote_note":"","_monsterinsights_sitenote_category":0},"product_brand":[],"product_cat":[626],"product_tag":[613,611,612,616,615,610,614,617],"class_list":{"0":"post-6894","1":"product","2":"type-product","3":"status-publish","4":"has-post-thumbnail","6":"product_cat-gabinetes-accesorios-bosch-video-vigilancia","7":"product_tag-bosch","8":"product_tag-manhattan","9":"product_tag-saxxon","10":"product_tag-surveon","11":"product_tag-utepo","12":"product_tag-videovigilancia","13":"product_tag-vivotek","14":"product_tag-zteco","16":"first","17":"instock","18":"sale","19":"taxable","20":"shipping-taxable","21":"purchasable","22":"product-type-simple"},"aioseo_notices":[],"_links":{"self":[{"href":"https:\/\/tecsecmty.com\/index.php\/wp-json\/wp\/v2\/product\/6894","targetHints":{"allow":["GET"]}}],"collection":[{"href":"https:\/\/tecsecmty.com\/index.php\/wp-json\/wp\/v2\/product"}],"about":[{"href":"https:\/\/tecsecmty.com\/index.php\/wp-json\/wp\/v2\/types\/product"}],"replies":[{"embeddable":true,"href":"https:\/\/tecsecmty.com\/index.php\/wp-json\/wp\/v2\/comments?post=6894"}],"version-history":[{"count":0,"href":"https:\/\/tecsecmty.com\/index.php\/wp-json\/wp\/v2\/product\/6894\/revisions"}],"wp:featuredmedia":[{"embeddable":true,"href":"https:\/\/tecsecmty.com\/index.php\/wp-json\/wp\/v2\/media\/6893"}],"wp:attachment":[{"href":"https:\/\/tecsecmty.com\/index.php\/wp-json\/wp\/v2\/media?parent=6894"}],"wp:term":[{"taxonomy":"product_brand","embeddable":true,"href":"https:\/\/tecsecmty.com\/index.php\/wp-json\/wp\/v2\/product_brand?post=6894"},{"taxonomy":"product_cat","embeddable":true,"href":"https:\/\/tecsecmty.com\/index.php\/wp-json\/wp\/v2\/product_cat?post=6894"},{"taxonomy":"product_tag","embeddable":true,"href":"https:\/\/tecsecmty.com\/index.php\/wp-json\/wp\/v2\/product_tag?post=6894"}],"curies":[{"name":"wp","href":"https:\/\/api.w.org\/{rel}","templated":true}]}}