{"id":6924,"date":"2023-02-23T16:01:14","date_gmt":"2023-02-23T22:01:14","guid":{"rendered":"https:\/\/tecsecmty.com\/index.php\/producto\/bosch-v_lvf4000cd0550-lente-varifocal-960h-5-50-mm-1-4\/"},"modified":"2023-03-22T23:21:48","modified_gmt":"2023-03-23T05:21:48","slug":"bosch-v_lvf4000cd0550-lente-varifocal-960h-5-50-mm-1-4","status":"publish","type":"product","link":"https:\/\/tecsecmty.com\/index.php\/producto\/bosch-v_lvf4000cd0550-lente-varifocal-960h-5-50-mm-1-4\/","title":{"rendered":"BOSCH V_LVF4000CD0550 &#8211; Lente varifocal 960H \/ 5-50 mm \/ 1.4"},"content":{"rendered":"<h5 class=\"card-title text-center\">LVF-4000C-D0550 Lente Varifocal<\/h5>\n<p class=\"ql-align-justify\"><strong>Esta familia de lentes 960H comprende lentes varifocales con control DC-iris. Son lentes compactas, resistentes.<\/strong><\/p>\n<p class=\"ql-align-justify\"><strong>En formatos de imagen de 1\/3 pulgadas.<\/strong>\u00a0Los lentes van desde granangular a telefoto para cubrir pr\u00e1cticamente todas las aplicaciones en sistemas de observaci\u00f3n\u00a0<strong>CCTV<\/strong>.<\/p>\n<p class=\"ql-align-justify\">Las lentes ofrecen una calidad \u00f3ptica impresionante debido a su\u00a0<strong>resoluci\u00f3n 960H<\/strong>, reproducci\u00f3n de contraste, y revestimiento.<\/p>\n<p class=\"ql-align-justify\"><strong>Resumen del sistema<\/strong><\/p>\n<p class=\"ql-align-justify\">Sensores de mayor resoluci\u00f3n, con p\u00edxeles a\u00fan m\u00e1s peque\u00f1os tama\u00f1os, requieren lentes de mayor resoluci\u00f3n para entregar sus potencial completo. Las lentes en esta familia son espec\u00edficamente dise\u00f1ado para la gama Bosch de<strong>\u00a0960H DINION\u00a0<\/strong>c\u00e1maras Para obtener la m\u00e1xima resoluci\u00f3n de un 960H c\u00e1mara, debe seleccionar una lente que pueda coincidir la resoluci\u00f3n del sensor no solo en el centro, sino tambi\u00e9n en el centro.<\/p>\n<p class=\"ql-align-justify\">Los bordes y en diferentes aberturas del iris.<\/p>\n<p class=\"ql-align-justify\">La especificaci\u00f3n de la funci\u00f3n de transferencia de modulaci\u00f3n (<strong>MTF<\/strong>) es una indicaci\u00f3n de la resoluci\u00f3n, contraste y rendimiento de nitidez de una lente. La resoluci\u00f3n de la lente es medido normalmente en pares de l\u00edneas por mil\u00edmetro (lp \/ mm).\u00a0<strong>El MTF de cada lente da el m\u00e1ximo Resoluci\u00f3n en t\u00e9rminos de lp \/ mm para una escena dada.<\/strong><\/p>\n<p class=\"ql-align-justify\"><strong>Tanto la gama LVF-4000C como la LVF-5000C tienen excelente resoluci\u00f3n diurna.\u00a0<\/strong>La gama LVF-5000C es m\u00e1s adecuado para c\u00e1maras de amplio rango din\u00e1mico (WDR) y c\u00e1maras que se utilizan para capturar m\u00e1s detalles en noche. La lente LTC 3664\/31 ofrece excelentes rendimiento en escenas\u00a0 de poca luz con una apertura de F1.0.<\/p>\n<p class=\"ql-align-justify\"><strong>Nota: LVF-4000C-D0550 Lente Varifocal<\/strong><\/p>\n<p class=\"ql-align-justify\"><strong>Lente varifocal corregida por infrarrojos 960H. Sensor de 1\/3 \u00ab; montaje CS; iris DC de 4 pines; F1.4-360; 5 a 50 mm<\/strong><\/p>\n<p class=\"ql-align-justify\"><strong>N\u00famero de pedido: LVF-4000C-D0550.<\/strong><\/p>\n<p class=\"ql-align-justify\"><strong>Principales caracter\u00edsticas<\/strong><\/p>\n<ul>\n<li class=\"ql-align-justify\">Lentes varifocales con resoluci\u00f3n \u00f3ptica 960H.<\/li>\n<li class=\"ql-align-justify\">\u00d3ptica de alta calidad.<\/li>\n<li class=\"ql-align-justify\">Formatos de 1\/3 pulgadas.<\/li>\n<li class=\"ql-align-justify\">Construcci\u00f3n confiable y robusta.<\/li>\n<li class=\"ql-align-justify\">Modelos de iris DC.<\/li>\n<\/ul>\n<p class=\"ql-align-justify\"><strong>Especificaciones<\/strong><\/p>\n<ul>\n<li class=\"ql-align-justify\">Max. sensor format 1\/3 inch<\/li>\n<li class=\"ql-align-justify\">Focal length:\u00a05.0 \u2013 50 mm.<\/li>\n<li class=\"ql-align-justify\">Iris range: F1.4 &#8211; 360.<\/li>\n<li class=\"ql-align-justify\">Min object distance 0.5 m (1.6 ft).<\/li>\n<li class=\"ql-align-justify\">Weight: 118 g (0.1 lb).<\/li>\n<li class=\"ql-align-justify\">Dimensions (approx.):\u220537 x 64 x 49 mm \u00f3 \u22051.5 x 2.5 x 1.9 in.<\/li>\n<li class=\"ql-align-justify\">Angle of view (HxV): W: 49 x 36.7 y T: 5.47 x 4.1.<\/li>\n<li class=\"ql-align-justify\">MTF on-axis (lp\/mm): &gt;145 y &gt;119 (IR).<\/li>\n<li class=\"ql-align-justify\">MTF off-axis (lp\/mm): &gt;71y &gt;30 (IR).<\/li>\n<li class=\"ql-align-justify\">Iris: control: 4-pin, DC control.<\/li>\n<li class=\"ql-align-justify\">Focus: control manual.<\/li>\n<li class=\"ql-align-justify\">Zoom: control manual.<\/li>\n<li class=\"ql-align-justify\">IR: corrected yes.<\/li>\n<\/ul>\n<p><img decoding=\"async\" class=\"overview-center-img-\" src=\"https:\/\/tvc.mx\/media\/14216\/Logoopaginas-oficial.png\" alt=\"\" \/><\/p>\n","protected":false},"excerpt":{"rendered":"<p>LVF-4000C-D0550 Lente Varifocal Esta familia de lentes 960H comprende lentes varifocales con control DC-iris. Son lentes compactas, resistentes. En formatos de imagen de 1\/3 pulgadas.\u00a0Los lentes van desde granangular a telefoto para cubrir pr\u00e1cticamente todas las aplicaciones en sistemas de observaci\u00f3n\u00a0CCTV. Las lentes ofrecen una&hellip;<\/p>\n","protected":false},"featured_media":6923,"comment_status":"open","ping_status":"closed","template":"","meta":{"om_disable_all_campaigns":false,"_monsterinsights_skip_tracking":false,"_monsterinsights_sitenote_active":false,"_monsterinsights_sitenote_note":"","_monsterinsights_sitenote_category":0},"product_brand":[],"product_cat":[631],"product_tag":[613,611,612,616,615,610,614,617],"class_list":{"0":"post-6924","1":"product","2":"type-product","3":"status-publish","4":"has-post-thumbnail","6":"product_cat-lentes-accesorios-bosch-video-vigilancia","7":"product_tag-bosch","8":"product_tag-manhattan","9":"product_tag-saxxon","10":"product_tag-surveon","11":"product_tag-utepo","12":"product_tag-videovigilancia","13":"product_tag-vivotek","14":"product_tag-zteco","16":"first","17":"instock","18":"sale","19":"taxable","20":"shipping-taxable","21":"purchasable","22":"product-type-simple"},"aioseo_notices":[],"_links":{"self":[{"href":"https:\/\/tecsecmty.com\/index.php\/wp-json\/wp\/v2\/product\/6924","targetHints":{"allow":["GET"]}}],"collection":[{"href":"https:\/\/tecsecmty.com\/index.php\/wp-json\/wp\/v2\/product"}],"about":[{"href":"https:\/\/tecsecmty.com\/index.php\/wp-json\/wp\/v2\/types\/product"}],"replies":[{"embeddable":true,"href":"https:\/\/tecsecmty.com\/index.php\/wp-json\/wp\/v2\/comments?post=6924"}],"version-history":[{"count":0,"href":"https:\/\/tecsecmty.com\/index.php\/wp-json\/wp\/v2\/product\/6924\/revisions"}],"wp:featuredmedia":[{"embeddable":true,"href":"https:\/\/tecsecmty.com\/index.php\/wp-json\/wp\/v2\/media\/6923"}],"wp:attachment":[{"href":"https:\/\/tecsecmty.com\/index.php\/wp-json\/wp\/v2\/media?parent=6924"}],"wp:term":[{"taxonomy":"product_brand","embeddable":true,"href":"https:\/\/tecsecmty.com\/index.php\/wp-json\/wp\/v2\/product_brand?post=6924"},{"taxonomy":"product_cat","embeddable":true,"href":"https:\/\/tecsecmty.com\/index.php\/wp-json\/wp\/v2\/product_cat?post=6924"},{"taxonomy":"product_tag","embeddable":true,"href":"https:\/\/tecsecmty.com\/index.php\/wp-json\/wp\/v2\/product_tag?post=6924"}],"curies":[{"name":"wp","href":"https:\/\/api.w.org\/{rel}","templated":true}]}}