{"id":6948,"date":"2023-02-23T16:01:45","date_gmt":"2023-02-23T22:01:45","guid":{"rendered":"https:\/\/tecsecmty.com\/index.php\/producto\/bosch-v_micilb400-iluminador-de-luz-blanca-ir-850nm-a950nm-color-negro\/"},"modified":"2023-03-22T23:21:55","modified_gmt":"2023-03-23T05:21:55","slug":"bosch-v_micilb400-iluminador-de-luz-blanca-ir-850nm-a950nm-color-negro","status":"publish","type":"product","link":"https:\/\/tecsecmty.com\/index.php\/producto\/bosch-v_micilb400-iluminador-de-luz-blanca-ir-850nm-a950nm-color-negro\/","title":{"rendered":"BOSCH V_MICILB400- ILUMINADOR DE LUZ BLANCA\/IR 850NM A950NM \/ COLOR NEGRO"},"content":{"rendered":"<div class=\"row aling-items-center padding-bottom-2x\">\n<div class=\"col-lg-12\">\n<h5 class=\"card-title text-center\">MIC-ILB-400 Iluminador, luz blanca-IR, negro<\/h5>\n<p>&nbsp;<\/p>\n<p><img decoding=\"async\" class=\"overview-center-img-web\" src=\"https:\/\/tvc.mx\/media\/86844\/Logoopaginas-oficial-1920x400.png\" alt=\"\" \/><\/div>\n<\/div>\n<div class=\"row align-items-center padding-bottom-2x\">\n<div class=\"col-md-5\"><img decoding=\"async\" class=\"d-block m-auto img-thumbnail\" src=\"https:\/\/tvc.mx\/media\/86848\/MIC-ILB-400config5.png\" alt=\" \" \/><\/div>\n<div class=\"col-md-7 text-md-left text-center\">\n<h2>Resumen del sistema<\/h2>\n<p class=\"text-muted\">\n<p>El accesorio iluminador tiene una carcasa doble que incorpora una combinaci\u00f3n de LED IR (850 nm\/ 940 nm) + luz blanca de larga duraci\u00f3n. El iluminador permite la visualizaci\u00f3n de objetos incluso en condiciones de oscuridad total, lo que garantiza im\u00e1genes de alta calidad independientemente de las condiciones de iluminaci\u00f3n.<\/p>\n<p>&nbsp;<\/p>\n<\/div>\n<\/div>\n<hr class=\"padding-bottom-2x\" \/>\n<div class=\"row align-items-center padding-bottom-2x\">\n<div class=\"col-md-5 order-md-2\"><img decoding=\"async\" class=\"d-block m-auto img-thumbnail\" src=\"https:\/\/tvc.mx\/media\/86852\/MIC-ILB-400config6.png\" alt=\" \" \/><\/div>\n<div class=\"col-md-7 order-md-1 text-md-left text-center\">\n<h2>Funciones b\u00e1sicas<\/h2>\n<p class=\"text-muted\">\n<p class=\"ql-align-justify\"><strong>Iluminaci\u00f3n de haz variable<\/strong><\/p>\n<p class=\"ql-align-justify\">Los arrays de IR con varios \u00e1ngulos de haz (desde 16\u00b0 a 47\u00b0) proporcionan iluminaci\u00f3n para un amplio campo de visi\u00f3n. La c\u00e1mara MIC puede dirigir el haz de IR din\u00e1micamente para que la intensidad de la iluminaci\u00f3n coincida con el campo de visi\u00f3n de la c\u00e1mara seg\u00fan el nivel de zoom. La intensidad del haz se controla autom\u00e1tica o manualmente, dependiendo de la preferencia del usuario. La sobreexposici\u00f3n se reduce al disminuir la intensidad. La tecnolog\u00eda Luz constante patentada integrada proporciona un nivel constante de iluminaci\u00f3n durante toda la vida \u00fatil del producto, incluso si la temperatura oscila.\u00a0<strong>Array de IR<\/strong><\/p>\n<p class=\"ql-align-justify\">Cuando la luz ambiental disminuye en un emplazamiento, la c\u00e1mara cambia a modo monocromo y activa de forma autom\u00e1tica los LEDs de IR del iluminador. Cuando los iluminadores de IR est\u00e1n activos, la funci\u00f3n de Correcci\u00f3n de enfoque de IR se habilita autom\u00e1ticamente en la c\u00e1mara. Los LEDs 940 nm permiten a los operadores iluminar las escenas cercanas con LEDs que el ojo humano no puede detectar.<\/p>\n<p class=\"ql-align-justify\"><strong>Modo Luz blanca<\/strong><\/p>\n<p class=\"ql-align-justify\">El modo Luz blanca permite a los operadores captar los detalles de la escena completa en color. Los operadores pueden encender y apagar los LEDs de Luz blanca seg\u00fan sea necesario, especialmente para usarlos como efecto disuasorio. Los operadores tienen la opci\u00f3n de establecer el tiempo de espera autom\u00e1tico del modo Luz blanca. Una vez agotado dicho tiempo de espera, el iluminador funcionar\u00e1 en modo IR. Los operadores pueden desactivar la funcionalidad de Luz blanca de forma permanente o por sector para evitar su activaci\u00f3n en casos en los que la Luz blanca puede crear una situaci\u00f3n de peligro como, por ejemplo, distraer a un conductor en una autopista.<\/p>\n<p class=\"ql-align-justify\"><strong>Instalaci\u00f3n sencilla<\/strong><\/p>\n<p class=\"ql-align-justify\">Instale el accesorio iluminador f\u00e1cilmente en una c\u00e1mara MIC IP ultra 7100i o MIC IP starlight 7100i montada en orientaci\u00f3n vertical, invertida o inclinada. La c\u00e1mara proporciona energ\u00eda al iluminador. El iluminador no necesita una fuente de alimentaci\u00f3n adicional.<\/p>\n<p class=\"ql-align-justify\"><strong>Dise\u00f1o resistente compatible con la norma l\u00edder del sector IP68, tipo 6P, IK10<\/strong><\/p>\n<p class=\"ql-align-justify\">El dise\u00f1o, resistente a los actos vand\u00e1licos, integra ventanas de policarbonato unidas a un cuerpo de aluminio con una pintura duradera con recubrimiento en polvo. El iluminador es excepcionalmente resistente a niveles elevados de viento, golpes y vibraci\u00f3n. La c\u00e1mara y el accesorio iluminador cuentan con categor\u00eda IP68\/Tipo 6P contra penetraci\u00f3n de polvo e inmersi\u00f3n, as\u00ed como categor\u00eda IK10 contra impactos. Las categor\u00edas son est\u00e1ndar para los productos MIC de Bosch.<\/p>\n<p>&nbsp;<\/p>\n<\/div>\n<\/div>\n<hr class=\"padding-bottom-2x\" \/>\n<div class=\"row align-items-center padding-bottom-2x\">\n<div class=\"col-md-5 order-md-2\"><img decoding=\"async\" class=\"d-block m-auto img-thumbnail\" src=\"https:\/\/tvc.mx\/media\/86856\/MIC-ILB-400config7.png\" alt=\" \" \/><\/div>\n<div class=\"col-md-7 order-md-1 text-md-left text-center\">\n<h2>Caracter\u00edsticas y Especificaciones<\/h2>\n<p class=\"text-muted\">\n<p><strong>Nota: MIC-ILB-400 Iluminador, luz blanca-IR, negro<\/strong><\/p>\n<p><strong>Accesorio iluminador para algunas c\u00e1maras MIC IP, LED IR (850 nm\/940 nm) + luz blanca Negro (RAL 9005). Acabado arenoso.<\/strong><\/p>\n<p><strong>N\u00famero de pedido: MIC-ILB-400<\/strong><\/p>\n<p><strong>Principales caracter\u00edsticas<\/strong><\/p>\n<ul>\n<li>Luz IR (850 nm\/940 nm) + LEDs de luz blanca.<\/li>\n<li>La iluminaci\u00f3n IR din\u00e1mica ajusta autom\u00e1ticamente el \u00e1ngulo y la intensidad del haz para adaptarse alcampo de visi\u00f3n de la c\u00e1mara.<\/li>\n<li>Instalable in situ solo en c\u00e1maras MIC IP ultra 7100i y MIC IP starlight 7100i.<\/li>\n<li>Dise\u00f1o de carcasa resistente con protecci\u00f3n IP68\/Tipo 6P contra entradas a juego con los colores delas c\u00e1maras MIC IP.<\/li>\n<\/ul>\n<p><strong>Especificaciones<\/strong><\/p>\n<p><strong>Array Luz blanca<\/strong><\/p>\n<ul>\n<li>N\u00famero de LED 6<\/li>\n<li>Temperatura del color 5600-6300 K<\/li>\n<li>\u00c1ngulo de haz vertical 15\u00b0 FWHM<\/li>\n<li>\u00c1ngulo de haz horizontal 32\u00b0 FWHM<\/li>\n<li>Intensidad de la luz (3 m)1000 lx<\/li>\n<\/ul>\n<p><strong>Especificaciones el\u00e9ctricas<\/strong><\/p>\n<ul>\n<li>Consumo de potencia 30 W (proporcionado por la c\u00e1mara)<\/li>\n<li>Especificaciones medioambientales<\/li>\n<li>Temperatura de<\/li>\n<li>funcionamiento: De -40 \u00b0C a +65 \u00b0C (de -40 \u00b0F a +149 \u00b0F)<\/li>\n<li>Temperatura de inicio en fr\u00edo : De -40 \u00b0C (-40 \u00b0F) (requiere un calentamiento de 60 minutos<\/li>\n<li>antes de funcionar).<\/li>\n<li>Temperatura de almacenamiento: De -60 \u00b0C a +70 \u00b0C (de -76 \u00b0F a +158 \u00b0F)<\/li>\n<li>Humedad 0-100%<\/li>\n<li>Carga de viento 209 km\/h (130 mph) (continuo) (r\u00e1fagas de hasta 290 km\/h (180 mph))<\/li>\n<li>C\u00e1mara + accesorio iluminador instalado: coeficiente de arrastre: 1.370 \u00e1rea proyectada efectiva (EPA): 0,089 m\u00b2 (0,96 pies\u00b2)<\/li>\n<li>Solo accesorio iluminador:<\/li>\n<li>\u00e1rea proyectada efectiva (EPA): 0,019 m\u00b2 (0,20 ft\u00b2)<\/li>\n<li>Vibraci\u00f3n Vibraci\u00f3n conforme a NEMA TS2, secci\u00f3n 2.2.8, 5-30 Hz, (0,5 G)<\/li>\n<li>Choque IEC 60068-2-27, impulso semisinusoidal, 6 ms, 40 G<\/li>\n<li>Choque (impacto) conforme a NEMA TS 2, secci\u00f3n 2.2.9, impulso semisinusoidal de<\/li>\n<li>prueba, 11 ms, 10 G.<\/li>\n<li>Protecci\u00f3n de entrada IEC 60529, IP68,<\/li>\n<li>Tipo 6P (conectado a la c\u00e1mara)<\/li>\n<li>Impacto mec\u00e1nico externo (c\u00f3digo IK o \u00edndice de impacto)<\/li>\n<li>IEC 62262, IK10 (cuando se conecta a una c\u00e1mara MIC)<\/li>\n<\/ul>\n<p><strong>Estructura<\/strong><\/p>\n<ul>\n<li>Dimensiones (An. x Al. x Pr.) 215 mm x 115 mm x 117 mm (8,5 x 4,5 x 4,6 in)<\/li>\n<li>Peso 1,2 kg (2,65 lb)<\/li>\n<li>Material de fabricaci\u00f3n: Aluminio fundido con ventanas de policarbonato<\/li>\n<li>Colores est\u00e1ndar Negro (RAL 9005), blanco (RAL 9010) o gris<\/li>\n<li>(RAL 7001, disponible solo en regiones espec\u00edficas)<\/li>\n<li>Acabado est\u00e1ndar<\/li>\n<li>Pintura pulverizada resistente a la corrosi\u00f3n, acabado arenoso.<\/li>\n<\/ul>\n<\/div>\n<\/div>\n","protected":false},"excerpt":{"rendered":"<p>MIC-ILB-400 Iluminador, luz blanca-IR, negro &nbsp; Resumen del sistema El accesorio iluminador tiene una carcasa doble que incorpora una combinaci\u00f3n de LED IR (850 nm\/ 940 nm) + luz blanca de larga duraci\u00f3n. El iluminador permite la visualizaci\u00f3n de objetos incluso en condiciones de oscuridad&hellip;<\/p>\n","protected":false},"featured_media":6947,"comment_status":"open","ping_status":"closed","template":"","meta":{"om_disable_all_campaigns":false,"_monsterinsights_skip_tracking":false,"_monsterinsights_sitenote_active":false,"_monsterinsights_sitenote_note":"","_monsterinsights_sitenote_category":0},"product_brand":[],"product_cat":[633],"product_tag":[613,611,612,616,615,610,614,617],"class_list":{"0":"post-6948","1":"product","2":"type-product","3":"status-publish","4":"has-post-thumbnail","6":"product_cat-lamparas-iluminadores-ir","7":"product_tag-bosch","8":"product_tag-manhattan","9":"product_tag-saxxon","10":"product_tag-surveon","11":"product_tag-utepo","12":"product_tag-videovigilancia","13":"product_tag-vivotek","14":"product_tag-zteco","16":"first","17":"instock","18":"sale","19":"taxable","20":"shipping-taxable","21":"purchasable","22":"product-type-simple"},"aioseo_notices":[],"_links":{"self":[{"href":"https:\/\/tecsecmty.com\/index.php\/wp-json\/wp\/v2\/product\/6948","targetHints":{"allow":["GET"]}}],"collection":[{"href":"https:\/\/tecsecmty.com\/index.php\/wp-json\/wp\/v2\/product"}],"about":[{"href":"https:\/\/tecsecmty.com\/index.php\/wp-json\/wp\/v2\/types\/product"}],"replies":[{"embeddable":true,"href":"https:\/\/tecsecmty.com\/index.php\/wp-json\/wp\/v2\/comments?post=6948"}],"version-history":[{"count":0,"href":"https:\/\/tecsecmty.com\/index.php\/wp-json\/wp\/v2\/product\/6948\/revisions"}],"wp:featuredmedia":[{"embeddable":true,"href":"https:\/\/tecsecmty.com\/index.php\/wp-json\/wp\/v2\/media\/6947"}],"wp:attachment":[{"href":"https:\/\/tecsecmty.com\/index.php\/wp-json\/wp\/v2\/media?parent=6948"}],"wp:term":[{"taxonomy":"product_brand","embeddable":true,"href":"https:\/\/tecsecmty.com\/index.php\/wp-json\/wp\/v2\/product_brand?post=6948"},{"taxonomy":"product_cat","embeddable":true,"href":"https:\/\/tecsecmty.com\/index.php\/wp-json\/wp\/v2\/product_cat?post=6948"},{"taxonomy":"product_tag","embeddable":true,"href":"https:\/\/tecsecmty.com\/index.php\/wp-json\/wp\/v2\/product_tag?post=6948"}],"curies":[{"name":"wp","href":"https:\/\/api.w.org\/{rel}","templated":true}]}}