{"id":6970,"date":"2023-02-23T16:02:12","date_gmt":"2023-02-23T22:02:12","guid":{"rendered":"https:\/\/tecsecmty.com\/index.php\/producto\/bosch-v_micwktir-kit-de-lavador-mic-ir\/"},"modified":"2023-03-22T23:21:55","modified_gmt":"2023-03-23T05:21:55","slug":"bosch-v_micwktir-kit-de-lavador-mic-ir","status":"publish","type":"product","link":"https:\/\/tecsecmty.com\/index.php\/producto\/bosch-v_micwktir-kit-de-lavador-mic-ir\/","title":{"rendered":"BOSCH V_MICWKTIR- KIT DE LAVADOR MIC IR"},"content":{"rendered":"<h5 class=\"card-title text-center\">MIC-WKT-IR Boquilla de lavado a chorro y soporte de montaje<\/h5>\n<p class=\"ql-align-justify\"><strong>Los kits de tarjeta de unidad de bomba de lavado de arandela MIC-WKT y MIC-WKT-IR proporcionan los accesorios necesarios para permitir que los equipos de lavado de terceros limpien de forma remota la ventana de la c\u00e1maras MIC400.<\/strong><\/p>\n<p class=\"ql-align-justify\">Los Kits de tarjeta de unidad de bomba de lavadora\u00a0<strong>MIC-WKT y MIC-WKT-IR para la gama MIC400 de c\u00e1maras PTZ.<\/strong><\/p>\n<p class=\"ql-align-justify\"><strong>El kit MIC-WKT<\/strong>\u00a0consta de la tarjeta de accionamiento de bomba de lavadora 705-200, un sencillo de 5 mm boquilla de lavado a chorro y dos (2) soportes para permitir el montaje de la boquilla de lavado en a la base de la c\u00e1mara MIC400 o al soporte de montaje en esquina (CMB) utilizando el M8 x 20 mm, pernos de fijaci\u00f3n que sujetan la base de la c\u00e1mara o entre soportes de montaje en pared y esquina.<\/p>\n<p class=\"ql-align-justify\"><strong>El kit MIC-WKT-IR es id\u00e9ntico al kit MIC-WKT a excepci\u00f3n de que carece del 705-200, t<\/strong>arjeta de accionamiento de la bomba de la lavadora, ya que esta funci\u00f3n se proporciona como est\u00e1ndar en todos los MIC400 IR.<\/p>\n<p class=\"ql-align-justify\"><strong>Nota: MIC-WKT-IR Boquilla de lavado a chorro y soporte de montaje<\/strong><\/p>\n<p class=\"ql-align-justify\"><strong>MIC-WKT-IR proporcionan los accesorios necesarios para permitir que los equipos de lavado de terceros limpien de forma remota la ventana de la c\u00e1maras MIC400..<\/strong><\/p>\n<p class=\"ql-align-justify\"><strong>Numero de pedido: MIC-WKT-IR<\/strong><\/p>\n<p class=\"ql-align-justify\"><strong>Principales caracter\u00edsticas<\/strong><\/p>\n<ul>\n<li class=\"ql-align-justify\">F\u00e1cil instalaci\u00f3n.<\/li>\n<li class=\"ql-align-justify\">Fabricaci\u00f3n robusta.<\/li>\n<li class=\"ql-align-justify\">Proporciona limpieza a ventanas de las c\u00e1maras.<\/li>\n<\/ul>\n<p><img decoding=\"async\" class=\"overview-center-img-\" src=\"https:\/\/tvc.mx\/media\/16116\/Logoopaginas-oficial.png\" alt=\"\" \/><\/p>\n","protected":false},"excerpt":{"rendered":"<p>MIC-WKT-IR Boquilla de lavado a chorro y soporte de montaje Los kits de tarjeta de unidad de bomba de lavado de arandela MIC-WKT y MIC-WKT-IR proporcionan los accesorios necesarios para permitir que los equipos de lavado de terceros limpien de forma remota la ventana de&hellip;<\/p>\n","protected":false},"featured_media":6969,"comment_status":"open","ping_status":"closed","template":"","meta":{"om_disable_all_campaigns":false,"_monsterinsights_skip_tracking":false,"_monsterinsights_sitenote_active":false,"_monsterinsights_sitenote_note":"","_monsterinsights_sitenote_category":0},"product_brand":[],"product_cat":[636],"product_tag":[613,611,612,616,615,610,614,617],"class_list":{"0":"post-6970","1":"product","2":"type-product","3":"status-publish","4":"has-post-thumbnail","6":"product_cat-refacciones-videovigilancia-accesorios-bosch-video-vigilancia","7":"product_tag-bosch","8":"product_tag-manhattan","9":"product_tag-saxxon","10":"product_tag-surveon","11":"product_tag-utepo","12":"product_tag-videovigilancia","13":"product_tag-vivotek","14":"product_tag-zteco","16":"first","17":"instock","18":"sale","19":"taxable","20":"shipping-taxable","21":"purchasable","22":"product-type-simple"},"aioseo_notices":[],"_links":{"self":[{"href":"https:\/\/tecsecmty.com\/index.php\/wp-json\/wp\/v2\/product\/6970","targetHints":{"allow":["GET"]}}],"collection":[{"href":"https:\/\/tecsecmty.com\/index.php\/wp-json\/wp\/v2\/product"}],"about":[{"href":"https:\/\/tecsecmty.com\/index.php\/wp-json\/wp\/v2\/types\/product"}],"replies":[{"embeddable":true,"href":"https:\/\/tecsecmty.com\/index.php\/wp-json\/wp\/v2\/comments?post=6970"}],"version-history":[{"count":0,"href":"https:\/\/tecsecmty.com\/index.php\/wp-json\/wp\/v2\/product\/6970\/revisions"}],"wp:featuredmedia":[{"embeddable":true,"href":"https:\/\/tecsecmty.com\/index.php\/wp-json\/wp\/v2\/media\/6969"}],"wp:attachment":[{"href":"https:\/\/tecsecmty.com\/index.php\/wp-json\/wp\/v2\/media?parent=6970"}],"wp:term":[{"taxonomy":"product_brand","embeddable":true,"href":"https:\/\/tecsecmty.com\/index.php\/wp-json\/wp\/v2\/product_brand?post=6970"},{"taxonomy":"product_cat","embeddable":true,"href":"https:\/\/tecsecmty.com\/index.php\/wp-json\/wp\/v2\/product_cat?post=6970"},{"taxonomy":"product_tag","embeddable":true,"href":"https:\/\/tecsecmty.com\/index.php\/wp-json\/wp\/v2\/product_tag?post=6970"}],"curies":[{"name":"wp","href":"https:\/\/api.w.org\/{rel}","templated":true}]}}