{"id":6980,"date":"2023-02-23T16:02:29","date_gmt":"2023-02-23T22:02:29","guid":{"rendered":"https:\/\/tecsecmty.com\/index.php\/producto\/bosch-v_vgabubhdctia-burbuja-acrilica-de-alta-resolucion-tintada-para-autodome-ptz-de-techo\/"},"modified":"2023-03-22T23:22:09","modified_gmt":"2023-03-23T05:22:09","slug":"bosch-v_vgabubhdctia-burbuja-acrilica-de-alta-resolucion-tintada-para-autodome-ptz-de-techo","status":"publish","type":"product","link":"https:\/\/tecsecmty.com\/index.php\/producto\/bosch-v_vgabubhdctia-burbuja-acrilica-de-alta-resolucion-tintada-para-autodome-ptz-de-techo\/","title":{"rendered":"BOSCH V_VGABUBHDCTIA &#8211; Burbuja ACRILICA de alta resolucion tintada para AUTODOME PTZ de techo"},"content":{"rendered":"<h5 class=\"card-title text-center\">VGA-BUBHD-CTIA Burbuja, en el techo, te\u00f1ida<\/h5>\n<p class=\"ql-align-justify\"><strong>Las burbujas de protecci\u00f3n AUTODOME<\/strong>\u00a0est\u00e1n fabricadas en policarbonato o material acr\u00edlico (la burbuja con clasificaci\u00f3n IK10 est\u00e1 fabricada en nailon).\u00a0<strong>Las burbujas de policarbonato reforzado proporcionan una alta resistencia a impactos y su claridad \u00f3ptica\u00a0<\/strong>es similar al cristal o al material acr\u00edlico, aunque su superficie es mucho m\u00e1s suave. Las burbujas acr\u00edlicas ofrecen una mayor nitidez, lo que permite obtener im\u00e1genes de alta resoluci\u00f3n con una \u00f3ptima resistencia a los impactos. La burbuja con clasificaci\u00f3n<strong>\u00a0IK10<\/strong>\u00a0proporciona resistencia a los impactos y una resoluci\u00f3n de imagen de calidad HD.<\/p>\n<p class=\"ql-align-justify\"><strong>Aviso: No se permite utilizar las burbujas acr\u00edlicas de alta resoluci\u00f3n con una carcasa VG4 para entornos presurizados. De no hacerlo as\u00ed, esta instalaci\u00f3n podr\u00eda provocar lesiones f\u00edsicas y da\u00f1os en la c\u00e1mara.<\/strong><\/p>\n<p class=\"ql-align-justify\"><strong>Nota: Las burbujas de policarbonato no se recomiendan con c\u00e1maras AUTODOME HD debido a la degradaci\u00f3n de su calidad \u00f3ptica.<\/strong><\/p>\n<p class=\"ql-align-justify\"><strong>Acr\u00edlica tintada de alta resoluci\u00f3n HD VGA-BUBHD-CTIA<\/strong><\/p>\n<p class=\"ql-align-justify\"><strong>Numero de pedido: VGA-BUBHD-CTIA.<\/strong><\/p>\n<p><img decoding=\"async\" class=\"overview-center-img-\" src=\"https:\/\/tvc.mx\/media\/6899\/Logoopaginas-oficial.png\" alt=\"\" \/><\/p>\n","protected":false},"excerpt":{"rendered":"<p>VGA-BUBHD-CTIA Burbuja, en el techo, te\u00f1ida Las burbujas de protecci\u00f3n AUTODOME\u00a0est\u00e1n fabricadas en policarbonato o material acr\u00edlico (la burbuja con clasificaci\u00f3n IK10 est\u00e1 fabricada en nailon).\u00a0Las burbujas de policarbonato reforzado proporcionan una alta resistencia a impactos y su claridad \u00f3ptica\u00a0es similar al cristal o al&hellip;<\/p>\n","protected":false},"featured_media":6979,"comment_status":"open","ping_status":"closed","template":"","meta":{"om_disable_all_campaigns":false,"_monsterinsights_skip_tracking":false,"_monsterinsights_sitenote_active":false,"_monsterinsights_sitenote_note":"","_monsterinsights_sitenote_category":0},"product_brand":[],"product_cat":[636],"product_tag":[613,611,612,616,615,610,614,617],"class_list":{"0":"post-6980","1":"product","2":"type-product","3":"status-publish","4":"has-post-thumbnail","6":"product_cat-refacciones-videovigilancia-accesorios-bosch-video-vigilancia","7":"product_tag-bosch","8":"product_tag-manhattan","9":"product_tag-saxxon","10":"product_tag-surveon","11":"product_tag-utepo","12":"product_tag-videovigilancia","13":"product_tag-vivotek","14":"product_tag-zteco","16":"first","17":"instock","18":"sale","19":"taxable","20":"shipping-taxable","21":"purchasable","22":"product-type-simple"},"aioseo_notices":[],"_links":{"self":[{"href":"https:\/\/tecsecmty.com\/index.php\/wp-json\/wp\/v2\/product\/6980","targetHints":{"allow":["GET"]}}],"collection":[{"href":"https:\/\/tecsecmty.com\/index.php\/wp-json\/wp\/v2\/product"}],"about":[{"href":"https:\/\/tecsecmty.com\/index.php\/wp-json\/wp\/v2\/types\/product"}],"replies":[{"embeddable":true,"href":"https:\/\/tecsecmty.com\/index.php\/wp-json\/wp\/v2\/comments?post=6980"}],"version-history":[{"count":0,"href":"https:\/\/tecsecmty.com\/index.php\/wp-json\/wp\/v2\/product\/6980\/revisions"}],"wp:featuredmedia":[{"embeddable":true,"href":"https:\/\/tecsecmty.com\/index.php\/wp-json\/wp\/v2\/media\/6979"}],"wp:attachment":[{"href":"https:\/\/tecsecmty.com\/index.php\/wp-json\/wp\/v2\/media?parent=6980"}],"wp:term":[{"taxonomy":"product_brand","embeddable":true,"href":"https:\/\/tecsecmty.com\/index.php\/wp-json\/wp\/v2\/product_brand?post=6980"},{"taxonomy":"product_cat","embeddable":true,"href":"https:\/\/tecsecmty.com\/index.php\/wp-json\/wp\/v2\/product_cat?post=6980"},{"taxonomy":"product_tag","embeddable":true,"href":"https:\/\/tecsecmty.com\/index.php\/wp-json\/wp\/v2\/product_tag?post=6980"}],"curies":[{"name":"wp","href":"https:\/\/api.w.org\/{rel}","templated":true}]}}