{"id":6984,"date":"2023-02-23T16:02:34","date_gmt":"2023-02-23T22:02:34","guid":{"rendered":"https:\/\/tecsecmty.com\/index.php\/producto\/bosch-vgapendarm-soporte-de-brazo-para-instalacion-en-pared-de-ptz-incluye-cableado-compatible-con-autodome\/"},"modified":"2023-03-22T23:22:10","modified_gmt":"2023-03-23T05:22:10","slug":"bosch-vgapendarm-soporte-de-brazo-para-instalacion-en-pared-de-ptz-incluye-cableado-compatible-con-autodome","status":"publish","type":"product","link":"https:\/\/tecsecmty.com\/index.php\/producto\/bosch-vgapendarm-soporte-de-brazo-para-instalacion-en-pared-de-ptz-incluye-cableado-compatible-con-autodome\/","title":{"rendered":"BOSCH VGAPENDARM &#8211; Soporte de brazo para instalacion en pared de PTZ \/ Incluye cableado \/ Compatible con AUTODOME"},"content":{"rendered":"<h5 class=\"card-title text-center\">Soporte de brazo de pared con cableado VGA-PEND-ARM<\/h5>\n<p class=\"ql-align-justify\"><strong>El AutoDome Serie 700 es una c\u00e1mara PTZ IP para interior y exterior f\u00e1cil de instalar y con una extraordinaria calidad de v\u00eddeo. Esta discreta c\u00e1mara domo de alta velocidad integra una funci\u00f3n d\u00eda\/noche que permite captar im\u00e1genes de calidad en condiciones de escasa iluminaci\u00f3n.<\/strong>\u00a0El AutoDome Serie 700 dispone de conexi\u00f3n directa a red con compresi\u00f3n H.264 y M-JPEG, y ajuste de ancho de banda para gestionar de forma eficiente todos los requisitos del ancho de banda, y proporcionando a la vez una insuperable calidad de imagen. El AutoDome Serie 700 facilita un control total basado en red de todas las funciones del domo, incluyendo el PTZ, preposiciones, rondas, alarmas, as\u00ed como de configuraci\u00f3n en red de todos los ajustes del domo.<\/p>\n<p class=\"ql-align-justify\"><strong>Nota: Soporte de brazo de pared con cableado VGA-PEND-ARM<\/strong><\/p>\n<p class=\"ql-align-justify\"><strong>Compatible con carcasa colgante serie AutoDome,.<\/strong><\/p>\n<p class=\"ql-align-justify\"><strong>N\u00famero de pedido: VGA-PEND-ARM.<\/strong><\/p>\n<p class=\"ql-align-justify\"><strong>Principales carcteristicas<\/strong><\/p>\n<ul>\n<li class=\"ql-align-justify\">VGA-PEND-ARM Brazo colgante con cableado, para AUTODOME.<\/li>\n<li class=\"ql-align-justify\">Permite la instalaci\u00f3n de una c\u00e1mara AUTODOME en una pared, esquina o montaje en m\u00e1stil.<\/li>\n<li class=\"ql-align-justify\">Se fija a la placa de montaje VGA-PEND-WPLATE antes de la instalaci\u00f3n final.<\/li>\n<li class=\"ql-align-justify\">Acabado blanco para combinar con otros accesorios de montaje.<\/li>\n<\/ul>\n<p class=\"ql-align-justify\"><strong>Nota: Bosch ofrece tambi\u00e9n un completo conjunto de hardware y accesorios (que se adquiere por separado) para montaje: en esquina, en m\u00e1stil, en tejado y en techo, y que facilita la colocaci\u00f3n del AutoDome en cada ubicaci\u00f3n.<\/strong><\/p>\n<p><img decoding=\"async\" class=\"overview-center-img-\" src=\"https:\/\/tvc.mx\/media\/15122\/Logoopaginas-oficial.png\" alt=\"\" \/><\/p>\n","protected":false},"excerpt":{"rendered":"<p>Soporte de brazo de pared con cableado VGA-PEND-ARM El AutoDome Serie 700 es una c\u00e1mara PTZ IP para interior y exterior f\u00e1cil de instalar y con una extraordinaria calidad de v\u00eddeo. Esta discreta c\u00e1mara domo de alta velocidad integra una funci\u00f3n d\u00eda\/noche que permite captar&hellip;<\/p>\n","protected":false},"featured_media":6983,"comment_status":"open","ping_status":"closed","template":"","meta":{"om_disable_all_campaigns":false,"_monsterinsights_skip_tracking":false,"_monsterinsights_sitenote_active":false,"_monsterinsights_sitenote_note":"","_monsterinsights_sitenote_category":0},"product_brand":[],"product_cat":[637],"product_tag":[613,611,612,616,615,610,614,617],"class_list":{"0":"post-6984","1":"product","2":"type-product","3":"status-publish","4":"has-post-thumbnail","6":"product_cat-soporte-y-montaje-accesorios-bosch-video-vigilancia","7":"product_tag-bosch","8":"product_tag-manhattan","9":"product_tag-saxxon","10":"product_tag-surveon","11":"product_tag-utepo","12":"product_tag-videovigilancia","13":"product_tag-vivotek","14":"product_tag-zteco","16":"first","17":"instock","18":"sale","19":"taxable","20":"shipping-taxable","21":"purchasable","22":"product-type-simple"},"aioseo_notices":[],"_links":{"self":[{"href":"https:\/\/tecsecmty.com\/index.php\/wp-json\/wp\/v2\/product\/6984","targetHints":{"allow":["GET"]}}],"collection":[{"href":"https:\/\/tecsecmty.com\/index.php\/wp-json\/wp\/v2\/product"}],"about":[{"href":"https:\/\/tecsecmty.com\/index.php\/wp-json\/wp\/v2\/types\/product"}],"replies":[{"embeddable":true,"href":"https:\/\/tecsecmty.com\/index.php\/wp-json\/wp\/v2\/comments?post=6984"}],"version-history":[{"count":0,"href":"https:\/\/tecsecmty.com\/index.php\/wp-json\/wp\/v2\/product\/6984\/revisions"}],"wp:featuredmedia":[{"embeddable":true,"href":"https:\/\/tecsecmty.com\/index.php\/wp-json\/wp\/v2\/media\/6983"}],"wp:attachment":[{"href":"https:\/\/tecsecmty.com\/index.php\/wp-json\/wp\/v2\/media?parent=6984"}],"wp:term":[{"taxonomy":"product_brand","embeddable":true,"href":"https:\/\/tecsecmty.com\/index.php\/wp-json\/wp\/v2\/product_brand?post=6984"},{"taxonomy":"product_cat","embeddable":true,"href":"https:\/\/tecsecmty.com\/index.php\/wp-json\/wp\/v2\/product_cat?post=6984"},{"taxonomy":"product_tag","embeddable":true,"href":"https:\/\/tecsecmty.com\/index.php\/wp-json\/wp\/v2\/product_tag?post=6984"}],"curies":[{"name":"wp","href":"https:\/\/api.w.org\/{rel}","templated":true}]}}