{"id":6996,"date":"2023-02-23T16:02:46","date_gmt":"2023-02-23T22:02:46","guid":{"rendered":"https:\/\/tecsecmty.com\/index.php\/producto\/bosch-v_ltc921301-soporte-adaptador-para-poste-compatible-con-brazo-bosch-serie-ltc9215-ltc9212-ltc9210\/"},"modified":"2023-03-22T23:21:48","modified_gmt":"2023-03-23T05:21:48","slug":"bosch-v_ltc921301-soporte-adaptador-para-poste-compatible-con-brazo-bosch-serie-ltc9215-ltc9212-ltc9210","status":"publish","type":"product","link":"https:\/\/tecsecmty.com\/index.php\/producto\/bosch-v_ltc921301-soporte-adaptador-para-poste-compatible-con-brazo-bosch-serie-ltc9215-ltc9212-ltc9210\/","title":{"rendered":"BOSCH V_LTC921301 &#8211; Soporte adaptador para poste compatible con brazo BOSCH serie LTC9215 \/ LTC9212 \/ LTC9210"},"content":{"rendered":"<div class=\"row aling-items-center padding-bottom-2x\">\n<div class=\"col-lg-12\">\n<p class=\"ql-align-justify\">Esta serie de equipos de montaje para interior\/exterior est\u00e1 dise\u00f1ada para instalaciones de c\u00e1maras fijas o carcasas de c\u00e1mara y admite una carga de hasta 9 kg (20 lb). Todos los modelos est\u00e1n fabricados en aluminio ligero y disponen de abrazaderas soldadas, lo que proporciona un montaje de c\u00e1mara muy r\u00edgido. Todos los soportes de montaje vienen completamente ensamblados.<\/p>\n<p class=\"ql-align-justify\">El\u00a0<strong>LTC 9213\/01<\/strong>\u00a0es un soporte adaptador para montaje en poste, que facilita el montaje del soporte, fijando adecuadamente el soporte en un radio de 360\u00b0, esta compuesto de adaptador de montaje en poste con agarrad\u00a0ras de acero inoxidable y acabado en gris claro.<\/p>\n<p class=\"ql-align-justify\"><strong>Nota: LTC 9213\/01 Pole Mount Adapter Flexible pole mount adapter for camera mounts (use together with the appropriate wall mount bracket). Max. 9 kg (20 lb); 3 to 15 inch diameter pole; stainless steel straps Order number LTC 9213\/01LTC 9213\/01 Pole Mount Adapter Flexible pole mount adapter for camera mounts (use together with the appropriate wall mount bracket). Max. 9 kg (20 lb); 3 to 15 inch diameter pole; stainless steel straps Order number LTC 9213\/0.<\/strong><\/p>\n<p><img decoding=\"async\" class=\"overview-center-img-\" src=\"https:\/\/tvc.mx\/media\/2811\/Logoopaginas-oficial.png\" alt=\"\" \/><\/div>\n<\/div>\n<div class=\"row aling-items-center padding-bottom-2x\">\n<div class=\"col-lg-12\">\n<p class=\"ql-align-justify\"><strong>Principales Caracter\u00edsticas:<\/strong><\/p>\n<ul>\n<li class=\"ql-align-justify\">Carga m\u00e1xima: 9 kg (20 lb).<\/li>\n<li class=\"ql-align-justify\">Aspecto atractivo.<\/li>\n<li class=\"ql-align-justify\">Dise\u00f1o vers\u00e1til.<\/li>\n<li class=\"ql-align-justify\">Cabezales de montaje ajustables.<\/li>\n<li class=\"ql-align-justify\">Ligero.<\/li>\n<\/ul>\n<\/div>\n<\/div>\n<div class=\"row aling-items-center padding-bottom-2x\">\n<div class=\"col-lg-12\">\n<p class=\"ql-align-justify\"><strong>Especificaciones:<\/strong><\/p>\n<ul>\n<li class=\"ql-align-justify\">Ancho 152.4 mm (6 in).<\/li>\n<li class=\"ql-align-justify\">Altura 139.1 mm (5.48 in).<\/li>\n<li class=\"ql-align-justify\">Profundidad 53.3 mm (2.1 in).<\/li>\n<li class=\"ql-align-justify\">Longitud de la correa 3 m (10 pies).<\/li>\n<li class=\"ql-align-justify\">Ancho de poste (m\u00e1x.) 381 mm (15 in).<\/li>\n<li class=\"ql-align-justify\">Ancho de poste (min) 76 mm (3 in).<\/li>\n<li class=\"ql-align-justify\">Peso 0.5 kg (1 lb).<\/li>\n<li class=\"ql-align-justify\">Acabado gris claro.<\/li>\n<li class=\"ql-align-justify\">Material (montaje) Aleaci\u00f3n de aluminio.<\/li>\n<li class=\"ql-align-justify\">Material (correa) de acero.<\/li>\n<\/ul>\n<\/div>\n<\/div>\n","protected":false},"excerpt":{"rendered":"<p>Esta serie de equipos de montaje para interior\/exterior est\u00e1 dise\u00f1ada para instalaciones de c\u00e1maras fijas o carcasas de c\u00e1mara y admite una carga de hasta 9 kg (20 lb). Todos los modelos est\u00e1n fabricados en aluminio ligero y disponen de abrazaderas soldadas, lo que proporciona&hellip;<\/p>\n","protected":false},"featured_media":6995,"comment_status":"open","ping_status":"closed","template":"","meta":{"om_disable_all_campaigns":false,"_monsterinsights_skip_tracking":false,"_monsterinsights_sitenote_active":false,"_monsterinsights_sitenote_note":"","_monsterinsights_sitenote_category":0},"product_brand":[],"product_cat":[637],"product_tag":[613,611,612,616,615,610,614,617],"class_list":{"0":"post-6996","1":"product","2":"type-product","3":"status-publish","4":"has-post-thumbnail","6":"product_cat-soporte-y-montaje-accesorios-bosch-video-vigilancia","7":"product_tag-bosch","8":"product_tag-manhattan","9":"product_tag-saxxon","10":"product_tag-surveon","11":"product_tag-utepo","12":"product_tag-videovigilancia","13":"product_tag-vivotek","14":"product_tag-zteco","16":"first","17":"instock","18":"sale","19":"taxable","20":"shipping-taxable","21":"purchasable","22":"product-type-simple"},"aioseo_notices":[],"_links":{"self":[{"href":"https:\/\/tecsecmty.com\/index.php\/wp-json\/wp\/v2\/product\/6996","targetHints":{"allow":["GET"]}}],"collection":[{"href":"https:\/\/tecsecmty.com\/index.php\/wp-json\/wp\/v2\/product"}],"about":[{"href":"https:\/\/tecsecmty.com\/index.php\/wp-json\/wp\/v2\/types\/product"}],"replies":[{"embeddable":true,"href":"https:\/\/tecsecmty.com\/index.php\/wp-json\/wp\/v2\/comments?post=6996"}],"version-history":[{"count":0,"href":"https:\/\/tecsecmty.com\/index.php\/wp-json\/wp\/v2\/product\/6996\/revisions"}],"wp:featuredmedia":[{"embeddable":true,"href":"https:\/\/tecsecmty.com\/index.php\/wp-json\/wp\/v2\/media\/6995"}],"wp:attachment":[{"href":"https:\/\/tecsecmty.com\/index.php\/wp-json\/wp\/v2\/media?parent=6996"}],"wp:term":[{"taxonomy":"product_brand","embeddable":true,"href":"https:\/\/tecsecmty.com\/index.php\/wp-json\/wp\/v2\/product_brand?post=6996"},{"taxonomy":"product_cat","embeddable":true,"href":"https:\/\/tecsecmty.com\/index.php\/wp-json\/wp\/v2\/product_cat?post=6996"},{"taxonomy":"product_tag","embeddable":true,"href":"https:\/\/tecsecmty.com\/index.php\/wp-json\/wp\/v2\/product_tag?post=6996"}],"curies":[{"name":"wp","href":"https:\/\/api.w.org\/{rel}","templated":true}]}}