{"id":7028,"date":"2023-02-23T16:03:21","date_gmt":"2023-02-23T22:03:21","guid":{"rendered":"https:\/\/tecsecmty.com\/index.php\/producto\/bosch-v_nda4020pip-placa-de-interfaz-colgante-para-autodome-ip-4000i\/"},"modified":"2023-03-22T23:21:57","modified_gmt":"2023-03-23T05:21:57","slug":"bosch-v_nda4020pip-placa-de-interfaz-colgante-para-autodome-ip-4000i","status":"publish","type":"product","link":"https:\/\/tecsecmty.com\/index.php\/producto\/bosch-v_nda4020pip-placa-de-interfaz-colgante-para-autodome-ip-4000i\/","title":{"rendered":"BOSCH V_NDA4020PIP &#8211; Placa de interfaz colgante para AUTODOME IP 4000I"},"content":{"rendered":"<h5 class=\"card-title text-center\">NDA-4020-PIP Placa interfaz colgante AUTODOME 4000<\/h5>\n<p class=\"ql-align-justify\"><strong>Este accesorio espec\u00edfico de la c\u00e1mara se ha dise\u00f1ado para su uso con la nueva l\u00ednea de accesorios universales de Bosch.<\/strong>\u00a0Los soportes de montaje y accesorios modulares para c\u00e1maras son una familia de soportes, adaptadores de montaje, placas de conexi\u00f3n para soportes colgantes y c\u00e1maras de vigilancia que se pueden utilizar con una amplia gama de c\u00e1maras de Bosch. Los accesorios son f\u00e1ciles de instalar y se pueden combinar para simplificar la instalaci\u00f3n en distintas ubicaciones conservando un mismo aspecto.<\/p>\n<p class=\"ql-align-justify\"><strong>Funciones<\/strong><\/p>\n<p class=\"ql-align-justify\">E<strong>sta placa de conexi\u00f3n para colgante est\u00e1 dise\u00f1ada para permitir la instalaci\u00f3n en interiores de la c\u00e1mara AUTODOME IP 4000i con soportes colgantes modulares de Bosch o cualquier soporte de terceros con roscas NPT de 1,5&#8243;.<\/strong><\/p>\n<p class=\"ql-align-justify\"><strong>Proporciona una soluci\u00f3n segura y resistente para montar la c\u00e1mara en:<\/strong><\/p>\n<ul>\n<li class=\"ql-align-justify\">Soporte de pared colgante NDA-U-WMT.<\/li>\n<li class=\"ql-align-justify\">Soporte colgante NDA-U-PMT.<\/li>\n<\/ul>\n<p class=\"ql-align-justify\"><strong>Piezas incluidas<\/strong><\/p>\n<ul>\n<li class=\"ql-align-justify\">1 Placa de interfaz colgante.<\/li>\n<li class=\"ql-align-justify\">2 Tornillo T25 M5 x 10 mm.<\/li>\n<li class=\"ql-align-justify\">4 Tornillo T25 M4 x 12 mm.<\/li>\n<li class=\"ql-align-justify\">1 Gu\u00eda de instalaci\u00f3n r\u00e1pida.<\/li>\n<\/ul>\n<p class=\"ql-align-justify\"><strong>Especificaciones<\/strong><\/p>\n<p class=\"ql-align-justify\"><strong>Mec\u00e1nicas<\/strong><\/p>\n<ul>\n<li class=\"ql-align-justify\">Dimensiones (con abrazadera de montaje) \u03a6 160,5 mm (6,32 pulg.), H = 71 mm (2,8 pulg.).<\/li>\n<li class=\"ql-align-justify\">Peso: 498 g (1,10 libras).<\/li>\n<li class=\"ql-align-justify\">Color: est\u00e1ndar Blanco (RAL 9003).<\/li>\n<li class=\"ql-align-justify\">Material de fabricaci\u00f3n: Aleaci\u00f3n de aluminio.<\/li>\n<\/ul>\n<p><img decoding=\"async\" class=\"overview-center-img-\" src=\"https:\/\/tvc.mx\/media\/7073\/Logoopaginas-oficial.png\" alt=\"\" \/><\/p>\n","protected":false},"excerpt":{"rendered":"<p>NDA-4020-PIP Placa interfaz colgante AUTODOME 4000 Este accesorio espec\u00edfico de la c\u00e1mara se ha dise\u00f1ado para su uso con la nueva l\u00ednea de accesorios universales de Bosch.\u00a0Los soportes de montaje y accesorios modulares para c\u00e1maras son una familia de soportes, adaptadores de montaje, placas de&hellip;<\/p>\n","protected":false},"featured_media":7027,"comment_status":"open","ping_status":"closed","template":"","meta":{"om_disable_all_campaigns":false,"_monsterinsights_skip_tracking":false,"_monsterinsights_sitenote_active":false,"_monsterinsights_sitenote_note":"","_monsterinsights_sitenote_category":0},"product_brand":[],"product_cat":[637],"product_tag":[613,611,612,616,615,610,614,617],"class_list":{"0":"post-7028","1":"product","2":"type-product","3":"status-publish","4":"has-post-thumbnail","6":"product_cat-soporte-y-montaje-accesorios-bosch-video-vigilancia","7":"product_tag-bosch","8":"product_tag-manhattan","9":"product_tag-saxxon","10":"product_tag-surveon","11":"product_tag-utepo","12":"product_tag-videovigilancia","13":"product_tag-vivotek","14":"product_tag-zteco","16":"first","17":"instock","18":"sale","19":"taxable","20":"shipping-taxable","21":"purchasable","22":"product-type-simple"},"aioseo_notices":[],"_links":{"self":[{"href":"https:\/\/tecsecmty.com\/index.php\/wp-json\/wp\/v2\/product\/7028","targetHints":{"allow":["GET"]}}],"collection":[{"href":"https:\/\/tecsecmty.com\/index.php\/wp-json\/wp\/v2\/product"}],"about":[{"href":"https:\/\/tecsecmty.com\/index.php\/wp-json\/wp\/v2\/types\/product"}],"replies":[{"embeddable":true,"href":"https:\/\/tecsecmty.com\/index.php\/wp-json\/wp\/v2\/comments?post=7028"}],"version-history":[{"count":0,"href":"https:\/\/tecsecmty.com\/index.php\/wp-json\/wp\/v2\/product\/7028\/revisions"}],"wp:featuredmedia":[{"embeddable":true,"href":"https:\/\/tecsecmty.com\/index.php\/wp-json\/wp\/v2\/media\/7027"}],"wp:attachment":[{"href":"https:\/\/tecsecmty.com\/index.php\/wp-json\/wp\/v2\/media?parent=7028"}],"wp:term":[{"taxonomy":"product_brand","embeddable":true,"href":"https:\/\/tecsecmty.com\/index.php\/wp-json\/wp\/v2\/product_brand?post=7028"},{"taxonomy":"product_cat","embeddable":true,"href":"https:\/\/tecsecmty.com\/index.php\/wp-json\/wp\/v2\/product_cat?post=7028"},{"taxonomy":"product_tag","embeddable":true,"href":"https:\/\/tecsecmty.com\/index.php\/wp-json\/wp\/v2\/product_tag?post=7028"}],"curies":[{"name":"wp","href":"https:\/\/api.w.org\/{rel}","templated":true}]}}