{"id":7032,"date":"2023-02-23T16:03:27","date_gmt":"2023-02-23T22:03:27","guid":{"rendered":"https:\/\/tecsecmty.com\/index.php\/producto\/bosch-v_nda5030pip-placa-interfaz-colgante-para-series-nde-5000-y-4000\/"},"modified":"2023-03-22T23:21:57","modified_gmt":"2023-03-23T05:21:57","slug":"bosch-v_nda5030pip-placa-interfaz-colgante-para-series-nde-5000-y-4000","status":"publish","type":"product","link":"https:\/\/tecsecmty.com\/index.php\/producto\/bosch-v_nda5030pip-placa-interfaz-colgante-para-series-nde-5000-y-4000\/","title":{"rendered":"BOSCH V_NDA5030PIP &#8211; Placa interfaz colgante para series NDE 5000 y 4000"},"content":{"rendered":"<h5 class=\"card-title text-center\">NDA-5030-PIP Placa interfaz colgante NDE-4\/5000<\/h5>\n<p class=\"ql-align-justify\"><strong>Este accesorio espec\u00edfico de la c\u00e1mara<\/strong>\u00a0se ha dise\u00f1ado para su uso con la nueva l\u00ednea de accesorios universales de\u00a0<strong>Bosch<\/strong>. Los soportes de montaje y accesorios modulares para c\u00e1maras son una familia de soportes, adaptadores de montaje, placas de conexi\u00f3n para soportes colgantes y c\u00e1maras de vigilancia que\u00a0<strong>se pueden utilizar con una amplia gama de c\u00e1maras de Bosch<\/strong>. Los accesorios son f\u00e1ciles de instalar y se pueden combinar para simplificar la instalaci\u00f3n en distintas ubicaciones conservando un mismo aspecto.<\/p>\n<p class=\"ql-align-justify\"><strong>Funciones b\u00e1sicas<\/strong><\/p>\n<p class=\"ql-align-justify\"><strong>Esta placa de conexi\u00f3n para colgante est\u00e1 dise\u00f1ada para permitir la instalaci\u00f3n en exteriores de la c\u00e1mara FLEXIDOME IP 4\/5000i<\/strong>\u00a0con soportes colgantes modulares de Bosch o cualquier soporte de terceros\u00a0<strong>con roscas NPT de 1,5&#8243;<\/strong>. Es una soluci\u00f3n segura, resistente e impermeable para montar la c\u00e1mara en:<\/p>\n<ul>\n<li class=\"ql-align-justify\">Soporte de pared colgante NDA-U-WMT.<\/li>\n<li class=\"ql-align-justify\">Soporte colgante NDA-U-PMT.<\/li>\n<li class=\"ql-align-justify\">Soporte de azotea NDA-U-RMT suspendido.<\/li>\n<\/ul>\n<p class=\"ql-align-justify\"><strong>Piezas incluidas<\/strong><\/p>\n<ul>\n<li class=\"ql-align-justify\">1 Placa de interfaz colgante.<\/li>\n<li class=\"ql-align-justify\">5 Tornillo T20 M4 x 12 mm.<\/li>\n<li class=\"ql-align-justify\">1 Gu\u00eda de instalaci\u00f3n r\u00e1pida.<\/li>\n<\/ul>\n<p class=\"ql-align-justify\"><strong>Nota: NDA-5030-PIP Placa interfaz colgante NDE-4\/5000 Placa de conexi\u00f3n para exteriores FLEXIDOME 4000i\/ 5000i. N\u00famero de pedido: NDA-5030-PIP.<\/strong><\/p>\n<p class=\"ql-align-justify\"><strong>Principales Caracter\u00edsticas<\/strong><\/p>\n<ul>\n<li class=\"ql-align-justify\">Placa de conexi\u00f3n con soporte colgante para FLEXIDOME IP 4\/5000i en exteriores.<\/li>\n<li class=\"ql-align-justify\">Dise\u00f1o modular para una instalaci\u00f3n r\u00e1pida y sencilla.<\/li>\n<li class=\"ql-align-justify\">Acabado a prueba de intemperie para mantener el aspecto cosm\u00e9tico.<\/li>\n<li class=\"ql-align-justify\">Dise\u00f1o antivand\u00e1lico para su uso en exteriores.<\/li>\n<\/ul>\n<p class=\"ql-align-justify\"><strong>Especificaciones<\/strong><\/p>\n<p class=\"ql-align-justify\"><strong>Mec\u00e1nicas<\/strong><\/p>\n<ul>\n<li class=\"ql-align-justify\">Dimensiones \u03a6 145 mm (5,7 pulg.), H = 42 mm (1,7 pulg.).<\/li>\n<li class=\"ql-align-justify\">Peso 190 g (0,42 libras) .<\/li>\n<li class=\"ql-align-justify\">Color est\u00e1ndar Blanco (RAL 9003).<\/li>\n<li class=\"ql-align-justify\">Material de fabricaci\u00f3n Aleaci\u00f3n de aluminio.<\/li>\n<\/ul>\n<p><img decoding=\"async\" class=\"overview-center-img-\" src=\"https:\/\/tvc.mx\/media\/7752\/Logoopaginas-oficial.png\" alt=\"\" \/><\/p>\n","protected":false},"excerpt":{"rendered":"<p>NDA-5030-PIP Placa interfaz colgante NDE-4\/5000 Este accesorio espec\u00edfico de la c\u00e1mara\u00a0se ha dise\u00f1ado para su uso con la nueva l\u00ednea de accesorios universales de\u00a0Bosch. Los soportes de montaje y accesorios modulares para c\u00e1maras son una familia de soportes, adaptadores de montaje, placas de conexi\u00f3n para&hellip;<\/p>\n","protected":false},"featured_media":7031,"comment_status":"open","ping_status":"closed","template":"","meta":{"om_disable_all_campaigns":false,"_monsterinsights_skip_tracking":false,"_monsterinsights_sitenote_active":false,"_monsterinsights_sitenote_note":"","_monsterinsights_sitenote_category":0},"product_brand":[],"product_cat":[637],"product_tag":[613,611,612,616,615,610,614,617],"class_list":{"0":"post-7032","1":"product","2":"type-product","3":"status-publish","4":"has-post-thumbnail","6":"product_cat-soporte-y-montaje-accesorios-bosch-video-vigilancia","7":"product_tag-bosch","8":"product_tag-manhattan","9":"product_tag-saxxon","10":"product_tag-surveon","11":"product_tag-utepo","12":"product_tag-videovigilancia","13":"product_tag-vivotek","14":"product_tag-zteco","16":"first","17":"instock","18":"sale","19":"taxable","20":"shipping-taxable","21":"purchasable","22":"product-type-simple"},"aioseo_notices":[],"_links":{"self":[{"href":"https:\/\/tecsecmty.com\/index.php\/wp-json\/wp\/v2\/product\/7032","targetHints":{"allow":["GET"]}}],"collection":[{"href":"https:\/\/tecsecmty.com\/index.php\/wp-json\/wp\/v2\/product"}],"about":[{"href":"https:\/\/tecsecmty.com\/index.php\/wp-json\/wp\/v2\/types\/product"}],"replies":[{"embeddable":true,"href":"https:\/\/tecsecmty.com\/index.php\/wp-json\/wp\/v2\/comments?post=7032"}],"version-history":[{"count":0,"href":"https:\/\/tecsecmty.com\/index.php\/wp-json\/wp\/v2\/product\/7032\/revisions"}],"wp:featuredmedia":[{"embeddable":true,"href":"https:\/\/tecsecmty.com\/index.php\/wp-json\/wp\/v2\/media\/7031"}],"wp:attachment":[{"href":"https:\/\/tecsecmty.com\/index.php\/wp-json\/wp\/v2\/media?parent=7032"}],"wp:term":[{"taxonomy":"product_brand","embeddable":true,"href":"https:\/\/tecsecmty.com\/index.php\/wp-json\/wp\/v2\/product_brand?post=7032"},{"taxonomy":"product_cat","embeddable":true,"href":"https:\/\/tecsecmty.com\/index.php\/wp-json\/wp\/v2\/product_cat?post=7032"},{"taxonomy":"product_tag","embeddable":true,"href":"https:\/\/tecsecmty.com\/index.php\/wp-json\/wp\/v2\/product_tag?post=7032"}],"curies":[{"name":"wp","href":"https:\/\/api.w.org\/{rel}","templated":true}]}}