{"id":7090,"date":"2023-02-23T16:04:34","date_gmt":"2023-02-23T22:04:34","guid":{"rendered":"https:\/\/tecsecmty.com\/index.php\/producto\/bosch-v_ndauwmtg-soporte-mural-colgante-caja-conexiones\/"},"modified":"2023-03-22T23:22:00","modified_gmt":"2023-03-23T05:22:00","slug":"bosch-v_ndauwmtg-soporte-mural-colgante-caja-conexiones","status":"publish","type":"product","link":"https:\/\/tecsecmty.com\/index.php\/producto\/bosch-v_ndauwmtg-soporte-mural-colgante-caja-conexiones\/","title":{"rendered":"BOSCH V_NDAUWMTG- Soporte mural colgante, caja conexiones"},"content":{"rendered":"<div class=\"row aling-items-center padding-bottom-2x\">\n<div class=\"col-lg-12\">\n<h5 class=\"card-title text-center\">NDAUWMTG- Soporte mural colgante, caja conexiones<\/h5>\n<p><strong class=\"ql-font-serif\">NDA-U-WMTG Soporte mural colgante, caja conexiones<\/strong><\/p>\n<p><span class=\"ql-font-serif\">Soporte mural universal, compatible con la instalaci\u00f3n con caja de conexiones solo para c\u00e1maras domo fijas, blanco<\/span><\/p>\n<p><span class=\"ql-font-serif\">Los soportes de montaje y accesorios modulares para c\u00e1maras son una familia de soportes, adaptadores de montaje, placas de conexi\u00f3n para soportes colgantes y c\u00e1maras de vigilancia que se pueden utilizar con una amplia gama de c\u00e1maras de Bosch. Los accesorios son f\u00e1ciles de instalar y se pueden combinar para simplificar la instalaci\u00f3n en distintas ubicaciones conservando la misma apariencia.<\/span><\/p>\n<p><img decoding=\"async\" class=\"overview-center-img-web\" src=\"https:\/\/tvc.mx\/media\/647022\/encabezado-1920x400.png\" alt=\"\" \/><\/p>\n<\/div>\n<\/div>\n<div class=\"row align-items-center padding-bottom-2x\">\n<div class=\"col-md-5\"><img decoding=\"async\" class=\"d-block m-auto img-thumbnail\" src=\"https:\/\/tvc.mx\/media\/647032\/400x300-logo.png\" alt=\" \" \/><\/div>\n<div class=\"col-md-7 text-md-left text-center\">\n<h2>Caracter\u00edsticas<\/h2>\n<ul>\n<li><span class=\"ql-font-serif\">Compatible con caja de conexiones de dos entradas<\/span><\/li>\n<li><span class=\"ql-font-serif\">Dise\u00f1o modular para una instalaci\u00f3n r\u00e1pida y sencilla<\/span><\/li>\n<li><span class=\"ql-font-serif\">Piezas perfectamente coordinadas para facilitar la selecci\u00f3n y la instalaci\u00f3n sobre el terreno.<\/span><\/li>\n<li><span class=\"ql-font-serif\">Acabado a prueba de intemperie para mantener el aspecto cosm\u00e9tico<\/span><\/li>\n<\/ul>\n<p>&nbsp;<\/p>\n<\/div>\n<\/div>\n<hr class=\"padding-bottom-2x\" \/>\n<div class=\"row aling-items-center padding-bottom-2x\">\n<div class=\"col-lg-12\">\n<h5 class=\"card-title text-center\">Funciones<\/h5>\n<p><strong class=\"ql-font-serif\">Montaje en pared<\/strong><\/p>\n<p><span class=\"ql-font-serif\">El soporte mural permite la instalaci\u00f3n en m\u00faltiples escenarios de c\u00e1maras domo, incluida la instalaci\u00f3n en una pared, un poste o una caja el\u00e9ctrica, empotrada en la pared o en el techo, usada como una caja de conexiones. Con la sustituci\u00f3n de la placa posterior original por una placa adaptadora para caja de conexiones doble, el soporte permite la instalaci\u00f3n sobre una caja de conexiones doble como opci\u00f3n (solo compatible con c\u00e1maras de domo fijas). La funci\u00f3n de giro integrado garantiza que la c\u00e1mara instalada siempre quede nivelada. El soporte facilita la gesti\u00f3n de cables o se puede combinar con cajas de montaje superficial adicionales para acomodar conexiones por conductos.<\/span><\/p>\n<p><span class=\"ql-font-serif\">Es una soluci\u00f3n segura y resistente para montar c\u00e1maras domo directamente en una pared o un techo en combinaci\u00f3n con los siguientes accesorios:<\/span><\/p>\n<p><span class=\"ql-font-serif\">NDA-U-PSMB. SMB para soporte de techo\/pared suspendido<\/span><\/p>\n<p><span class=\"ql-font-serif\">NDA-U-PA0\/1\/2. Caja accesoria<\/span><\/p>\n<p><span class=\"ql-font-serif\">NDA-U-WMP. Placa de montaje en pared<\/span><\/p>\n<p><span class=\"ql-font-serif\">NDA-U-CMT. Adaptador para montaje en esquina<\/span><\/p>\n<p><span class=\"ql-font-serif\">NDA-U-PMAL. Adaptador para montaje en poste, grande<\/span><\/p>\n<p><span class=\"ql-font-serif\">NDA-U-PMAS Adaptador peque\u00f1o para montaje en poste<\/span><\/p>\n<p><img decoding=\"async\" class=\"overview-center-img-web\" src=\"https:\/\/tvc.mx\/media\/647037\/encabezado-1920x400.png\" alt=\"\" \/><\/p>\n<\/div>\n<\/div>\n<div class=\"row align-items-center padding-bottom-2x\">\n<div class=\"col-md-5\"><img decoding=\"async\" class=\"d-block m-auto img-thumbnail\" src=\"https:\/\/tvc.mx\/media\/647057\/400x300-certificaciones.png\" alt=\" \" \/><\/div>\n<div class=\"col-md-7 text-md-left text-center\">\n<h2>Certificaciones y aprobaciones<\/h2>\n<p>Certificaciones y aprobaciones<\/p>\n<p>&nbsp;<\/p>\n<\/div>\n<\/div>\n<hr class=\"padding-bottom-2x\" \/>\n<div class=\"row aling-items-center padding-bottom-2x\">\n<div class=\"col-lg-12\">\n<h5 class=\"card-title text-center\">Notas de configuraci\u00f3n\/instalaci\u00f3n<\/h5>\n<p>Dimensiones en mm (pulgadas)<\/p>\n<p><img decoding=\"async\" class=\"overview-center-img-web\" src=\"https:\/\/tvc.mx\/media\/647062\/1920x400-notas.png\" alt=\"\" \/><\/p>\n<\/div>\n<\/div>\n<div class=\"row aling-items-center padding-bottom-2x\">\n<div class=\"col-lg-12\">\n<h5 class=\"card-title text-center\">Especificaciones clave<\/h5>\n<p><strong>Color:<\/strong>\u00a0Blanco<\/p>\n<p><strong>C\u00f3digo de colores:<\/strong>\u00a0RAL 9003 Blanco se\u00f1al<\/p>\n<p><strong>Dimensiones (Alto x Ancho x Fondo) (mm):\u00a0<\/strong>155.70 x 112 x 226.40 mm<\/p>\n<p><strong>Material:\u00a0<\/strong>Aluminio<\/p>\n<p><strong class=\"ql-font-serif\">NDA-U-WMTG Soporte mural colgante, caja conexiones<\/strong><\/p>\n<p><span class=\"ql-font-serif\">Soporte mural universal, compatible con la instalaci\u00f3n con caja de conexiones solo para c\u00e1maras domo fijas, blanco<\/span><\/p>\n<p><img decoding=\"async\" class=\"overview-center-img-web\" src=\"https:\/\/tvc.mx\/media\/647067\/encabezado-1920x400.png\" alt=\"\" \/><\/p>\n<\/div>\n<\/div>\n","protected":false},"excerpt":{"rendered":"<p>NDAUWMTG- Soporte mural colgante, caja conexiones NDA-U-WMTG Soporte mural colgante, caja conexiones Soporte mural universal, compatible con la instalaci\u00f3n con caja de conexiones solo para c\u00e1maras domo fijas, blanco Los soportes de montaje y accesorios modulares para c\u00e1maras son una familia de soportes, adaptadores de&hellip;<\/p>\n","protected":false},"featured_media":7089,"comment_status":"open","ping_status":"closed","template":"","meta":{"om_disable_all_campaigns":false,"_monsterinsights_skip_tracking":false,"_monsterinsights_sitenote_active":false,"_monsterinsights_sitenote_note":"","_monsterinsights_sitenote_category":0},"product_brand":[],"product_cat":[637],"product_tag":[613,611,612,616,615,610,614,617],"class_list":{"0":"post-7090","1":"product","2":"type-product","3":"status-publish","4":"has-post-thumbnail","6":"product_cat-soporte-y-montaje-accesorios-bosch-video-vigilancia","7":"product_tag-bosch","8":"product_tag-manhattan","9":"product_tag-saxxon","10":"product_tag-surveon","11":"product_tag-utepo","12":"product_tag-videovigilancia","13":"product_tag-vivotek","14":"product_tag-zteco","16":"first","17":"instock","18":"sale","19":"taxable","20":"shipping-taxable","21":"purchasable","22":"product-type-simple"},"aioseo_notices":[],"_links":{"self":[{"href":"https:\/\/tecsecmty.com\/index.php\/wp-json\/wp\/v2\/product\/7090","targetHints":{"allow":["GET"]}}],"collection":[{"href":"https:\/\/tecsecmty.com\/index.php\/wp-json\/wp\/v2\/product"}],"about":[{"href":"https:\/\/tecsecmty.com\/index.php\/wp-json\/wp\/v2\/types\/product"}],"replies":[{"embeddable":true,"href":"https:\/\/tecsecmty.com\/index.php\/wp-json\/wp\/v2\/comments?post=7090"}],"version-history":[{"count":0,"href":"https:\/\/tecsecmty.com\/index.php\/wp-json\/wp\/v2\/product\/7090\/revisions"}],"wp:featuredmedia":[{"embeddable":true,"href":"https:\/\/tecsecmty.com\/index.php\/wp-json\/wp\/v2\/media\/7089"}],"wp:attachment":[{"href":"https:\/\/tecsecmty.com\/index.php\/wp-json\/wp\/v2\/media?parent=7090"}],"wp:term":[{"taxonomy":"product_brand","embeddable":true,"href":"https:\/\/tecsecmty.com\/index.php\/wp-json\/wp\/v2\/product_brand?post=7090"},{"taxonomy":"product_cat","embeddable":true,"href":"https:\/\/tecsecmty.com\/index.php\/wp-json\/wp\/v2\/product_cat?post=7090"},{"taxonomy":"product_tag","embeddable":true,"href":"https:\/\/tecsecmty.com\/index.php\/wp-json\/wp\/v2\/product_tag?post=7090"}],"curies":[{"name":"wp","href":"https:\/\/api.w.org\/{rel}","templated":true}]}}