{"id":7098,"date":"2023-02-23T16:04:44","date_gmt":"2023-02-23T22:04:44","guid":{"rendered":"https:\/\/tecsecmty.com\/index.php\/producto\/bosch-v_vda455smb-caja-para-montaje-series-flex-idome\/"},"modified":"2023-03-22T23:22:08","modified_gmt":"2023-03-23T05:22:08","slug":"bosch-v_vda455smb-caja-para-montaje-series-flex-idome","status":"publish","type":"product","link":"https:\/\/tecsecmty.com\/index.php\/producto\/bosch-v_vda455smb-caja-para-montaje-series-flex-idome\/","title":{"rendered":"BOSCH V_VDA455SMB &#8211; Caja para montaje series FLEX IDOME"},"content":{"rendered":"<h5 class=\"card-title text-center\">Caja de montaje en superficie VDA \u2011 455SMB<\/h5>\n<p class=\"ql-align-justify\"><strong>Superficie de la caja de montaje, de alto impacto\u00a0para\u00a0VDM-345, VDC-445, VDM-355, VDC-455, VDC-485\u00a0y VDN-495 (no para FlexiDome VF).<\/strong><\/p>\n<p class=\"ql-align-justify\"><strong>Partes incluidas<\/strong><\/p>\n<p class=\"ql-align-justify\"><strong>El embalaje contiene:<\/strong><\/p>\n<ul>\n<li class=\"ql-align-justify\">Montaje<\/li>\n<li class=\"ql-align-justify\">Componentes de fijaci\u00f3n<\/li>\n<\/ul>\n<p class=\"ql-align-justify\"><strong>Certificaciones y homologaciones.<\/strong><\/p>\n<p class=\"ql-align-justify\"><strong>Certificaci\u00f3n de la regi\u00f3n:<\/strong><\/p>\n<ul>\n<li class=\"ql-align-justify\">Accesorios de Europa CE.<\/li>\n<\/ul>\n<p class=\"ql-align-justify\"><strong>Nota: Caja de montaje en superficie VDA \u2011 455SMB<\/strong><\/p>\n<p class=\"ql-align-justify\"><strong>Caja de montaje en superficie de alto impacto para c\u00e1maras domo.<\/strong><\/p>\n<p class=\"ql-align-justify\"><strong>N\u00famero de pedido: VDA-455SMB.<\/strong><\/p>\n<p class=\"ql-align-justify\"><strong>Principales\u00a0<\/strong><strong>Caracter\u00edsticas<\/strong><\/p>\n<ul>\n<li class=\"ql-align-justify\">F\u00e1cil Instalaci\u00f3n.<\/li>\n<li class=\"ql-align-justify\">Construcci\u00f3n Robusta.<\/li>\n<\/ul>\n<p class=\"ql-align-justify\"><strong>Especificaciones t\u00e9cnicas<\/strong><\/p>\n<ul>\n<li class=\"ql-align-justify\">Material de construcci\u00f3n Aleaci\u00f3n de aluminio.<\/li>\n<li class=\"ql-align-justify\">Acabado se\u00f1al RAL 9003 blanco.<\/li>\n<\/ul>\n<p><img decoding=\"async\" class=\"overview-center-img-\" src=\"https:\/\/tvc.mx\/media\/14120\/Logoopaginas-oficial.png\" alt=\"\" \/><\/p>\n","protected":false},"excerpt":{"rendered":"<p>Caja de montaje en superficie VDA \u2011 455SMB Superficie de la caja de montaje, de alto impacto\u00a0para\u00a0VDM-345, VDC-445, VDM-355, VDC-455, VDC-485\u00a0y VDN-495 (no para FlexiDome VF). Partes incluidas El embalaje contiene: Montaje Componentes de fijaci\u00f3n Certificaciones y homologaciones. Certificaci\u00f3n de la regi\u00f3n: Accesorios de Europa&hellip;<\/p>\n","protected":false},"featured_media":7097,"comment_status":"open","ping_status":"closed","template":"","meta":{"om_disable_all_campaigns":false,"_monsterinsights_skip_tracking":false,"_monsterinsights_sitenote_active":false,"_monsterinsights_sitenote_note":"","_monsterinsights_sitenote_category":0},"product_brand":[],"product_cat":[637],"product_tag":[613,611,612,616,615,610,614,617],"class_list":{"0":"post-7098","1":"product","2":"type-product","3":"status-publish","4":"has-post-thumbnail","6":"product_cat-soporte-y-montaje-accesorios-bosch-video-vigilancia","7":"product_tag-bosch","8":"product_tag-manhattan","9":"product_tag-saxxon","10":"product_tag-surveon","11":"product_tag-utepo","12":"product_tag-videovigilancia","13":"product_tag-vivotek","14":"product_tag-zteco","16":"first","17":"instock","18":"sale","19":"taxable","20":"shipping-taxable","21":"purchasable","22":"product-type-simple"},"aioseo_notices":[],"_links":{"self":[{"href":"https:\/\/tecsecmty.com\/index.php\/wp-json\/wp\/v2\/product\/7098","targetHints":{"allow":["GET"]}}],"collection":[{"href":"https:\/\/tecsecmty.com\/index.php\/wp-json\/wp\/v2\/product"}],"about":[{"href":"https:\/\/tecsecmty.com\/index.php\/wp-json\/wp\/v2\/types\/product"}],"replies":[{"embeddable":true,"href":"https:\/\/tecsecmty.com\/index.php\/wp-json\/wp\/v2\/comments?post=7098"}],"version-history":[{"count":0,"href":"https:\/\/tecsecmty.com\/index.php\/wp-json\/wp\/v2\/product\/7098\/revisions"}],"wp:featuredmedia":[{"embeddable":true,"href":"https:\/\/tecsecmty.com\/index.php\/wp-json\/wp\/v2\/media\/7097"}],"wp:attachment":[{"href":"https:\/\/tecsecmty.com\/index.php\/wp-json\/wp\/v2\/media?parent=7098"}],"wp:term":[{"taxonomy":"product_brand","embeddable":true,"href":"https:\/\/tecsecmty.com\/index.php\/wp-json\/wp\/v2\/product_brand?post=7098"},{"taxonomy":"product_cat","embeddable":true,"href":"https:\/\/tecsecmty.com\/index.php\/wp-json\/wp\/v2\/product_cat?post=7098"},{"taxonomy":"product_tag","embeddable":true,"href":"https:\/\/tecsecmty.com\/index.php\/wp-json\/wp\/v2\/product_tag?post=7098"}],"curies":[{"name":"wp","href":"https:\/\/api.w.org\/{rel}","templated":true}]}}