{"id":7116,"date":"2023-02-23T16:05:07","date_gmt":"2023-02-23T22:05:07","guid":{"rendered":"https:\/\/tecsecmty.com\/index.php\/producto\/bosch-v_vg4a9543-montaje-de-techo\/"},"modified":"2023-03-22T23:22:09","modified_gmt":"2023-03-23T05:22:09","slug":"bosch-v_vg4a9543-montaje-de-techo","status":"publish","type":"product","link":"https:\/\/tecsecmty.com\/index.php\/producto\/bosch-v_vg4a9543-montaje-de-techo\/","title":{"rendered":"BOSCH V_VG4A9543 &#8211; Montaje de techo"},"content":{"rendered":"<h5 class=\"card-title text-center\">VG4-A-9543 Soporte colgante AUTODOME, blanco<\/h5>\n<p class=\"ql-align-justify\">Las c\u00e1maras de la serie AUTODOME representan los \u00faltimos avances en las tecnolog\u00edas de videovigilancia. Las c\u00e1maras se entregan totalmente montadas en un soporte colgante o en una carcasa para montaje en el techo. Bosch ofrece una amplia gama de soportes de montaje, cajas de alimentaci\u00f3n y accesorios para que pueda personalizar su instalaci\u00f3n con el fin de adaptarla a multitud de aplicaciones y entornos. Estos elementos se venden por separado, por lo que solo tiene que adquirir los que necesita y, en consecuencia, puede ahorrar dinero y simplificar sus compras.<\/p>\n<p class=\"ql-align-justify\">Este equipo debe ser desempacado y manejado con cuidado. Si un art\u00edculo parece haber sido da\u00f1ado en el env\u00edo, notifique al remitente de inmediato.<\/p>\n<p class=\"ql-align-justify\">Verifique que todas las piezas enumeradas en la lista de piezas del producto a continuaci\u00f3n est\u00e1n incluidos. Si falta alg\u00fan art\u00edculo, avise a su Bosch.<\/p>\n<p class=\"ql-align-justify\"><strong>Nota: VG4-A-9543 Soporte colgante AUTODOME, blanco<\/strong><\/p>\n<p class=\"ql-align-justify\"><strong>Montaje en techo, blanco, para carcasa colgante serie AutoDome.<\/strong><\/p>\n<p class=\"ql-align-justify\"><strong>N\u00famero de pedido: VG4-A-9543.<\/strong><\/p>\n<p class=\"ql-align-justify\"><strong>Principales caracter\u00edsticas<\/strong><\/p>\n<ul>\n<li class=\"ql-align-justify\">F\u00e1cil instalaci\u00f3n.<\/li>\n<li class=\"ql-align-justify\">Construcci\u00f3n robusta.<\/li>\n<li class=\"ql-align-justify\">Color blanco.<\/li>\n<\/ul>\n<p class=\"ql-align-justify\"><strong>Especificaciones<\/strong><\/p>\n<p class=\"ql-align-justify\"><strong>Soportes de montaje colgante en techo<\/strong><\/p>\n<ul>\n<li class=\"ql-align-justify\">Kit de montaje en techo VG4-A-9543<\/li>\n<\/ul>\n<p><img decoding=\"async\" class=\"overview-center-img-\" src=\"https:\/\/tvc.mx\/media\/15090\/Logoopaginas-oficial.png\" alt=\"\" \/><\/p>\n","protected":false},"excerpt":{"rendered":"<p>VG4-A-9543 Soporte colgante AUTODOME, blanco Las c\u00e1maras de la serie AUTODOME representan los \u00faltimos avances en las tecnolog\u00edas de videovigilancia. Las c\u00e1maras se entregan totalmente montadas en un soporte colgante o en una carcasa para montaje en el techo. Bosch ofrece una amplia gama de&hellip;<\/p>\n","protected":false},"featured_media":7115,"comment_status":"open","ping_status":"closed","template":"","meta":{"om_disable_all_campaigns":false,"_monsterinsights_skip_tracking":false,"_monsterinsights_sitenote_active":false,"_monsterinsights_sitenote_note":"","_monsterinsights_sitenote_category":0},"product_brand":[],"product_cat":[637],"product_tag":[613,611,612,616,615,610,614,617],"class_list":{"0":"post-7116","1":"product","2":"type-product","3":"status-publish","4":"has-post-thumbnail","6":"product_cat-soporte-y-montaje-accesorios-bosch-video-vigilancia","7":"product_tag-bosch","8":"product_tag-manhattan","9":"product_tag-saxxon","10":"product_tag-surveon","11":"product_tag-utepo","12":"product_tag-videovigilancia","13":"product_tag-vivotek","14":"product_tag-zteco","16":"first","17":"instock","18":"sale","19":"taxable","20":"shipping-taxable","21":"purchasable","22":"product-type-simple"},"aioseo_notices":[],"_links":{"self":[{"href":"https:\/\/tecsecmty.com\/index.php\/wp-json\/wp\/v2\/product\/7116","targetHints":{"allow":["GET"]}}],"collection":[{"href":"https:\/\/tecsecmty.com\/index.php\/wp-json\/wp\/v2\/product"}],"about":[{"href":"https:\/\/tecsecmty.com\/index.php\/wp-json\/wp\/v2\/types\/product"}],"replies":[{"embeddable":true,"href":"https:\/\/tecsecmty.com\/index.php\/wp-json\/wp\/v2\/comments?post=7116"}],"version-history":[{"count":0,"href":"https:\/\/tecsecmty.com\/index.php\/wp-json\/wp\/v2\/product\/7116\/revisions"}],"wp:featuredmedia":[{"embeddable":true,"href":"https:\/\/tecsecmty.com\/index.php\/wp-json\/wp\/v2\/media\/7115"}],"wp:attachment":[{"href":"https:\/\/tecsecmty.com\/index.php\/wp-json\/wp\/v2\/media?parent=7116"}],"wp:term":[{"taxonomy":"product_brand","embeddable":true,"href":"https:\/\/tecsecmty.com\/index.php\/wp-json\/wp\/v2\/product_brand?post=7116"},{"taxonomy":"product_cat","embeddable":true,"href":"https:\/\/tecsecmty.com\/index.php\/wp-json\/wp\/v2\/product_cat?post=7116"},{"taxonomy":"product_tag","embeddable":true,"href":"https:\/\/tecsecmty.com\/index.php\/wp-json\/wp\/v2\/product_tag?post=7116"}],"curies":[{"name":"wp","href":"https:\/\/api.w.org\/{rel}","templated":true}]}}