{"id":7126,"date":"2023-02-23T16:05:18","date_gmt":"2023-02-23T22:05:18","guid":{"rendered":"https:\/\/tecsecmty.com\/index.php\/producto\/bosch-v_vgaicsp-kit-de-soporte-para-montaje-en-techo-compatible-con-autodome-ip-5000-hd\/"},"modified":"2023-03-22T23:22:09","modified_gmt":"2023-03-23T05:22:09","slug":"bosch-v_vgaicsp-kit-de-soporte-para-montaje-en-techo-compatible-con-autodome-ip-5000-hd","status":"publish","type":"product","link":"https:\/\/tecsecmty.com\/index.php\/producto\/bosch-v_vgaicsp-kit-de-soporte-para-montaje-en-techo-compatible-con-autodome-ip-5000-hd\/","title":{"rendered":"BOSCH V_VGAICSP &#8211; Kit de soporte para montaje en techo \/ Compatible con AUTODOME IP 5000 HD"},"content":{"rendered":"<h5 class=\"card-title text-center\">VGA-IC-SP Kit de soporte en el techo<\/h5>\n<p class=\"ql-align-justify\"><strong>Este equipo debe ser desempacado y manejado con cuidado si da\u00f1ado en el env\u00edo, notificar a la remitente de inmediato.<\/strong><\/p>\n<p class=\"ql-align-justify\">Verifique que todas las piezas est\u00e9n enumeradas en la Lista de piezas a continuaci\u00f3n incluido. Si falta alg\u00fan elemento, no lo notifique a Bosch Securit. Representante de ventas o servicio al cliente.<\/p>\n<p class=\"ql-align-justify\">El embalaje original es el envase m\u00e1s seguro para transporte de la unidad y debe ser devuelto a la unidad para servicio. Gu\u00e1rdelo para un posible uso futuro. Esta instalaci\u00f3n debe ser realizada por personal de servicio calificado. y cumplir con el C\u00f3digo El\u00e9ctrico Nacional y aplicables c\u00f3digos locales.<\/p>\n<p class=\"ql-align-justify\"><strong>Lista de piezas:<\/strong><\/p>\n<ul>\n<li class=\"ql-align-justify\">Un (1) conjunto de soporte de base.<\/li>\n<li class=\"ql-align-justify\">Una (1) placa de montaje.<\/li>\n<li class=\"ql-align-justify\">Dos (2) Rieles.<\/li>\n<li class=\"ql-align-justify\">Gu\u00eda de instalaci\u00f3n.<\/li>\n<\/ul>\n<p class=\"ql-align-justify\"><strong>Nota: Kit de soporte de techo VGA-IC-SP<\/strong><\/p>\n<p class=\"ql-align-justify\"><strong>Kit de soporte de techo suspendido para c\u00e1maras domo. Abertura de \u00d8177 mm (\u00d87 in); m\u00e1ximo soportado peso 11,3 kg (25 lb)<\/strong><\/p>\n<p class=\"ql-align-justify\"><strong>N\u00famero de pedido: VGA IC SP.<\/strong><\/p>\n<p class=\"ql-align-justify\"><strong>Principales Caracter\u00edsticas<\/strong><\/p>\n<ul>\n<li class=\"ql-align-justify\">F\u00e1cil instalaci\u00f3n.<\/li>\n<li class=\"ql-align-justify\">Construcci\u00f3n robusta.<\/li>\n<\/ul>\n<p class=\"ql-align-justify\"><strong>Especificaciones<\/strong><\/p>\n<ul>\n<li class=\"ql-align-justify\">Apertura \u00d8177 mm (\u00d87 in).<\/li>\n<li class=\"ql-align-justify\">Peso m\u00e1ximo soportado 11.3 kg (25 lb).<\/li>\n<li class=\"ql-align-justify\">Plato de zinc acabado.<\/li>\n<\/ul>\n<p><img decoding=\"async\" class=\"overview-center-img-\" src=\"https:\/\/tvc.mx\/media\/7514\/Logoopaginas-oficial.png\" alt=\"\" \/><\/p>\n","protected":false},"excerpt":{"rendered":"<p>VGA-IC-SP Kit de soporte en el techo Este equipo debe ser desempacado y manejado con cuidado si da\u00f1ado en el env\u00edo, notificar a la remitente de inmediato. Verifique que todas las piezas est\u00e9n enumeradas en la Lista de piezas a continuaci\u00f3n incluido. Si falta alg\u00fan&hellip;<\/p>\n","protected":false},"featured_media":7125,"comment_status":"open","ping_status":"closed","template":"","meta":{"om_disable_all_campaigns":false,"_monsterinsights_skip_tracking":false,"_monsterinsights_sitenote_active":false,"_monsterinsights_sitenote_note":"","_monsterinsights_sitenote_category":0},"product_brand":[],"product_cat":[637],"product_tag":[613,611,612,616,615,610,614,617],"class_list":{"0":"post-7126","1":"product","2":"type-product","3":"status-publish","4":"has-post-thumbnail","6":"product_cat-soporte-y-montaje-accesorios-bosch-video-vigilancia","7":"product_tag-bosch","8":"product_tag-manhattan","9":"product_tag-saxxon","10":"product_tag-surveon","11":"product_tag-utepo","12":"product_tag-videovigilancia","13":"product_tag-vivotek","14":"product_tag-zteco","16":"first","17":"instock","18":"sale","19":"taxable","20":"shipping-taxable","21":"purchasable","22":"product-type-simple"},"aioseo_notices":[],"_links":{"self":[{"href":"https:\/\/tecsecmty.com\/index.php\/wp-json\/wp\/v2\/product\/7126","targetHints":{"allow":["GET"]}}],"collection":[{"href":"https:\/\/tecsecmty.com\/index.php\/wp-json\/wp\/v2\/product"}],"about":[{"href":"https:\/\/tecsecmty.com\/index.php\/wp-json\/wp\/v2\/types\/product"}],"replies":[{"embeddable":true,"href":"https:\/\/tecsecmty.com\/index.php\/wp-json\/wp\/v2\/comments?post=7126"}],"version-history":[{"count":0,"href":"https:\/\/tecsecmty.com\/index.php\/wp-json\/wp\/v2\/product\/7126\/revisions"}],"wp:featuredmedia":[{"embeddable":true,"href":"https:\/\/tecsecmty.com\/index.php\/wp-json\/wp\/v2\/media\/7125"}],"wp:attachment":[{"href":"https:\/\/tecsecmty.com\/index.php\/wp-json\/wp\/v2\/media?parent=7126"}],"wp:term":[{"taxonomy":"product_brand","embeddable":true,"href":"https:\/\/tecsecmty.com\/index.php\/wp-json\/wp\/v2\/product_brand?post=7126"},{"taxonomy":"product_cat","embeddable":true,"href":"https:\/\/tecsecmty.com\/index.php\/wp-json\/wp\/v2\/product_cat?post=7126"},{"taxonomy":"product_tag","embeddable":true,"href":"https:\/\/tecsecmty.com\/index.php\/wp-json\/wp\/v2\/product_tag?post=7126"}],"curies":[{"name":"wp","href":"https:\/\/api.w.org\/{rel}","templated":true}]}}