{"id":7184,"date":"2023-02-23T16:06:36","date_gmt":"2023-02-23T22:06:36","guid":{"rendered":"https:\/\/tecsecmty.com\/index.php\/producto\/vivotek-aj001-joystick-para-camaras-ip-ptz-vivotek-8-teclas-flexibles-windows-7-8-10-interfaz-usb-compatible-con-software-vast-usb-5-vdc-a-100-ma\/"},"modified":"2023-03-22T23:24:41","modified_gmt":"2023-03-23T05:24:41","slug":"vivotek-aj001-joystick-para-camaras-ip-ptz-vivotek-8-teclas-flexibles-windows-7-8-10-interfaz-usb-compatible-con-software-vast-usb-5-vdc-a-100-ma","status":"publish","type":"product","link":"https:\/\/tecsecmty.com\/index.php\/producto\/vivotek-aj001-joystick-para-camaras-ip-ptz-vivotek-8-teclas-flexibles-windows-7-8-10-interfaz-usb-compatible-con-software-vast-usb-5-vdc-a-100-ma\/","title":{"rendered":"VIVOTEK AJ001 &#8211; JOYSTICK Para camaras IP PTZ VIVOTEK \/ 8 Teclas flexibles \/ WINDOWS 7 \/ 8 \/ 10 \/ INTERFAZ USB \/ Compatible con software VAST \/ USB 5 VDC A 100 MA"},"content":{"rendered":"<div class=\"row aling-items-center padding-bottom-2x\">\n<div class=\"col-lg-12\">\n<h5 class=\"card-title text-center\">Informaci\u00f3n General<\/h5>\n<p>El Joystick AJ-001, de VIVOTEK, permite manejar equipos tipo PTZ, para un mejor posicionamiento, el equipo cuenta con de tres ejes con efecto Hall, X \/ Y \/ Z para control de posicionamiento,<\/p>\n<ul>\n<li>Recorrido del joystick: ejes X \/ Y +\/- 20, eje Z +\/- 30 Centrado: resorte simple, omnidireccional<\/li>\n<\/ul>\n<p><img decoding=\"async\" class=\"overview-center-img-web\" src=\"https:\/\/tvc.mx\/media\/64956\/aj001.png\" alt=\"\" \/><\/div>\n<\/div>\n<div class=\"row aling-items-center padding-bottom-2x\">\n<div class=\"col-lg-12\">\n<h5 class=\"card-title text-center\">Caracter\u00edsticas Principales<\/h5>\n<ul>\n<li>Modelo: AJ-001<\/li>\n<li>Palanca de mando: Joystick de tres ejes con efecto Hall<\/li>\n<li>X \/ Y \/ Z para control de posicionamiento<\/li>\n<li>Recorrido del joystick: ejes X \/ Y +\/- 20., Eje Z +\/- 30<\/li>\n<li>Centrado: resorte simple, omnidireccional<\/li>\n<li>Botones: 8 x interruptores t\u00e1ctiles de larga duraci\u00f3n<\/li>\n<li>Indicador LED: 3<\/li>\n<li>Voltaje: A trav\u00e9s de la interfaz USB (5V DC)<\/li>\n<li>Consumo 100mA<\/li>\n<li>Interfaz: Puerto USB<\/li>\n<li>Conectores: USB2.0 (USB tipo A macho)<\/li>\n<li>SO soportado: Windows 7\/8\/10 con plug &amp; play<\/li>\n<li>Plataforma soportada: VIVOTEK CMS \/ VMS: VAST<\/li>\n<li>NVR VIVOTEK: ND8322P \/ ND8422P \/ ND9541 \/ ND9441 \/ ND9441P \/ ND9541P<\/li>\n<li>Domo Speed VIVOTEK: SD83X4E, SD83X6E, SD8333-E, SD8161, SD8363E, SD8364E, SD9161-H, SD9361-EHL, SD9362-EH, SD9362-EHL, SD9363-EHL, SD9364-EHL, SD<\/li>\n<li>Temperatura de funcionamiento: -25 \u00b0 C ~ 60 \u00b0 C (-13 \u00b0 F ~ 140 \u00b0 F)<\/li>\n<li>Peso: 0.6 kg<\/li>\n<li>Dimensiones: 120 (ancho) x 157 (largo) x 97 (alto) mm<\/li>\n<\/ul>\n<p><img decoding=\"async\" class=\"overview-center-img-web\" src=\"https:\/\/tvc.mx\/media\/84760\/joystick-para-c%C3%A1maras-ptz-vivotek-AJ001.png\" alt=\"\" \/><\/div>\n<\/div>\n<div class=\"row aling-items-center padding-bottom-2x\">\n<div class=\"col-lg-12\">\n<h5 class=\"card-title text-center\">Vigilancia a la palma de la mano<\/h5>\n<p>Con el Joystick AJ-00, ahora las c\u00e1mara Speed Dome o PTZ ser\u00e1 mas f\u00e1cil de manejar, y configurar, ya que trae botones de acceso directo a la configuraci\u00f3n de la c\u00e1mara, por ejemplo como preset.<\/p>\n<p>As\u00ed sin tener que entrar a las configuraciones, lo podr\u00e1s realizar de una manera m\u00e1s r\u00e1pida y eficaz.<\/p>\n<p><img decoding=\"async\" class=\"overview-center-img-web\" src=\"https:\/\/tvc.mx\/media\/64983\/aj001vigilancia.png\" alt=\"\" \/><\/div>\n<\/div>\n","protected":false},"excerpt":{"rendered":"<p>Informaci\u00f3n General El Joystick AJ-001, de VIVOTEK, permite manejar equipos tipo PTZ, para un mejor posicionamiento, el equipo cuenta con de tres ejes con efecto Hall, X \/ Y \/ Z para control de posicionamiento, Recorrido del joystick: ejes X \/ Y +\/- 20, eje&hellip;<\/p>\n","protected":false},"featured_media":7183,"comment_status":"open","ping_status":"closed","template":"","meta":{"om_disable_all_campaigns":false,"_monsterinsights_skip_tracking":false,"_monsterinsights_sitenote_active":false,"_monsterinsights_sitenote_note":"","_monsterinsights_sitenote_category":0},"product_brand":[],"product_cat":[641],"product_tag":[613,611,612,616,615,610,614,617],"class_list":{"0":"post-7184","1":"product","2":"type-product","3":"status-publish","4":"has-post-thumbnail","6":"product_cat-teclados-y-joystick-accesorios-vivotek-video-vigilancia","7":"product_tag-bosch","8":"product_tag-manhattan","9":"product_tag-saxxon","10":"product_tag-surveon","11":"product_tag-utepo","12":"product_tag-videovigilancia","13":"product_tag-vivotek","14":"product_tag-zteco","16":"first","17":"instock","18":"sale","19":"taxable","20":"shipping-taxable","21":"purchasable","22":"product-type-simple"},"aioseo_notices":[],"_links":{"self":[{"href":"https:\/\/tecsecmty.com\/index.php\/wp-json\/wp\/v2\/product\/7184","targetHints":{"allow":["GET"]}}],"collection":[{"href":"https:\/\/tecsecmty.com\/index.php\/wp-json\/wp\/v2\/product"}],"about":[{"href":"https:\/\/tecsecmty.com\/index.php\/wp-json\/wp\/v2\/types\/product"}],"replies":[{"embeddable":true,"href":"https:\/\/tecsecmty.com\/index.php\/wp-json\/wp\/v2\/comments?post=7184"}],"version-history":[{"count":0,"href":"https:\/\/tecsecmty.com\/index.php\/wp-json\/wp\/v2\/product\/7184\/revisions"}],"wp:featuredmedia":[{"embeddable":true,"href":"https:\/\/tecsecmty.com\/index.php\/wp-json\/wp\/v2\/media\/7183"}],"wp:attachment":[{"href":"https:\/\/tecsecmty.com\/index.php\/wp-json\/wp\/v2\/media?parent=7184"}],"wp:term":[{"taxonomy":"product_brand","embeddable":true,"href":"https:\/\/tecsecmty.com\/index.php\/wp-json\/wp\/v2\/product_brand?post=7184"},{"taxonomy":"product_cat","embeddable":true,"href":"https:\/\/tecsecmty.com\/index.php\/wp-json\/wp\/v2\/product_cat?post=7184"},{"taxonomy":"product_tag","embeddable":true,"href":"https:\/\/tecsecmty.com\/index.php\/wp-json\/wp\/v2\/product_tag?post=7184"}],"curies":[{"name":"wp","href":"https:\/\/api.w.org\/{rel}","templated":true}]}}