{"id":7232,"date":"2023-02-23T16:07:29","date_gmt":"2023-02-23T22:07:29","guid":{"rendered":"https:\/\/tecsecmty.com\/index.php\/producto\/bosch-nbn-80122-ca-camara-fija-12mp-analisis-de-video-inteligente-dinion-ip-ultra-8000-mp\/"},"modified":"2023-03-22T23:21:35","modified_gmt":"2023-03-23T05:21:35","slug":"bosch-nbn-80122-ca-camara-fija-12mp-analisis-de-video-inteligente-dinion-ip-ultra-8000-mp","status":"publish","type":"product","link":"https:\/\/tecsecmty.com\/index.php\/producto\/bosch-nbn-80122-ca-camara-fija-12mp-analisis-de-video-inteligente-dinion-ip-ultra-8000-mp\/","title":{"rendered":"BOSCH NBN-80122-CA &#8211; C\u00e1mara Fija 12MP \/ An\u00e1lisis de Video Inteligente \/ Dinion IP Ultra 8000 MP"},"content":{"rendered":"<div class=\"row aling-items-center padding-bottom-2x\">\n<div class=\"col-lg-12\">\n<h5 class=\"card-title text-center\">Descripci\u00f3n inicial<\/h5>\n<ul>\n<li>12MP (4K UHD) para un grado detalle excepcional a velocidad r\u00e1pida<\/li>\n<li>Intelligent Video Analytics integrado para activar las alertas relevantes y recuperar los datos de forma r\u00e1pida<\/li>\n<li>Carga de red y costes de almacenamiento bajos u Amplio rango din\u00e1mico (92+16 dB) de nivel superior<\/li>\n<li>Identificaci\u00f3n a larga distancia con los teleobjetivos<\/li>\n<\/ul>\n<p>La c\u00e1mara DINION IP ultra 8000 MP con una resoluci\u00f3n de 12 megap\u00edxeles ofrece im\u00e1genes n\u00edtidas, brillantes y con un excelente nivel de detalle para satisfacer las demandas de videovigilancia IP m\u00e1s exigentes. Permite capturar 12 megap\u00edxeles a 20 fps y 4K UHD a 30 fps, por lo que ofrece im\u00e1genes de objetos que se mueven deprisa a altas resoluciones. El excelente contenido de la imagen permite analizar de forma efectiva y retrospectiva con un nivel de detalle que marca la diferencia cuando se recopilan pruebas cient\u00edficas.<\/p>\n<p><img decoding=\"async\" class=\"overview-center-img-web\" src=\"https:\/\/tvc.mx\/media\/379491\/BANNER-CCTV.png\" alt=\"\" \/><\/p>\n<\/div>\n<\/div>\n<div class=\"row align-items-center padding-bottom-2x\">\n<div class=\"col-md-5 order-md-2\"><img decoding=\"async\" class=\"d-block m-auto img-thumbnail\" src=\"https:\/\/tvc.mx\/media\/379503\/Sin-t%C3%ADtulo-2.png\" alt=\" \" \/><\/div>\n<div class=\"col-md-7 order-md-1 text-md-left text-center\">\n<h2>Funciones<\/h2>\n<p><strong>Rango din\u00e1mico medido<\/strong><\/p>\n<p class=\"ql-align-justify\">El rango din\u00e1mico de la c\u00e1mara es excepcional y destaca en las comparaciones de rendimiento reales, pues alcanza un valor de rango din\u00e1mico ampliado de 92 dB para el modo 4K UHD (con 16 dB adicionales cuando se combina con Intelligent Auto Exposure). El rango din\u00e1mico real de la c\u00e1mara se mide mediante el an\u00e1lisis de la funci\u00f3n de conversi\u00f3n optoelectr\u00f3nica (OECF) y un gr\u00e1fico de pruebas est\u00e1ndar que se basa en la norma ISO. Este m\u00e9todo ofrece unos resultados m\u00e1s reales y verificables en comparaci\u00f3n con las aproximaciones te\u00f3ricas que a veces se usan.<\/p>\n<p>&nbsp;<\/p>\n<\/div>\n<\/div>\n<hr class=\"padding-bottom-2x\" \/>\n<div class=\"row align-items-center padding-bottom-2x\">\n<div class=\"col-md-5 order-md-2\"><img decoding=\"async\" class=\"d-block m-auto img-thumbnail\" src=\"https:\/\/tvc.mx\/media\/379515\/dinion8000-300x400.png\" alt=\" \" \/><\/div>\n<div class=\"col-md-7 order-md-1 text-md-left text-center\">\n<h2>Intelligent Video Analytics<\/h2>\n<p class=\"ql-align-justify\">El an\u00e1lisis de v\u00eddeo integrado es resistente e inteligente. El concepto de inteligencia en origen proporciona ahora funciones a\u00fan m\u00e1s eficientes:<\/p>\n<p class=\"ql-align-justify\">\u2022 Reducci\u00f3n de falsas alarmas<\/p>\n<p class=\"ql-align-justify\">\u2022 Identificaci\u00f3n de intervalos ampliados<\/p>\n<p class=\"ql-align-justify\">\u2022 Gesti\u00f3n de multitudes y de colas<\/p>\n<p class=\"ql-align-justify\">\u2022 Recuento de densidad y de flujo<\/p>\n<p class=\"ql-align-justify\">El an\u00e1lisis de v\u00eddeo para situaciones cr\u00edticas detecta objetos, realiza su seguimiento y los analiza de forma fiable y, a continuaci\u00f3n, notifica la activaci\u00f3n de las alarmas predefinidas. Un conjunto inteligente de reglas de alarma, junto con los filtros de objetos y el modo de seguimiento, facilita las tareas complejas. El sistema tambi\u00e9n es extremadamente eficiente y puede reducir el n\u00famero de falsas alarmas debido, por ejemplo, a la presencia de hojas o de objetos que se mueven, incluso en condiciones meteorol\u00f3gicas adversas. El paso siguiente del an\u00e1lisis de v\u00eddeo se realiza con la incorporaci\u00f3n de funciones de aprendizaje de m\u00e1quinas. Con el instructor de c\u00e1maras, puede personalizar la funci\u00f3n Intelligent Video Analytics integrada para detectar nuevos objetos en movimiento o estacionarios y nuevas situaciones, o cualquier cambio posterior. Se a\u00f1aden metadatos al v\u00eddeo para dar sentido y estructura. Esto permite recuperar r\u00e1pidamente las im\u00e1genes pertinentes de horas de grabaci\u00f3n de v\u00eddeo almacenadas.<\/p>\n<p>&nbsp;<\/p>\n<\/div>\n<\/div>\n<hr class=\"padding-bottom-2x\" \/>\n<div class=\"row aling-items-center padding-bottom-2x\">\n<div class=\"col-lg-12\">\n<h5 class=\"card-title text-center\">Intelligent Auto Exposure<\/h5>\n<p class=\"ql-align-justify\">Las fluctuaciones de luz trasera o contraluz y luz delantera pueden arruinar sus im\u00e1genes. Para conseguir una imagen perfecta en cualquier situaci\u00f3n, la Intelligent Auto Exposure permite ajustar autom\u00e1ticamente la exposici\u00f3n de la c\u00e1mara. Ofrece una excelente compensaci\u00f3n de la luz delantera y una incre\u00edble compensaci\u00f3n de contraluz mediante la adaptaci\u00f3n autom\u00e1tica a las condiciones cambiantes de iluminaci\u00f3n.<\/p>\n<p class=\"ql-align-justify\">Intelligent Dynamic Noise Reduction En las escenas tranquilas, en las que hay poco o ning\u00fan movimiento, se requiere una tasa de bits inferior. Al separar de manera inteligente el ruido de la informaci\u00f3n importante, la Intelligent Dynamic Noise Reduction permite reducir la tasa de bits hasta un 50 %. Debido a que el ruido se reduce en el origen durante la captura de una imagen, una tasa de bits inferior no pone en riesgo la calidad del v\u00eddeo. Con la publicaci\u00f3n del firmware FW 6.40, se a\u00f1ade un nivel de inteligencia adicional con Intelligent Streaming. La c\u00e1mara ofrece la imagen m\u00e1s \u00fatil posible optimizando de forma inteligente la relaci\u00f3n detalle\/ancho de banda. El codificador inteligente analiza continuamente toda la escena, as\u00ed como regiones de la escena, y ajusta de forma din\u00e1mica la compresi\u00f3n en funci\u00f3n de la informaci\u00f3n relevante, como el movimiento. Junto con Intelligent Dynamic Noise Reduction, que analiza activamente el contenido de una escena y reduce los artefactos de ruido en consecuencia, se reduce la tasa de bits hasta un 80 %.<\/p>\n<p><img decoding=\"async\" class=\"overview-center-img-web\" src=\"https:\/\/tvc.mx\/media\/379531\/Sin-t%C3%ADtulo-3.png\" alt=\"\" \/><\/p>\n<div class=\"col-md-5 order-md-2\"><img decoding=\"async\" class=\"d-block m-auto img-thumbnail\" src=\"https:\/\/tvc.mx\/media\/379567\/INLCUYE.png\" alt=\" \" \/><\/div>\n<div class=\"col-md-7 order-md-1 text-md-left text-center\">\n<h2>INCLUYE:<\/h2>\n<ul>\n<li>C\u00e1mara DINION IP ultra 8000 MP<\/li>\n<li>manual de usuario Bosch<\/li>\n<li>Conectores para c\u00e1mara<\/li>\n<li>Etiqueta de colocaci\u00f3n<\/li>\n<\/ul>\n<\/div>\n<\/div>\n<\/div>\n","protected":false},"excerpt":{"rendered":"<p>Descripci\u00f3n inicial 12MP (4K UHD) para un grado detalle excepcional a velocidad r\u00e1pida Intelligent Video Analytics integrado para activar las alertas relevantes y recuperar los datos de forma r\u00e1pida Carga de red y costes de almacenamiento bajos u Amplio rango din\u00e1mico (92+16 dB) de nivel&hellip;<\/p>\n","protected":false},"featured_media":7231,"comment_status":"open","ping_status":"closed","template":"","meta":{"om_disable_all_campaigns":false,"_monsterinsights_skip_tracking":false,"_monsterinsights_sitenote_active":false,"_monsterinsights_sitenote_note":"","_monsterinsights_sitenote_category":0},"product_brand":[],"product_cat":[650],"product_tag":[613,611,612,616,615,610,614,617],"class_list":{"0":"post-7232","1":"product","2":"type-product","3":"status-publish","4":"has-post-thumbnail","6":"product_cat-bullet-camaras-ip-bosch-video-vigilancia","7":"product_tag-bosch","8":"product_tag-manhattan","9":"product_tag-saxxon","10":"product_tag-surveon","11":"product_tag-utepo","12":"product_tag-videovigilancia","13":"product_tag-vivotek","14":"product_tag-zteco","16":"first","17":"instock","18":"sale","19":"taxable","20":"shipping-taxable","21":"purchasable","22":"product-type-simple"},"aioseo_notices":[],"_links":{"self":[{"href":"https:\/\/tecsecmty.com\/index.php\/wp-json\/wp\/v2\/product\/7232","targetHints":{"allow":["GET"]}}],"collection":[{"href":"https:\/\/tecsecmty.com\/index.php\/wp-json\/wp\/v2\/product"}],"about":[{"href":"https:\/\/tecsecmty.com\/index.php\/wp-json\/wp\/v2\/types\/product"}],"replies":[{"embeddable":true,"href":"https:\/\/tecsecmty.com\/index.php\/wp-json\/wp\/v2\/comments?post=7232"}],"version-history":[{"count":0,"href":"https:\/\/tecsecmty.com\/index.php\/wp-json\/wp\/v2\/product\/7232\/revisions"}],"wp:featuredmedia":[{"embeddable":true,"href":"https:\/\/tecsecmty.com\/index.php\/wp-json\/wp\/v2\/media\/7231"}],"wp:attachment":[{"href":"https:\/\/tecsecmty.com\/index.php\/wp-json\/wp\/v2\/media?parent=7232"}],"wp:term":[{"taxonomy":"product_brand","embeddable":true,"href":"https:\/\/tecsecmty.com\/index.php\/wp-json\/wp\/v2\/product_brand?post=7232"},{"taxonomy":"product_cat","embeddable":true,"href":"https:\/\/tecsecmty.com\/index.php\/wp-json\/wp\/v2\/product_cat?post=7232"},{"taxonomy":"product_tag","embeddable":true,"href":"https:\/\/tecsecmty.com\/index.php\/wp-json\/wp\/v2\/product_tag?post=7232"}],"curies":[{"name":"wp","href":"https:\/\/api.w.org\/{rel}","templated":true}]}}