{"id":7264,"date":"2023-02-23T16:08:05","date_gmt":"2023-02-23T22:08:05","guid":{"rendered":"https:\/\/tecsecmty.com\/index.php\/producto\/vivotek-sc8131-camara-ip-2-mp-conteo-de-personas-tecnologia-3d-alta-precision-poe-control-de-aforo-en-establecimientos\/"},"modified":"2023-03-22T23:24:47","modified_gmt":"2023-03-23T05:24:47","slug":"vivotek-sc8131-camara-ip-2-mp-conteo-de-personas-tecnologia-3d-alta-precision-poe-control-de-aforo-en-establecimientos","status":"publish","type":"product","link":"https:\/\/tecsecmty.com\/index.php\/producto\/vivotek-sc8131-camara-ip-2-mp-conteo-de-personas-tecnologia-3d-alta-precision-poe-control-de-aforo-en-establecimientos\/","title":{"rendered":"VIVOTEK SC8131 &#8211; Camara IP 2 MP \/ Conteo de personas \/ Tecnologia 3D \/ Alta precision \/ PoE\/ CONTROL DE AFORO EN ESTABLECIMIENTOS"},"content":{"rendered":"<div class=\"row aling-items-center padding-bottom-2x\">\n<div class=\"col-lg-12\">\n<h5 class=\"card-title text-center\">Informaci\u00f3n General<\/h5>\n<p class=\"ql-align-justify\">El modelo SC8131 de VIVOTEK es una c\u00e1mara de conteo con tecnolog\u00eda de imagen est\u00e9reo, armada con la tecnolog\u00eda de profundidad 3D de VIVOTEK y la funcionalidad de videovigilancia, que proporciona un video de seguimiento preciso en tiempo real de 2 megap\u00edxeles y una alta precisi\u00f3n de conteo de hasta el 98 %. La c\u00e1mara est\u00e9reo genera informaci\u00f3n de datos como el conteo de personas, el seguimiento de la ruta de flujo que se aplica a la mejora del dise\u00f1o de la tienda, la evaluaci\u00f3n promocional, la planificaci\u00f3n del personal y el control de los tiempos de servicio. Proporciona a los propietarios de negocios m\u00e9tricas clave para tomar decisiones operativas de manera efectiva y aumentar el ROI.<\/p>\n<p class=\"ql-align-justify\"><strong>Principales caracter\u00edsticas:<\/strong><\/p>\n<p>Tecnolog\u00eda de profundidad 3D de VIVOTEK<\/p>\n<p>Alta tasa de precisi\u00f3n hasta 98%<\/p>\n<p>Datos de almacenamiento local para informe de conteo<\/p>\n<p>F\u00e1cil instalaci\u00f3n y configuraci\u00f3n<\/p>\n<p class=\"ql-align-justify\">Conteo continuo con VAST CMS<\/p>\n<p><img decoding=\"async\" class=\"overview-center-img-web\" src=\"https:\/\/tvc.mx\/media\/637452\/vivotek-c%C3%A1mara-de-red-ip-para-conteo-de-personas-2-megapixeles-interior-doble-lente-negocios-retail-entradas-salidas-reporte.PNG\" alt=\"\" \/><\/div>\n<\/div>\n<div class=\"row aling-items-center padding-bottom-2x\">\n<div class=\"col-lg-12\">\n<h5 class=\"card-title text-center\">Tecnolog\u00eda de profundidad 3D de VIVOTEK<\/h5>\n<p class=\"ql-align-justify\">Montada sobre la entrada de una tienda, la c\u00e1mara de doble lente permite que la visi\u00f3n est\u00e9reo rastree con precisi\u00f3n las posiciones 3D de los objetos que se mueven a trav\u00e9s del campo de visi\u00f3n. Los adultos o los ni\u00f1os, los individuos individuales o los grupos, se pueden distinguir de los objetos no humanos, como los carritos de la compra y los cochecitos, lo que proporciona un an\u00e1lisis de conteo preciso incluso en los momentos de mayor actividad y congesti\u00f3n.<\/p>\n<p><img decoding=\"async\" class=\"overview-center-img-web\" src=\"https:\/\/tvc.mx\/media\/63447\/counting.png\" alt=\"\" \/><\/div>\n<\/div>\n<div class=\"row aling-items-center padding-bottom-2x\">\n<div class=\"col-lg-12\">\n<h5 class=\"card-title text-center\">Eficiencia<\/h5>\n<p>\u2022 Ruta de seguimiento de objetos<\/p>\n<p>\u2022 Carros de filtro, ni\u00f1os y carriolas.<\/p>\n<p>\u2022 Conteo bidireccional en flujo definible<\/p>\n<p>\u2022 Detecci\u00f3n de vueltas en U para evitar el doble conteo.<\/p>\n<p>\u2022 No influenciado por sombras, reflejos o condiciones de deslumbramiento<\/p>\n<p><img decoding=\"async\" class=\"overview-center-img-web\" src=\"https:\/\/tvc.mx\/media\/63459\/sc813111.png\" alt=\"\" \/><\/div>\n<\/div>\n<div class=\"row aling-items-center padding-bottom-2x\">\n<div class=\"col-lg-12\">\n<h5 class=\"card-title text-center\">Resultado de estadisticas<\/h5>\n<p>Datos en tiempo real (sistema \/ recuento \/ informes diarios; informes de tiempo \/ regi\u00f3n)<\/p>\n<p><img decoding=\"async\" class=\"overview-center-img-\" src=\"https:\/\/tvc.mx\/media\/3778\/repoprt.jpg\" alt=\"\" \/><\/div>\n<\/div>\n","protected":false},"excerpt":{"rendered":"<p>Informaci\u00f3n General El modelo SC8131 de VIVOTEK es una c\u00e1mara de conteo con tecnolog\u00eda de imagen est\u00e9reo, armada con la tecnolog\u00eda de profundidad 3D de VIVOTEK y la funcionalidad de videovigilancia, que proporciona un video de seguimiento preciso en tiempo real de 2 megap\u00edxeles y&hellip;<\/p>\n","protected":false},"featured_media":7263,"comment_status":"open","ping_status":"closed","template":"","meta":{"om_disable_all_campaigns":false,"_monsterinsights_skip_tracking":false,"_monsterinsights_sitenote_active":false,"_monsterinsights_sitenote_note":"","_monsterinsights_sitenote_category":0},"product_brand":[],"product_cat":[656],"product_tag":[613,611,612,616,615,610,614,617],"class_list":{"0":"post-7264","1":"product","2":"type-product","3":"status-publish","4":"has-post-thumbnail","6":"product_cat-conteo-de-personas-camaras-ip-vivotek-video-vigilancia","7":"product_tag-bosch","8":"product_tag-manhattan","9":"product_tag-saxxon","10":"product_tag-surveon","11":"product_tag-utepo","12":"product_tag-videovigilancia","13":"product_tag-vivotek","14":"product_tag-zteco","16":"first","17":"instock","18":"sale","19":"taxable","20":"shipping-taxable","21":"purchasable","22":"product-type-simple"},"aioseo_notices":[],"_links":{"self":[{"href":"https:\/\/tecsecmty.com\/index.php\/wp-json\/wp\/v2\/product\/7264","targetHints":{"allow":["GET"]}}],"collection":[{"href":"https:\/\/tecsecmty.com\/index.php\/wp-json\/wp\/v2\/product"}],"about":[{"href":"https:\/\/tecsecmty.com\/index.php\/wp-json\/wp\/v2\/types\/product"}],"replies":[{"embeddable":true,"href":"https:\/\/tecsecmty.com\/index.php\/wp-json\/wp\/v2\/comments?post=7264"}],"version-history":[{"count":0,"href":"https:\/\/tecsecmty.com\/index.php\/wp-json\/wp\/v2\/product\/7264\/revisions"}],"wp:featuredmedia":[{"embeddable":true,"href":"https:\/\/tecsecmty.com\/index.php\/wp-json\/wp\/v2\/media\/7263"}],"wp:attachment":[{"href":"https:\/\/tecsecmty.com\/index.php\/wp-json\/wp\/v2\/media?parent=7264"}],"wp:term":[{"taxonomy":"product_brand","embeddable":true,"href":"https:\/\/tecsecmty.com\/index.php\/wp-json\/wp\/v2\/product_brand?post=7264"},{"taxonomy":"product_cat","embeddable":true,"href":"https:\/\/tecsecmty.com\/index.php\/wp-json\/wp\/v2\/product_cat?post=7264"},{"taxonomy":"product_tag","embeddable":true,"href":"https:\/\/tecsecmty.com\/index.php\/wp-json\/wp\/v2\/product_tag?post=7264"}],"curies":[{"name":"wp","href":"https:\/\/api.w.org\/{rel}","templated":true}]}}