{"id":7290,"date":"2023-02-23T16:08:36","date_gmt":"2023-02-23T22:08:36","guid":{"rendered":"https:\/\/tecsecmty.com\/index.php\/producto\/bosch-v_nde8513r-domo-fijo-6mp-hdr-39-10mm-ptrz-ip66\/"},"modified":"2023-03-22T23:22:00","modified_gmt":"2023-03-23T05:22:00","slug":"bosch-v_nde8513r-domo-fijo-6mp-hdr-39-10mm-ptrz-ip66","status":"publish","type":"product","link":"https:\/\/tecsecmty.com\/index.php\/producto\/bosch-v_nde8513r-domo-fijo-6mp-hdr-39-10mm-ptrz-ip66\/","title":{"rendered":"BOSCH V_NDE8513R-Domo fijo 6MP HDR 3,9-10mm PTRZ IP66"},"content":{"rendered":"<div class=\"row aling-items-center padding-bottom-2x\">\n<div class=\"col-lg-12\">\n<h5 class=\"card-title text-center\">NDE8513R-Domo fijo 6MP HDR 3,9-10mm PTRZ IP66<\/h5>\n<p><strong>NDE-8513-R Domo fijo 6MP HDR 3,9-10mm PTRZ IP66<\/strong><\/p>\n<p>Domo fijo.<\/p>\n<p>La c\u00e1mara de la l\u00ednea de rendimiento FLEXIDOME IP starlight 8000i &#8211; 6 MP ofrece un sensor de 1\/1,8&#8243;, rendimiento starlight y alto rango din\u00e1mico con resoluci\u00f3n de 6 megap\u00edxeles para proporcionar im\u00e1genes n\u00edtidas y muy detalladas incluso en situaciones con muy poca luz.<\/p>\n<p>La funci\u00f3n de puesta en marcha remota de la c\u00e1mara garantiza poder llevar a cabo la instalaci\u00f3n y la puesta en marcha en muy poco tiempo. Mediante un PC o un dispositivo m\u00f3vil con la aplicaci\u00f3n Project Assistant de Bosch, puede girar, inclinar, inclinaci\u00f3n, cambar el \u00e1ngulo de ca\u00edda, ajustar el zoom (PTRZ) y apuntar la c\u00e1mara hacia el campo de visi\u00f3n necesario con un solo clic, sin tener que tocar nunca la lente o la c\u00e1mara<\/p>\n<p><img decoding=\"async\" class=\"overview-center-img-web\" src=\"https:\/\/tvc.mx\/media\/662427\/encabezado-1920x400.png\" alt=\"\" \/><\/div>\n<\/div>\n<div class=\"row align-items-center padding-bottom-2x\">\n<div class=\"col-md-5\"><img decoding=\"async\" class=\"d-block m-auto img-thumbnail\" src=\"https:\/\/tvc.mx\/media\/662437\/logo-400x300.png\" alt=\" \" \/><\/div>\n<div class=\"col-md-7 text-md-left text-center\">\n<h2>Caracter\u00edsticas<\/h2>\n<p class=\"text-muted\">\n<ul>\n<li>Giro, inclinaci\u00f3n, ca\u00edda y zoom motorizados (PTRZ) para establecer el campo de visi\u00f3n que se requiera sin tener que tocar la c\u00e1mara ni la lente, lo que permite la configuraci\u00f3n y puesta en marcha por v\u00eda remota<\/li>\n<li>Sensor de 6 MP y tecnolog\u00eda starlight de 1\/1,8&#8243; para proporcionar im\u00e1genes detalladas incluso en condiciones de muy baja iluminaci\u00f3n.<\/li>\n<li>Amplio rango din\u00e1mico para ver todos los detalles en \u00e1reas claras y oscuras de la escena u Intelligent Video Analytics integrado con detecci\u00f3n de objetos para activar alertas y recuperar r\u00e1pidamente datos con los m\u00e1ximos<\/li>\n<li>niveles de fiabilidad<\/li>\n<li>Camera Trainer para entrenar la c\u00e1mara a reconocer objetos de destino especificados por el usuario para objetos en movimiento o no en movimiento<\/li>\n<\/ul>\n<p>&nbsp;<\/p>\n<\/div>\n<\/div>\n<hr class=\"padding-bottom-2x\" \/>\n<div class=\"row aling-items-center padding-bottom-2x\">\n<div class=\"col-lg-12\">\n<h5 class=\"card-title text-center\">Funciones<\/h5>\n<p><strong>Puesta en marcha completa remota<\/strong><\/p>\n<p>Instalar una c\u00e1mara de videovigilancia IP profesional nunca ha sido tan f\u00e1cil. De hecho, como instalador, nunca desear\u00e1 volver a los antiguos m\u00e9todos de instalaci\u00f3n de c\u00e1maras. Hemos simplificado las fases de instalaci\u00f3n y puesta en marcha tal forma que se pueden llevar a cabo en muy poco tiempo.<\/p>\n<p>Gracias a la funci\u00f3n de puesta en marcha remota de la c\u00e1mara FLEXIDOME IP starlight 8000i, no es necesario subir y bajar escaleras. Mediante un PC o un dispositivo m\u00f3vil con la aplicaci\u00f3n Project Assistant de Bosch, puede girar, inclinar, inclinaci\u00f3n, cambar el \u00e1ngulo de ca\u00edda, ajustar el zoom (PTRZ) y apuntar la c\u00e1mara hacia el campo de visi\u00f3n necesario con un solo clic, sin tener que tocar nunca la lente o la c\u00e1mara.<\/p>\n<p>Tambi\u00e9n es posible realizar la configuraci\u00f3n y la puesta en marcha por remota m\u00e1s tarde, despu\u00e9s de haber instalado todas las c\u00e1maras. Basta conectarse a la c\u00e1mara de forma remota a trav\u00e9s de la red mediante la aplicaci\u00f3n Bosch Project Assistant, la interfaz web de la c\u00e1mara o Bosch Configuration Manager.<\/p>\n<p><strong>R\u00e1pido rendimiento<\/strong><\/p>\n<p>La alta resoluci\u00f3n del sensor junto con una velocidad de im\u00e1genes de 30 im\u00e1genes por segundo hacen de esta c\u00e1mara la soluci\u00f3n ideal para capturar objetos en movimiento r\u00e1pido con gran detalle y, al mismo tiempo, proporcionar conocimiento de la situaci\u00f3n.<\/p>\n<p><strong>Rendimiento starlight<\/strong><\/p>\n<p>Al combinar la tecnolog\u00eda de sensores m\u00e1s reciente con capacidades sofisticadas de procesamiento de im\u00e1genes y eliminaci\u00f3n de ruido, el resultado es una sensibilidad excepcional en color. El rendimiento en condiciones de baja iluminaci\u00f3n es tan bueno que la c\u00e1mara sigue ofreciendo un rendimiento excelente en color incluso con una cantidad m\u00ednima de luz ambiental.<\/p>\n<p><strong>Alto rango din\u00e1mico<\/strong><\/p>\n<p>El modo de alto rango din\u00e1mico se basa en un proceso de exposici\u00f3n m\u00faltiple que captura m\u00e1s detalles en las zonas iluminadas y en las sombras, incluso en la misma escena. Como resultado, puede distinguir f\u00e1cilmente los objetos y los detalles, por ejemplo, rostros con un contraluz intenso.<\/p>\n<p>El rango din\u00e1mico real de la c\u00e1mara se mide mediante el an\u00e1lisis de la funci\u00f3n de conversi\u00f3n optoelectr\u00f3nica (OECF) conforme al apartado 5 de IEC 62676.<\/p>\n<p><strong>Modos de escena<\/strong><\/p>\n<p>Dispone de nueve modos configurables con los mejores ajustes para una gran variedad de aplicaciones. Con un solo clic, es posible seleccionar los ajustes de imagen \u00f3ptimos adecuados para las condiciones de cada caso. Es posible seleccionar modos de escena distintos para situaciones distintas, como entornos de tr\u00e1fico o tiendas.<\/p>\n<p><strong>Flujo inteligente<\/strong><\/p>\n<p>Las capacidades de codificaci\u00f3n inteligentes, junto con la tecnolog\u00eda Intelligent Dynamic Noise Reduction y el an\u00e1lisis, reducen el consumo de ancho de banda a niveles extremadamente bajos. Solo es necesario codificar la informaci\u00f3n relevante de la escena, como el movimiento o los objetos encontrados con el an\u00e1lisis.<\/p>\n<p>La c\u00e1mara es capaz de realizar transmisiones de flujo cu\u00e1druple, lo que permite generar flujos configurables independientes para visualizaciones en directo, grabaciones o monitorizaci\u00f3n remota a trav\u00e9s de anchos de banda restringidos.<\/p>\n<p>Es posible adaptar cada uno de estos flujos por separado para ofrecer un v\u00eddeo de alta calidad, perfectamente adaptado a cada finalidad, a la vez que se reduce la tasa de bits hasta un 90 % en comparaci\u00f3n con una c\u00e1mara est\u00e1ndar.<\/p>\n<p><strong>Codificaci\u00f3n de v\u00eddeo de alta eficiencia H.265<\/strong><\/p>\n<p>La c\u00e1mara se ha dise\u00f1ado en la plataforma de codificaci\u00f3n m\u00e1s eficaz y potente H.264 y H.265\/HEVC. La c\u00e1mara tiene capacidad para ofrecer v\u00eddeo de alta calidad y alta resoluci\u00f3n con una carga de la red muy baja. Con el doble de eficiencia de codificaci\u00f3n, H.265 es el est\u00e1ndar de compresi\u00f3n preferido para sistemas de videovigilancia IP.<\/p>\n<p><strong>Grabaci\u00f3n y gesti\u00f3n de almacenamiento<\/strong><\/p>\n<p>La gesti\u00f3n de grabaciones se puede controlar con la aplicaci\u00f3n Bosch Video Recording Manager, o bien la c\u00e1mara puede utilizar el almacenamiento local y destinos iSCSI directamente, sin software de grabaci\u00f3n.<\/p>\n<p>Es posible utilizar el almacenamiento local para grabar \u00aben origen\u00bb o para mejorar la fiabilidad global de la grabaci\u00f3n mediante la tecnolog\u00eda Automatic Network Replenishment (ANR).<\/p>\n<p>La grabaci\u00f3n previa a la alarma en la RAM reduce el consumo de ancho de banda en la red y ampl\u00eda la vida efectiva de la tarjeta de memoria.<\/p>\n<p><strong>Grabaci\u00f3n avanzada en origen<\/strong><\/p>\n<p>La grabaci\u00f3n avanzada en origen proporciona la soluci\u00f3n de almacenamiento m\u00e1s fiable posible gracias a la combinaci\u00f3n de las funciones siguientes:<\/p>\n<ul>\n<li>Tarjetas SD duales que se pueden configurar de las siguientes formas:<\/li>\n<li>\u2013 En espejo, para almacenamiento redundante<\/li>\n<li>\u2013 Como respaldo, para disfrutar de intervalos de mantenimiento m\u00e1s amplios<\/li>\n<li>\u2013 Ampliado, para disponer del tiempo de retenci\u00f3n m\u00e1ximo<\/li>\n<li>La compatibilidad con tarjetas SD de uso industrial permite disfrutar de una vida \u00fatil extrema<\/li>\n<li>La monitorizaci\u00f3n del estado de las tarjetas SD de uso industrial proporciona indicaciones anticipadas de servicio<\/li>\n<\/ul>\n<p><strong>Intelligent Video Analytics en origen<\/strong><\/p>\n<p>La c\u00e1mara incluye la \u00faltima versi\u00f3n de la aplicaci\u00f3n Intelligent Video Analytics de Bosch.<\/p>\n<p>Dise\u00f1ada especialmente para los entornos m\u00e1s exigentes. Proporciona los m\u00e1ximos niveles de precisi\u00f3n para aplicaciones de naturaleza cr\u00edtica, como la protecci\u00f3n perimetral de aeropuertos, infraestructuras cr\u00edticas y edificios gubernamentales, patrulla de fronteras, seguimiento de embarcaciones y control del tr\u00e1fico (por ejemplo, detecci\u00f3n de circulaci\u00f3n en sentido contrario, recuentos de tr\u00e1fico, control de la presencia de veh\u00edculos estacionados en las cunetas).<\/p>\n<p>Intelligent Video Analytics es extremadamente resistente frente a las falsas alarmas provocadas por entornos dif\u00edciles con nieve, viento (\u00e1rboles en movimiento), lluvia, granizo y reflejos de agua. Es ideal para detectar objetos de forma autom\u00e1tica a grandes distancias.<\/p>\n<p>Adem\u00e1s, la configuraci\u00f3n de Video Analytics de Bosch es incomparable, lo cual es una noticia excelente para los instaladores. Si su cliente decide utilizar Intelligent Video Analytics, la configuraci\u00f3n y la calibraci\u00f3n no pueden ser m\u00e1s sencillas. Basta con introducir la altura de la c\u00e1mara y el resto de la calibraci\u00f3n la propia funci\u00f3n Video Analytics se ocupa del resto de la calibraci\u00f3n a partir de la informaci\u00f3n que proporciona el sensor de giro integrado en la c\u00e1mara.<\/p>\n<p><strong>Camera Trainer<\/strong><\/p>\n<p>A partir de los ejemplos de objetos que se desea captar y de objetos que no se desea captar, el programa Camera Trainer utiliza el aprendizaje autom\u00e1tico para permitir al usuario definir los objetos de inter\u00e9s y generar detectores para ellos. A diferencia de los objetos en movimiento que detecta la aplicaci\u00f3n Intelligent Video Analytics, el programa<\/p>\n<p>Camera Trainer detecta tanto los objetos en movimiento como los estacionarios y los clasifica inmediatamente. Mediante Configuration Manager, puede configurar el programa Camera Trainer usando el v\u00eddeo en directo y las grabaciones disponibles a trav\u00e9s de la c\u00e1mara correspondiente. Los detectores resultantes se pueden descargar y cargar para su distribuci\u00f3n a otras c\u00e1maras.<\/p>\n<p>Para activar el programa de Camera Trainer se precisa una licencia gratuita.<\/p>\n<p><strong>Cobertura DORI<\/strong><\/p>\n<p>DORI (Detectar, Observar, Reconocer, Identificar) es un sistema est\u00e1ndar (EN-62676-4) para definir la capacidad que tiene una persona al mirar el v\u00eddeo para distinguir personas u objetos dentro de un \u00e1rea de cobertura.<\/p>\n<p><strong>Seguridad de datos<\/strong><\/p>\n<p>Medidas especiales garantizan el m\u00e1ximo nivel de seguridad para el acceso a los dispositivos y para el transporte de datos. En la configuraci\u00f3n inicial, solo se puede acceder a la c\u00e1mara a trav\u00e9s de canales seguros y con una contrase\u00f1a. El acceso al navegador web y al cliente de visualizaci\u00f3n se puede proteger utilizando HTTPS u otros protocolos seguros compatibles con el protocolo TLS 1.2 de vanguardia con conjuntos de cifrado actualizados que incluyen la codificaci\u00f3n AES con claves de 256 bits. No se puede instalar ning\u00fan software en la c\u00e1mara y solo se puede cargar firmware autentificado. Una protecci\u00f3n con contrase\u00f1a de tres niveles con las recomendaciones de seguridad permite a los usuarios personalizar el acceso a los dispositivos.<\/p>\n<p>El acceso a la red y al dispositivo se puede proteger utilizando la autenticaci\u00f3n de red 802.1x con EAP\/TLS. La protecci\u00f3n contra ataques malintencionados queda completamente garantizada por el cortafuegos para inicio de sesi\u00f3n incorporado, el m\u00f3dulo de plataforma segura (TPM) y la compatibilidad con la infraestructura de claves p\u00fablicas (PKI).<\/p>\n<p>La manipulaci\u00f3n avanzada de certificados ofrece lo siguiente:<\/p>\n<ul>\n<li>Posibilidad de crear autom\u00e1ticamente certificados exclusivos y autofirmados siempre que sea necesario<\/li>\n<li>Certificados de cliente y de servidor para tareas de autenticaci\u00f3n<\/li>\n<li>Certificados de cliente para comprobar la autenticidad<\/li>\n<li>Certificados con claves privadas codificadas<\/li>\n<\/ul>\n<p><strong>Integraci\u00f3n del sistema y conformidad con ONVIF<\/strong><\/p>\n<p>La c\u00e1mara cumple con las especificaciones de ONVIF Profile S, ONVIF Profile G, ONVIF Profile M y ONVIF Profile T. Para la configuraci\u00f3n de H.265, la c\u00e1mara es compatible con Media Service 2, que forma parte de ONVIF Profile T. El cumplimiento de estos est\u00e1ndares garantiza la interoperabilidad entre productos de v\u00eddeo en red con independencia del fabricante.<\/p>\n<p>Los integradores de otros fabricantes pueden acceder f\u00e1cilmente al conjunto de funciones internas de la c\u00e1mara para su integraci\u00f3n en proyectos grandes.<\/p>\n<p>Visite el sitio web de Integration Partner Program(IP P) de Bosch (ipp.boschsecurity.com) para obtener m\u00e1s informaci\u00f3n.<\/p>\n<p><strong>Accesorios universales<\/strong><\/p>\n<p>Existe una gama completa de accesorios universales que permiten utilizar un dise\u00f1o coherente en distintas plataformas y ofrecen una amplia gama de posibilidades de instalaci\u00f3n.<\/p>\n<p>Hay varios accesorios espec\u00edficos disponibles que encajan perfectamente con la c\u00e1mara y ampl\u00edan las distintas opciones de instalaci\u00f3n respecto a las generaciones anteriores.<\/p>\n<p>Las opciones disponibles incluyen: una cubierta para pintar, un protector de la c\u00e1mara para la intemperie, una burbuja de repuesto transparente o tintada, kits de montaje en techo, una caja de vigilancia con opciones de alimentaci\u00f3n y fibra \u00f3ptica y distintas opciones de montaje.<\/p>\n<p><img decoding=\"async\" class=\"overview-center-img-web\" src=\"https:\/\/tvc.mx\/media\/662447\/encabezado-1920x400.png\" alt=\"\" \/><\/div>\n<\/div>\n<div class=\"row align-items-center padding-bottom-2x\">\n<div class=\"col-md-5\"><img decoding=\"async\" class=\"d-block m-auto img-thumbnail\" src=\"https:\/\/tvc.mx\/media\/662567\/400x300-tasa-de-bits.png\" alt=\" \" \/><\/div>\n<div class=\"col-md-7 text-md-left text-center\">\n<h2>Perfil optimizado de la tasa de bits<\/h2>\n<p class=\"text-muted\">\n<p>La tasa de bits media para el perfil optimizado de tasa de bits con codificaci\u00f3n H.265 en kbps para diferentes velocidades de im\u00e1genes se puede encontrar en la tabla siguiente:<\/p>\n<p><strong>Aviso<\/strong><\/p>\n<p>Los valores de tasa de bits reales pueden variar en funci\u00f3n de la complejidad\/actividad de la escena y de los ajustes de imagen.<\/p>\n<p>&nbsp;<\/p>\n<\/div>\n<\/div>\n<hr class=\"padding-bottom-2x\" \/>\n<div class=\"row align-items-center padding-bottom-2x\">\n<div class=\"col-md-5 order-md-2\"><img decoding=\"async\" class=\"d-block m-auto img-thumbnail\" src=\"https:\/\/tvc.mx\/media\/662572\/400x300-dori.png\" alt=\" \" \/><\/div>\n<div class=\"col-md-7 order-md-1 text-md-left text-center\">\n<h2>DORI<\/h2>\n<p class=\"text-muted\">\n<p>A continuaci\u00f3n se muestra la distancia m\u00e1xima a la que una combinaci\u00f3n de c\u00e1mara\/lente puede cumplir estos criterios:<\/p>\n<p><strong>C\u00e1mara de 6 MP con lente de 3,9 mm &#8211; 10 mm o lente de 12 mm &#8211; 40 mm<\/strong><\/p>\n<p>&nbsp;<\/p>\n<\/div>\n<\/div>\n<hr class=\"padding-bottom-2x\" \/>\n<div class=\"row aling-items-center padding-bottom-2x\">\n<div class=\"col-lg-12\">\n<h5 class=\"card-title text-center\">Certificaciones y aprobaciones<\/h5>\n<p>Certificaciones y aprobaciones<\/p>\n<p><img decoding=\"async\" class=\"overview-center-img-web\" src=\"https:\/\/tvc.mx\/media\/662617\/1920x400-normas.png\" alt=\"\" \/><\/div>\n<\/div>\n<div class=\"row align-items-center padding-bottom-2x\">\n<div class=\"col-md-5\"><img decoding=\"async\" class=\"d-block m-auto img-thumbnail\" src=\"https:\/\/tvc.mx\/media\/662642\/400x300-dimensiones.png\" alt=\" \" \/><\/div>\n<div class=\"col-md-7 text-md-left text-center\">\n<h2>Notas de configuraci\u00f3n\/instalaci\u00f3n<\/h2>\n<p class=\"text-muted\">\n<p>Dimensiones en mil\u00edmetros (mm) y pulgadas (in)<\/p>\n<p>&nbsp;<\/p>\n<\/div>\n<\/div>\n<hr class=\"padding-bottom-2x\" \/>\n<div class=\"row aling-items-center padding-bottom-2x\">\n<div class=\"col-lg-12\">\n<h5 class=\"card-title text-center\">Especificaciones clave<\/h5>\n<p><strong>Ajuste del campo de visi\u00f3n:\u00a0<\/strong>Desplazamiento, inclinaci\u00f3n y alabeo motorizados; Zoom; Enfoque autom\u00e1tico\u00a0<strong>Calificaci\u00f3n IP:<\/strong>\u00a0IP66; IP6K9K<\/p>\n<p><strong>Color (lx):<\/strong>\u00a00.04 lx<\/p>\n<p><strong>Compresi\u00f3n de v\u00eddeo:\u00a0<\/strong>H.264 (ISO\/IEC 14496-10); M-JPEG; H.265\/HEVC<\/p>\n<p><strong>Grado de protecci\u00f3n frente a impactos (EN 50102):\u00a0<\/strong>IK10+<\/p>\n<p><strong>Horizontal field of view (\u00b0):\u00a0<\/strong>44 \u2013 117 \u00b0<\/p>\n<p><strong>Longitud focal de la lente (mm):\u00a0<\/strong>3.90 \u2013 10 mm<\/p>\n<p><strong>Monochrome (lx):<\/strong>\u00a00.0059 lx<\/p>\n<p><strong>Resoluci\u00f3n:\u00a0<\/strong>1920 x 1080; 1280 x 1024; 1280 x 720; 704 x 480; 854 x 480; 3072 x 1728; 1920 x 1440; 3264 x 1840\u00a0<strong>Tecnolog\u00eda de poca luz:<\/strong>\u00a0starlight<\/p>\n<p><strong>Temperatura de funcionamiento (\u00b0C):<\/strong>\u00a0-50 \u2013 60 \u00b0C<\/p>\n<p><strong>Temperatura de funcionamiento (\u00b0F):<\/strong>\u00a0-58 \u2013 140 \u00b0F<\/p>\n<p><strong>Tipo de sensor:\u00a0<\/strong>1\/1.8 inch CMOS<\/p>\n<p><strong>Velocidad de fotogramas (fps):\u00a0<\/strong>1 \u2013 30 fps<\/p>\n<p><strong>NDE-8513-R Domo fijo 6MP HDR 3,9-10mm PTRZ IP66<\/strong><\/p>\n<p>Domo fijo.<\/p>\n<\/div>\n<\/div>\n","protected":false},"excerpt":{"rendered":"<p>NDE8513R-Domo fijo 6MP HDR 3,9-10mm PTRZ IP66 NDE-8513-R Domo fijo 6MP HDR 3,9-10mm PTRZ IP66 Domo fijo. La c\u00e1mara de la l\u00ednea de rendimiento FLEXIDOME IP starlight 8000i &#8211; 6 MP ofrece un sensor de 1\/1,8&#8243;, rendimiento starlight y alto rango din\u00e1mico con resoluci\u00f3n de&hellip;<\/p>\n","protected":false},"featured_media":7289,"comment_status":"open","ping_status":"closed","template":"","meta":{"om_disable_all_campaigns":false,"_monsterinsights_skip_tracking":false,"_monsterinsights_sitenote_active":false,"_monsterinsights_sitenote_note":"","_monsterinsights_sitenote_category":0},"product_brand":[],"product_cat":[657],"product_tag":[613,611,612,616,615,610,614,617],"class_list":{"0":"post-7290","1":"product","2":"type-product","3":"status-publish","4":"has-post-thumbnail","6":"product_cat-domo-camaras-ip-bosch-video-vigilancia","7":"product_tag-bosch","8":"product_tag-manhattan","9":"product_tag-saxxon","10":"product_tag-surveon","11":"product_tag-utepo","12":"product_tag-videovigilancia","13":"product_tag-vivotek","14":"product_tag-zteco","16":"first","17":"instock","18":"sale","19":"taxable","20":"shipping-taxable","21":"purchasable","22":"product-type-simple"},"aioseo_notices":[],"_links":{"self":[{"href":"https:\/\/tecsecmty.com\/index.php\/wp-json\/wp\/v2\/product\/7290","targetHints":{"allow":["GET"]}}],"collection":[{"href":"https:\/\/tecsecmty.com\/index.php\/wp-json\/wp\/v2\/product"}],"about":[{"href":"https:\/\/tecsecmty.com\/index.php\/wp-json\/wp\/v2\/types\/product"}],"replies":[{"embeddable":true,"href":"https:\/\/tecsecmty.com\/index.php\/wp-json\/wp\/v2\/comments?post=7290"}],"version-history":[{"count":0,"href":"https:\/\/tecsecmty.com\/index.php\/wp-json\/wp\/v2\/product\/7290\/revisions"}],"wp:featuredmedia":[{"embeddable":true,"href":"https:\/\/tecsecmty.com\/index.php\/wp-json\/wp\/v2\/media\/7289"}],"wp:attachment":[{"href":"https:\/\/tecsecmty.com\/index.php\/wp-json\/wp\/v2\/media?parent=7290"}],"wp:term":[{"taxonomy":"product_brand","embeddable":true,"href":"https:\/\/tecsecmty.com\/index.php\/wp-json\/wp\/v2\/product_brand?post=7290"},{"taxonomy":"product_cat","embeddable":true,"href":"https:\/\/tecsecmty.com\/index.php\/wp-json\/wp\/v2\/product_cat?post=7290"},{"taxonomy":"product_tag","embeddable":true,"href":"https:\/\/tecsecmty.com\/index.php\/wp-json\/wp\/v2\/product_tag?post=7290"}],"curies":[{"name":"wp","href":"https:\/\/api.w.org\/{rel}","templated":true}]}}