{"id":7328,"date":"2023-02-23T16:09:32","date_gmt":"2023-02-23T22:09:32","guid":{"rendered":"https:\/\/tecsecmty.com\/index.php\/producto\/bosch-v_nuc51051f4-flex-idome-ip-micro-5000-mp-ip66-5-mp-lente-3-6\/"},"modified":"2023-03-22T23:22:05","modified_gmt":"2023-03-23T05:22:05","slug":"bosch-v_nuc51051f4-flex-idome-ip-micro-5000-mp-ip66-5-mp-lente-3-6","status":"publish","type":"product","link":"https:\/\/tecsecmty.com\/index.php\/producto\/bosch-v_nuc51051f4-flex-idome-ip-micro-5000-mp-ip66-5-mp-lente-3-6\/","title":{"rendered":"BOSCH V_NUC51051F4 &#8211; FLEX IDOME IP MICRO 5000 MP \/ IP66 \/ 5 MP \/ Lente 3.6"},"content":{"rendered":"<h5 class=\"card-title text-center\">FLEXIDOME IP micro 5000 MP<\/h5>\n<p class=\"ql-align-justify\">Las c\u00e1maras microdomo HD antivand\u00e1licas de 1080p y 5 MP de Bosch son c\u00e1maras de vigilancia profesionales que ofrecen im\u00e1genes MP y HD de alta calidad para las necesidades de redes de vigilancia y seguridad m\u00e1s exigentes. La c\u00e1mara est\u00e1 disponible con una variedad de lentes, incluida una lente ultra gran angular que ofrece un rendimiento excelente sin necesidad de usar software para corregir la deformaci\u00f3n. Las c\u00e1maras est\u00e1n disponibles en versiones de 1080p y 5 MP, adem\u00e1s de una versi\u00f3n especial dise\u00f1ada para el montaje en el interior de veh\u00edculos (IVM) mediante un conector M12.<\/p>\n<p class=\"ql-align-justify\"><strong>Resumen del sistema<\/strong><\/p>\n<p class=\"ql-align-justify\"><strong>Dise\u00f1o compacto, elegante y antivand\u00e1lico<\/strong><\/p>\n<p class=\"ql-align-justify\">Es ideal para su uso en interiores y exteriores, y el dise\u00f1o elegante y compacto es apropiado para instalaciones en las que el tama\u00f1o de la carcasa y su apariencia son importantes. La carcasa de aluminio fundido, la ventana de policarbonato y la cubierta interior endurecida pueden soportar una fuerza equivalente a 55 kg (120 libras) (IK08). La c\u00e1mara est\u00e1 protegida contra agua y polvo seg\u00fan el est\u00e1ndar IP66. Adem\u00e1s, ofrece varias posibilidades de montaje, entre las que se incluyen el montaje en superficie, en pared y suspendido en techo.<\/p>\n<p class=\"ql-align-justify\"><strong>Resoluciones de 1080p o 5 MP con varios flujos<\/strong><\/p>\n<p class=\"ql-align-justify\">La c\u00e1mara est\u00e1 disponible en una versi\u00f3n con una resoluci\u00f3n de 1080p a 30 im\u00e1genes por segundo (ips) o una versi\u00f3n con una resoluci\u00f3n de 5 MP a 12 ips. Esta innovadora funci\u00f3n ofrece varios flujos H.264 junto con un flujo M-JPEG. Estos flujos facilitan una visualizaci\u00f3n y grabaci\u00f3n eficientes con poco uso del ancho de banda, as\u00ed como la integraci\u00f3n con sistemas de gesti\u00f3n de v\u00eddeo de otros fabricantes.<\/p>\n<p class=\"ql-align-justify\"><strong>Zonas de inter\u00e9s y E-PTZ<\/strong><\/p>\n<p class=\"ql-align-justify\">El usuario puede definir las zonas de inter\u00e9s. Los controles remotos E-PTZ de giro, inclinaci\u00f3n y zoom electr\u00f3nicos permiten seleccionar zonas espec\u00edficas de la imagen principal. Estas zonas producen flujos diferentes para una visualizaci\u00f3n y grabaci\u00f3n remotas. Estos flujos, junto con el flujo principal, permiten al operario controlar individualmente la parte m\u00e1s importante de una escena manteniendo la atenci\u00f3n sobre la escena general.<\/p>\n<p class=\"ql-align-justify\"><strong>Grabaci\u00f3n de forma local<\/strong><\/p>\n<p class=\"ql-align-justify\">La ranura admite tarjetas de memoria microSD con capacidad de almacenamiento de hasta 2 TB. Para las grabaciones con alarmas locales se puede usar una tarjeta microSD. La grabaci\u00f3n previa a la alarma en la RAM reduce el ancho de banda de grabaci\u00f3n en la red o, si se utiliza la grabaci\u00f3n en tarjeta microSD, ampl\u00eda la vida efectiva del medio de almacenamiento.<\/p>\n<p class=\"ql-align-justify\"><strong>Funciones b\u00e1sicas<\/strong><\/p>\n<p class=\"ql-align-justify\"><strong>La iDNR reduce los requisitos de ancho de banda y de almacenamiento<\/strong><\/p>\n<p class=\"ql-align-justify\">La c\u00e1mara utiliza la reducci\u00f3n de ruido din\u00e1mico inteligente (iDNR), que analiza activamente el contenido de una escena y reduce el ruido en consecuencia. El bajo nivel de ruido de la imagen y la eficaz tecnolog\u00eda de compresi\u00f3n H.264 ofrecen im\u00e1genes n\u00edtidas, al mismo tiempo que reducen el ancho de banda y el almacenamiento hasta en un 50% en comparaci\u00f3n con otras c\u00e1maras H.264. Esto da como resultado flujos con ancho de banda reducido que mantienen una alta calidad de imagen y un movimiento suave. La c\u00e1mara ofrece la imagen m\u00e1s \u00fatil posible optimizando de forma inteligente la relaci\u00f3n detalle\/ ancho de banda.<\/p>\n<p class=\"ql-align-justify\"><strong>Codificaci\u00f3n basada en zonas<\/strong><\/p>\n<p class=\"ql-align-justify\">La codificaci\u00f3n basada en zonas es otra funci\u00f3n que reduce el ancho de banda. Se pueden ajustar par\u00e1metros de compresi\u00f3n para un m\u00e1ximo de ocho zonas configurables por el usuario. Esto permite realizar una alta compresi\u00f3n de las zonas de poco inter\u00e9s, dejando m\u00e1s ancho de banda para las partes importantes de la escena.<\/p>\n<p class=\"ql-align-justify\"><strong>Aplicaci\u00f3n de seguridad por v\u00eddeo<\/strong><\/p>\n<p class=\"ql-align-justify\">La aplicaci\u00f3n m\u00f3vil de seguridad por v\u00eddeo de Bosch se ha desarrollado para permitir el acceso desde cualquier parte a im\u00e1genes de vigilancia HD y ver im\u00e1genes en directo desde cualquier lugar. La aplicaci\u00f3n est\u00e1 dise\u00f1ada para ofrecer un control absoluto de todas las c\u00e1maras con funciones como giro, inclinaci\u00f3n, zoom o enfoque. Es como llevar su sala de control con usted. Esta aplicaci\u00f3n, junto al transcodificador de Bosch disponible por separado, le permitir\u00e1 utilizar completamente nuestras funciones de transcodificaci\u00f3n din\u00e1mica para que pueda reproducir im\u00e1genes incluso en conexiones de ancho de banda bajo.<\/p>\n<p class=\"ql-align-justify\"><strong>Nota:\u00a0FLEXIDOME IP micro 5000 MP<\/strong>\u00a0C\u00e1mara microdomo MP para exteriores compacta y elegante. IP66; iDNR; zona de inter\u00e9s; d\u00eda\/noche; detecci\u00f3n de sabotaje y movimiento; ajuste de 3 ejes; servicios basados en la nube; aplicaciones de visualizaci\u00f3n gratuita; lente fija de 3,6 mm; 5 MP<strong>\u00a0N\u00famero de pedido: NUC-51051-F4.<\/strong><\/p>\n<p class=\"ql-align-justify\"><strong>\u00a0Principales Caracteristicas:<\/strong><\/p>\n<ul>\n<li class=\"ql-align-justify\">Microdomo para exteriores compacto y elegante.<\/li>\n<li class=\"ql-align-justify\">Resoluciones de 1080p y 5 MP u Zonas de inter\u00e9s y E-PTZ.<\/li>\n<li class=\"ql-align-justify\">Detecci\u00f3n de movimiento y sabotajes.<\/li>\n<li class=\"ql-align-justify\">Alarmas por correo electr\u00f3nico, FTP y Dropbox.<\/li>\n<\/ul>\n<p class=\"ql-align-justify\">\n<p class=\"ql-align-justify\"><strong>Especificaciones:<\/strong><\/p>\n<p class=\"ql-align-justify\"><strong>Alimentaci\u00f3n<\/strong><\/p>\n<ul>\n<li class=\"ql-align-justify\">Tensi\u00f3n de entrada: +12 VCC, +24 VCC (no disponible en la versi\u00f3n IVM) o Alimentaci\u00f3n por Ethernet (nominal de 48 VCC).<\/li>\n<li class=\"ql-align-justify\">Consumo de energ\u00eda: 3,84 W (m\u00e1x.).<\/li>\n<li class=\"ql-align-justify\">PoE: IEEE 802.3af (802.3at tipo 1) Nivel de potencia: clase 1.<\/li>\n<\/ul>\n<p class=\"ql-align-justify\"><strong>V\u00eddeo<\/strong><\/p>\n<p class=\"ql-align-justify\">Tipo de sensor:<\/p>\n<ul>\n<li class=\"ql-align-justify\">CMOS de 1\/2,7 pulg. (1080p).<\/li>\n<li class=\"ql-align-justify\">CMOS de 1\/3 pulg. (5 MP).<\/li>\n<\/ul>\n<p class=\"ql-align-justify\">P\u00edxeles del sensor:<\/p>\n<ul>\n<li class=\"ql-align-justify\">1920 x 1080 (1080p)<\/li>\n<li class=\"ql-align-justify\">2592 x 1944 (5 MP)<\/li>\n<\/ul>\n<p class=\"ql-align-justify\">Sensibilidad 1080p (3200 K, 89% de reflectividad, 30 IRE):<\/p>\n<ul>\n<li class=\"ql-align-justify\">0,4 lx (lente F1.6 de 3,6 mm)<\/li>\n<li class=\"ql-align-justify\">1,0 lx (lente de 2,5 mm, F2.8).<\/li>\n<\/ul>\n<p class=\"ql-align-justify\">Sensibilidad 5 MP (3200 K, 89% de reflectividad, 30 IRE):<\/p>\n<ul>\n<li class=\"ql-align-justify\">0,8 lx (lente F1.6 de 3,6 mm).2,0 lx (lente de 2,5 mm, F2.8)<\/li>\n<\/ul>\n<p class=\"ql-align-justify\">Rango din\u00e1mico:D\u00eda\/noche electr\u00f3nico: Autom\u00e1tico, color, monocromo<\/p>\n<ul>\n<li class=\"ql-align-justify\">76 dB (1080p).<\/li>\n<li class=\"ql-align-justify\">65 dB (5 MP).<\/li>\n<li class=\"ql-align-justify\">Velocidad del obturador:<\/li>\n<\/ul>\n<p class=\"ql-align-justify\">Obturador electr\u00f3nico autom\u00e1tico (AES):<\/p>\n<ul>\n<li class=\"ql-align-justify\">Fijo (de 1\/30 [1\/25] a 1\/15 000 para 1080p)<\/li>\n<li class=\"ql-align-justify\">Fijo (de 1\/12 a 1\/15 000 para 5 MP).<\/li>\n<\/ul>\n<p class=\"ql-align-justify\"><strong>Lente<\/strong><\/p>\n<ul>\n<li class=\"ql-align-justify\">Tipo de lente Fija de 3,6 mm, F1.6 (NUC-51022-F4, NUC-51051-F4)<\/li>\n<li class=\"ql-align-justify\">Fija de 2,5 mm, F2.8 (NUC-51022-F2, NUC-51051-F2)<\/li>\n<li class=\"ql-align-justify\">Montaje de lente: Montaje sobre placa.<\/li>\n<\/ul>\n<p class=\"ql-align-justify\">\u00c1ngulo de visi\u00f3n (H x V):<\/p>\n<ul>\n<li class=\"ql-align-justify\">97\u00b0 x 50,5\u00b0 (NUC-51022-F4).<\/li>\n<li class=\"ql-align-justify\">74\u00b0 x 52\u00b0 (NUC-51051-F4).<\/li>\n<li class=\"ql-align-justify\">135\u00b0 x 75\u00b0 (NUC-51022-F2[M]).<\/li>\n<li class=\"ql-align-justify\">105\u00b0 x 79\u00b0 (NUC-51051-F2[M]).<\/li>\n<\/ul>\n<p class=\"ql-align-justify\"><strong>Mec\u00e1nicas<\/strong><\/p>\n<ul>\n<li class=\"ql-align-justify\">Ajuste de 3 ejes (giro\/inclinaci\u00f3n\/rotaci\u00f3n): \u00b1175\u00ba \/ \u00b170\u00ba \/ \u00b1180\u00ba.<\/li>\n<\/ul>\n<p class=\"ql-align-justify\">Dimensiones:<\/p>\n<ul>\n<li class=\"ql-align-justify\">Di\u00e1metro: 110 mm (4,33 pulg.).<\/li>\n<li class=\"ql-align-justify\">Altura: 55 mm (2,17 pulg.)<\/li>\n<li class=\"ql-align-justify\">Peso: 320 g (11,28 oz) aprox.<\/li>\n<li class=\"ql-align-justify\">Color: RAL 9017, RAL 9003.<\/li>\n<\/ul>\n<p class=\"ql-align-justify\"><strong>Medioambientales<\/strong><\/p>\n<ul>\n<li class=\"ql-align-justify\">Protecci\u00f3n IP: IP66.<\/li>\n<li class=\"ql-align-justify\">Protecci\u00f3n contra impactos: IK08.<\/li>\n<li class=\"ql-align-justify\">Temperatura de funcionamiento: De -30 \u00b0C a +50 \u00b0C (de -22 \u00b0F a +122 \u00b0F)<\/li>\n<li class=\"ql-align-justify\">Temperatura de almacenamiento: De \u201330 \u00b0C a +70 \u00b0C (de \u201322 \u00b0F a +158 \u00b0F).<\/li>\n<li class=\"ql-align-justify\">Humedad: De 0% a 95% de humedad relativa (sin condensaci\u00f3n).<\/li>\n<\/ul>\n<p><img decoding=\"async\" class=\"overview-center-img-\" src=\"https:\/\/tvc.mx\/media\/8349\/Logoopaginas-oficial.png\" alt=\"\" \/><\/p>\n","protected":false},"excerpt":{"rendered":"<p>FLEXIDOME IP micro 5000 MP Las c\u00e1maras microdomo HD antivand\u00e1licas de 1080p y 5 MP de Bosch son c\u00e1maras de vigilancia profesionales que ofrecen im\u00e1genes MP y HD de alta calidad para las necesidades de redes de vigilancia y seguridad m\u00e1s exigentes. La c\u00e1mara est\u00e1&hellip;<\/p>\n","protected":false},"featured_media":7327,"comment_status":"open","ping_status":"closed","template":"","meta":{"om_disable_all_campaigns":false,"_monsterinsights_skip_tracking":false,"_monsterinsights_sitenote_active":false,"_monsterinsights_sitenote_note":"","_monsterinsights_sitenote_category":0},"product_brand":[],"product_cat":[657],"product_tag":[613,611,612,616,615,610,614,617],"class_list":{"0":"post-7328","1":"product","2":"type-product","3":"status-publish","4":"has-post-thumbnail","6":"product_cat-domo-camaras-ip-bosch-video-vigilancia","7":"product_tag-bosch","8":"product_tag-manhattan","9":"product_tag-saxxon","10":"product_tag-surveon","11":"product_tag-utepo","12":"product_tag-videovigilancia","13":"product_tag-vivotek","14":"product_tag-zteco","16":"first","17":"instock","18":"sale","19":"taxable","20":"shipping-taxable","21":"purchasable","22":"product-type-simple"},"aioseo_notices":[],"_links":{"self":[{"href":"https:\/\/tecsecmty.com\/index.php\/wp-json\/wp\/v2\/product\/7328","targetHints":{"allow":["GET"]}}],"collection":[{"href":"https:\/\/tecsecmty.com\/index.php\/wp-json\/wp\/v2\/product"}],"about":[{"href":"https:\/\/tecsecmty.com\/index.php\/wp-json\/wp\/v2\/types\/product"}],"replies":[{"embeddable":true,"href":"https:\/\/tecsecmty.com\/index.php\/wp-json\/wp\/v2\/comments?post=7328"}],"version-history":[{"count":0,"href":"https:\/\/tecsecmty.com\/index.php\/wp-json\/wp\/v2\/product\/7328\/revisions"}],"wp:featuredmedia":[{"embeddable":true,"href":"https:\/\/tecsecmty.com\/index.php\/wp-json\/wp\/v2\/media\/7327"}],"wp:attachment":[{"href":"https:\/\/tecsecmty.com\/index.php\/wp-json\/wp\/v2\/media?parent=7328"}],"wp:term":[{"taxonomy":"product_brand","embeddable":true,"href":"https:\/\/tecsecmty.com\/index.php\/wp-json\/wp\/v2\/product_brand?post=7328"},{"taxonomy":"product_cat","embeddable":true,"href":"https:\/\/tecsecmty.com\/index.php\/wp-json\/wp\/v2\/product_cat?post=7328"},{"taxonomy":"product_tag","embeddable":true,"href":"https:\/\/tecsecmty.com\/index.php\/wp-json\/wp\/v2\/product_tag?post=7328"}],"curies":[{"name":"wp","href":"https:\/\/api.w.org\/{rel}","templated":true}]}}