{"id":7346,"date":"2023-02-23T16:09:55","date_gmt":"2023-02-23T22:09:55","guid":{"rendered":"https:\/\/tecsecmty.com\/index.php\/producto\/zkteco-es855p11cs7cmi-camara-ip-domo-full-color-5-megapixeles-lente-28-mm-alcance-ir-30m-poe-ip67-p2p\/"},"modified":"2023-03-22T23:25:17","modified_gmt":"2023-03-23T05:25:17","slug":"zkteco-es855p11cs7cmi-camara-ip-domo-full-color-5-megapixeles-lente-28-mm-alcance-ir-30m-poe-ip67-p2p","status":"publish","type":"product","link":"https:\/\/tecsecmty.com\/index.php\/producto\/zkteco-es855p11cs7cmi-camara-ip-domo-full-color-5-megapixeles-lente-28-mm-alcance-ir-30m-poe-ip67-p2p\/","title":{"rendered":"ZKTECO ES855P11CS7CMI- C\u00e1mara IP Domo Full Color 5 Megap\u00edxeles \/ Lente 2,8 mm \/ Alcance IR 30m \/ PoE \/ IP67 \/ P2P"},"content":{"rendered":"<div class=\"row aling-items-center padding-bottom-2x\">\n<div class=\"col-lg-12\">\n<h5 class=\"card-title text-center\">Descripci\u00f3n<\/h5>\n<p class=\"ql-align-justify\">La c\u00e1mara domo IP modelo\u00a0<strong>ES-855P11C-S7-C-MI Full Color<\/strong>\u00a0de\u00a0<strong>5 Megap\u00edxeles<\/strong>\u00a0ofrece m\u00faltiples funciones de detecci\u00f3n de rostros l\u00edderes en la industria para activaci\u00f3n de alarmas. La funci\u00f3n de nube P2P est\u00e1 integrada para cada dispositivo, muy conveniente y flexible para la visualizaci\u00f3n remota en tiempo real.<\/p>\n<p><img decoding=\"async\" class=\"overview-center-img-web\" src=\"https:\/\/tvc.mx\/media\/426627\/ZKT0040002---ZKTECO-ES855P11CS7CMI-Banner-ZK-AsistenciaAcceso.png\" alt=\"\" \/><\/div>\n<\/div>\n<div class=\"row align-items-center padding-bottom-2x\">\n<div class=\"col-md-5\"><img decoding=\"async\" class=\"d-block m-auto img-thumbnail\" src=\"https:\/\/tvc.mx\/media\/426615\/ZKComplemento.png\" alt=\" \" \/><\/div>\n<div class=\"col-md-7 text-md-left text-center\">\n<h2>Caracter\u00edsticas.<\/h2>\n<p class=\"text-muted\">\n<p class=\"ql-align-justify\"><strong>Total Color y Starlight<\/strong><\/p>\n<p class=\"ql-align-justify\">Integrada con un lente de gran apertura F1.0 y un sensor de alto rendimiento de 1\/2.8\u201d. Con una mayor cantidad de luz absorbida y un algoritmo de procesamiento de im\u00e1genes avanzado, la c\u00e1mara presenta un rendimiento impresionante con poca luz con un equilibrio excepcional entre la reducci\u00f3n de ruido y la borrosidad de los objetos en movimiento. Con 2 iluminadores LED de color blanco c\u00e1lido, puede proporcionar una imagen colorida y v\u00edvida incluso en la oscuridad total.<\/p>\n<p class=\"ql-align-justify\"><strong>H.265<\/strong><\/p>\n<p class=\"ql-align-justify\">La tecnolog\u00eda H.265 es una optimizaci\u00f3n evolutiva del tradicional H.264. Incluye una serie de estrategias de codificaci\u00f3n, como ROI din\u00e1mico, reducci\u00f3n inteligente de ruido 2D y 3D para entregar videos de alta calidad y ahorrar significativamente hasta un 70 % de ancho de banda y almacenamiento.<\/p>\n<p class=\"ql-align-justify\"><strong>Protecci\u00f3n<\/strong><\/p>\n<p class=\"ql-align-justify\">Con su dise\u00f1o de carcasa de metal robusta y mec\u00e1nica, las c\u00e1maras IP de la serie Total Color 24\/7 con clasificaci\u00f3n IP67 podr\u00edan resistir el agua y el polvo durante mucho tiempo. Con un 10 % de tolerancia de voltaje de entrada, las c\u00e1maras podr\u00edan funcionar de manera segura en condiciones de energ\u00eda extremas o inestables. Con un rango de temperatura de trabajo de -30 \u00b0C a 60 \u00b0C, las c\u00e1maras pueden adaptarse a diversos entornos exteriores hostiles.<\/p>\n<p>&nbsp;<\/p>\n<\/div>\n<\/div>\n<hr class=\"padding-bottom-2x\" \/>\n<div class=\"row align-items-center padding-bottom-2x\">\n<div class=\"col-md-5 order-md-2\"><img decoding=\"async\" class=\"d-block m-auto img-thumbnail\" src=\"https:\/\/tvc.mx\/media\/426607\/ZKT0040002---ZKTECO-ES855P11CS7CMI-Overview-IZQ-o-DER.png\" alt=\" \" \/><\/div>\n<div class=\"col-md-7 order-md-1 text-md-left text-center\">\n<h2>Especificaciones T\u00e9cnicas<\/h2>\n<p class=\"text-muted\">\n<ul>\n<li>Sensor CMOS de 1\/2,8\u201d<\/li>\n<li>Codificaci\u00f3n de flujo triple H.265<\/li>\n<li>Alcance de luz blanca 20m<\/li>\n<li>Lente \u00f3ptico de alta calidad de 2.8 mm<\/li>\n<li>Carcasa met\u00e1lica IP67<\/li>\n<li>Protecci\u00f3n contra rayos hasta 6kV<\/li>\n<li>M\u00faltiples navegadores web compatibles<\/li>\n<li>Visualizaci\u00f3n remota con aplicaci\u00f3n m\u00f3vil o VMS<\/li>\n<\/ul>\n<p>&nbsp;<\/p>\n<\/div>\n<\/div>\n<hr class=\"padding-bottom-2x\" \/>\n<div class=\"row align-items-center padding-bottom-2x\">\n<div class=\"col-md-5\"><img decoding=\"async\" class=\"d-block m-auto img-thumbnail\" src=\"https:\/\/tvc.mx\/media\/589867\/ZKTECO-ZKT0040002-CAMARA-IP-DOMO-5MP-INCLUYE.png\" alt=\" \" \/><\/div>\n<div class=\"col-md-7 text-md-left text-center\">\n<h2>Incluye<\/h2>\n<p class=\"text-muted\">\n<ul>\n<li class=\"ql-align-justify\">C\u00e1mara IP domo de 5mp.<\/li>\n<li class=\"ql-align-justify\">Accesorios.<\/li>\n<li class=\"ql-align-justify\">Plantilla de instalaci\u00f3n.<\/li>\n<li class=\"ql-align-justify\">Poliza de garantia.<\/li>\n<\/ul>\n<\/div>\n<\/div>\n","protected":false},"excerpt":{"rendered":"<p>Descripci\u00f3n La c\u00e1mara domo IP modelo\u00a0ES-855P11C-S7-C-MI Full Color\u00a0de\u00a05 Megap\u00edxeles\u00a0ofrece m\u00faltiples funciones de detecci\u00f3n de rostros l\u00edderes en la industria para activaci\u00f3n de alarmas. La funci\u00f3n de nube P2P est\u00e1 integrada para cada dispositivo, muy conveniente y flexible para la visualizaci\u00f3n remota en tiempo real. Caracter\u00edsticas.&hellip;<\/p>\n","protected":false},"featured_media":7345,"comment_status":"open","ping_status":"closed","template":"","meta":{"om_disable_all_campaigns":false,"_monsterinsights_skip_tracking":false,"_monsterinsights_sitenote_active":false,"_monsterinsights_sitenote_note":"","_monsterinsights_sitenote_category":0},"product_brand":[],"product_cat":[659],"product_tag":[613,611,612,616,615,610,614,617],"class_list":{"0":"post-7346","1":"product","2":"type-product","3":"status-publish","4":"has-post-thumbnail","6":"product_cat-domo-camaras-ip-zkteco-video-vigilancia","7":"product_tag-bosch","8":"product_tag-manhattan","9":"product_tag-saxxon","10":"product_tag-surveon","11":"product_tag-utepo","12":"product_tag-videovigilancia","13":"product_tag-vivotek","14":"product_tag-zteco","16":"first","17":"instock","18":"sale","19":"taxable","20":"shipping-taxable","21":"purchasable","22":"product-type-simple"},"aioseo_notices":[],"_links":{"self":[{"href":"https:\/\/tecsecmty.com\/index.php\/wp-json\/wp\/v2\/product\/7346","targetHints":{"allow":["GET"]}}],"collection":[{"href":"https:\/\/tecsecmty.com\/index.php\/wp-json\/wp\/v2\/product"}],"about":[{"href":"https:\/\/tecsecmty.com\/index.php\/wp-json\/wp\/v2\/types\/product"}],"replies":[{"embeddable":true,"href":"https:\/\/tecsecmty.com\/index.php\/wp-json\/wp\/v2\/comments?post=7346"}],"version-history":[{"count":0,"href":"https:\/\/tecsecmty.com\/index.php\/wp-json\/wp\/v2\/product\/7346\/revisions"}],"wp:featuredmedia":[{"embeddable":true,"href":"https:\/\/tecsecmty.com\/index.php\/wp-json\/wp\/v2\/media\/7345"}],"wp:attachment":[{"href":"https:\/\/tecsecmty.com\/index.php\/wp-json\/wp\/v2\/media?parent=7346"}],"wp:term":[{"taxonomy":"product_brand","embeddable":true,"href":"https:\/\/tecsecmty.com\/index.php\/wp-json\/wp\/v2\/product_brand?post=7346"},{"taxonomy":"product_cat","embeddable":true,"href":"https:\/\/tecsecmty.com\/index.php\/wp-json\/wp\/v2\/product_cat?post=7346"},{"taxonomy":"product_tag","embeddable":true,"href":"https:\/\/tecsecmty.com\/index.php\/wp-json\/wp\/v2\/product_tag?post=7346"}],"curies":[{"name":"wp","href":"https:\/\/api.w.org\/{rel}","templated":true}]}}