{"id":7388,"date":"2023-02-23T16:10:48","date_gmt":"2023-02-23T22:10:48","guid":{"rendered":"https:\/\/tecsecmty.com\/index.php\/producto\/zkteco-lprs4000-camara-de-reconocimiento-de-placas-semaforo-administracion-de-residentes-y-visitantes-reconoce-la-placa-a-una-distancia-de-2-hasta-10-metros-pantalla-led-configurable-requi\/"},"modified":"2023-03-22T23:25:26","modified_gmt":"2023-03-23T05:25:26","slug":"zkteco-lprs4000-camara-de-reconocimiento-de-placas-semaforo-administracion-de-residentes-y-visitantes-reconoce-la-placa-a-una-distancia-de-2-hasta-10-metros-pantalla-led-configurable-requi","status":"publish","type":"product","link":"https:\/\/tecsecmty.com\/index.php\/producto\/zkteco-lprs4000-camara-de-reconocimiento-de-placas-semaforo-administracion-de-residentes-y-visitantes-reconoce-la-placa-a-una-distancia-de-2-hasta-10-metros-pantalla-led-configurable-requi\/","title":{"rendered":"ZKTECO LPRS4000 &#8211; C\u00e1mara de Reconocimiento de Placas \/ Sem\u00e1foro \/ Administraci\u00f3n de Residentes y Visitantes \/ Reconoce la Placa a una distancia de 2 hasta 10 Metros \/ Pantalla Led Configurable \/ Requiere Licencia de Estacionamiento de Biosecurity"},"content":{"rendered":"<div class=\"row aling-items-center padding-bottom-2x\">\n<div class=\"col-lg-12\">\n<h5 class=\"card-title text-center\">Informaci\u00f3n General<\/h5>\n<p class=\"ql-align-justify\">LPRS4000\u00a0adopta una estructura todo en uno con un optimizado dise\u00f1o de su estructura, colores brillantes de tr\u00e1\ufb01co, gris y amarillo, lo que lo hace ideal para escenarios de entrada y salida de veh\u00edculos, integra una c\u00e1mara LPR, pantalla de visualizaci\u00f3n, transmisi\u00f3n de voz, luz de relleno.<\/p>\n<p><img decoding=\"async\" class=\"overview-center-img-web\" src=\"https:\/\/tvc.mx\/media\/476548\/Camara-de-Reconocimiento-de-Placas-Pantalla-LED-Configurable-Sem%C3%A1foro-Descripci%C3%B3n-LPRS4000-ZKTECO.png\" alt=\"\" \/><\/div>\n<\/div>\n<div class=\"row align-items-center padding-bottom-2x\">\n<div class=\"col-md-5 order-md-2\"><img decoding=\"async\" class=\"d-block m-auto img-thumbnail\" src=\"https:\/\/tvc.mx\/media\/476550\/Camara-de-Reconocimiento-de-Placas-Pantalla-LED-Configurable-Sem%C3%A1foro-Caracter%C3%ADsticas-LPRS4000-ZKTECO.png\" alt=\" \" \/><\/div>\n<div class=\"col-md-7 order-md-1 text-md-left text-center\">\n<h2>Caracter\u00edsticas<\/h2>\n<p class=\"text-muted\">\n<h5><strong>Dise\u00f1o industrial y elegante apariencia<\/strong><\/h5>\n<p>\u2022 Estructura todo en uno con dise\u00f1o aerodin\u00e1mico.<\/p>\n<p>\u2022 Elegante apariencia, con colores brillantes de tr\u00e1\ufb01co.<\/p>\n<p>\u2022 Adecuado especialmente para lugares de gama alta como aeropuertos u hoteles.<\/p>\n<p>&nbsp;<\/p>\n<\/div>\n<\/div>\n<hr class=\"padding-bottom-2x\" \/>\n<div class=\"row align-items-center padding-bottom-2x\">\n<div class=\"col-md-5\"><img decoding=\"async\" class=\"d-block m-auto img-thumbnail\" src=\"https:\/\/tvc.mx\/media\/476486\/Camara-de-Reconocimiento-de-Placas-Pantalla-LED-Configurable-Sem%C3%A1foro-Software-LPRS4000-ZKTECO.png\" alt=\" \" \/><\/div>\n<div class=\"col-md-7 text-md-left text-center\">\n<h2>Software para gesti\u00f3n de estacionamientos<\/h2>\n<p class=\"text-muted\">\n<ul>\n<li>Administraci\u00f3n de entrada y salida de veh\u00edculos residentes y visitantes.<\/li>\n<li>Reglas de estacionamiento personalizables.<\/li>\n<\/ul>\n<p>&nbsp;<\/p>\n<\/div>\n<\/div>\n<hr class=\"padding-bottom-2x\" \/>\n<div class=\"row align-items-center padding-bottom-2x\">\n<div class=\"col-md-5 order-md-2\"><img decoding=\"async\" class=\"d-block m-auto img-thumbnail\" src=\"https:\/\/tvc.mx\/media\/476546\/Camara-de-Reconocimiento-de-Placas-Pantalla-LED-Configurable-Sem%C3%A1foro-Algoritmo-LPRS4000-ZKTECO.png\" alt=\" \" \/><\/div>\n<div class=\"col-md-7 order-md-1 text-md-left text-center\">\n<h2>Algoritmo LPR l\u00edder en la industr\u00eda<\/h2>\n<p class=\"text-muted\">\n<ul>\n<li>Desarrollo completamente independiente del algoritmo<\/li>\n<li>Servicio permanente y gratuito de actualizaci\u00f3n del algoritmo.<\/li>\n<li>99.7% de precisi\u00f3n en reconocimiento de placas.<\/li>\n<li>La velocidad de reconocimiento de placas es menor a 200 ms.<\/li>\n<\/ul>\n<p>&nbsp;<\/p>\n<\/div>\n<\/div>\n<hr class=\"padding-bottom-2x\" \/>\n<div class=\"row align-items-center padding-bottom-2x\">\n<div class=\"col-md-5\"><img decoding=\"async\" class=\"d-block m-auto img-thumbnail\" src=\"https:\/\/tvc.mx\/media\/476522\/Camara-de-Reconocimiento-de-Placas-Pantalla-LED-Configurable-Sem%C3%A1foro-Display-LPRS4000-ZKTECO.png\" alt=\" \" \/><\/div>\n<div class=\"col-md-7 text-md-left text-center\">\n<h2>Localizador de pantalla y voz<\/h2>\n<p class=\"text-muted\">\n<ul>\n<li>Visualizaci\u00f3n en tiempo real del n\u00famero de la placa, hora de ingreso, espacios de estacionamiento disponibles, tarifa de estacionamiento, entre otros datos.<\/li>\n<li>Transmisi\u00f3n de voz.<\/li>\n<\/ul>\n<p>&nbsp;<\/p>\n<\/div>\n<\/div>\n<hr class=\"padding-bottom-2x\" \/>\n<div class=\"row align-items-center padding-bottom-2x\">\n<div class=\"col-md-5 order-md-2\"><img decoding=\"async\" class=\"d-block m-auto img-thumbnail\" src=\"https:\/\/tvc.mx\/media\/91719\/TVC-LPRS4000-.jpg\" alt=\" \" \/><\/div>\n<div class=\"col-md-7 order-md-1 text-md-left text-center\">\n<h2>Especificaciones T\u00e9cnicas<\/h2>\n<p class=\"text-muted\">\n<p>Modelo LPRS4000<\/p>\n<ul>\n<li>\u00cdndice de Reconocimiento D\u00eda \u2265 99.9%; Noche \u2265 99.7%<\/li>\n<li>Distancia de Reconocimiento 2-10 m (Distancia recomendada 3.5-4 m)<\/li>\n<li>Tiempo de Reconocimiento \u2265200 ms (En promedio)<\/li>\n<li>Velocidad del Veh\u00edculo \u226515km\/h<\/li>\n<li>Velocidad Adaptable al Veh\u00edculo Tailandia, Argentina, M\u00e9xico, Chile, Colombia, Turqu\u00eda, Arabia Saudita, Sud\u00e1frica, Brasil, Per\u00fa, Mongolia, etc.<\/li>\n<li>Informaci\u00f3n de salida N\u00famero de matr\u00edcula, Imagen de matr\u00edcula, Tiempo de acceso<\/li>\n<\/ul>\n<p>PAR\u00c1METROS DE LA C\u00c1MARA<\/p>\n<ul>\n<li>CPU A7@600 MHz, 32 KBI-cache\/ 32 KB D-cache\/128KB<\/li>\n<li>Flash NOR FLASH 32M<\/li>\n<li>Memoria RAM DDR3,256M<\/li>\n<li>Sensor de Imagen 1\/2.8&#8243; SONY 290 CMOS<\/li>\n<li>Lente 2MP, Enfoque Autom\u00e1tico 3.2 mm &#8211; 11.1 mm<\/li>\n<li>Resoluci\u00f3n 1920\u00d71080P<\/li>\n<li>Iluminaci\u00f3n M\u00ednima 0.1Lux (Est\u00e1ndar)<\/li>\n<li>Compresi\u00f3n de Video Est\u00e1ndar H264<\/li>\n<li>Bit Rate de Compresi\u00f3n de Video 32Kbps &#8211; 16 Mbps<\/li>\n<li>Transmisi\u00f3n Principal 1920&#215;1080,1280&#215;720 (Opcional), 1-25 fps (25 est\u00e1ndar)<\/li>\n<li>Transmisi\u00f3n Secundaria 704&#215;576, 640&#215;480, 320&#215;240 (Opcional), 1-25 fps (25 est\u00e1ndar)<\/li>\n<li>Comunicaci\u00f3n TCP\/IP (10\/100Mbps)<\/li>\n<li>Interfaz 2 Relevadores, 2 Salidas RS485, Entrada y Salida de Audio, Entrada para Estado de la Barrera, Entrada y Salida Wiegand<\/li>\n<li>Almacenamiento Tarjeta TF (Est\u00e1ndar 8G, M\u00e1ximo 32G)<\/li>\n<li>Modo de Operaci\u00f3n Activador de Video<\/li>\n<li>Protecci\u00f3n IP65<\/li>\n<li>Voltaje de Operaci\u00f3n 12V DC<\/li>\n<li>Temperatura de Operaci\u00f3n -20\u00b0C hasta 55\u00b0C<\/li>\n<li>Humedad de Operaci\u00f3n \u2265 90%<\/li>\n<\/ul>\n<\/div>\n<\/div>\n","protected":false},"excerpt":{"rendered":"<p>Informaci\u00f3n General LPRS4000\u00a0adopta una estructura todo en uno con un optimizado dise\u00f1o de su estructura, colores brillantes de tr\u00e1\ufb01co, gris y amarillo, lo que lo hace ideal para escenarios de entrada y salida de veh\u00edculos, integra una c\u00e1mara LPR, pantalla de visualizaci\u00f3n, transmisi\u00f3n de voz,&hellip;<\/p>\n","protected":false},"featured_media":7387,"comment_status":"open","ping_status":"closed","template":"","meta":{"om_disable_all_campaigns":false,"_monsterinsights_skip_tracking":false,"_monsterinsights_sitenote_active":false,"_monsterinsights_sitenote_note":"","_monsterinsights_sitenote_category":0},"product_brand":[],"product_cat":[664],"product_tag":[613,611,612,616,615,610,614,617],"class_list":{"0":"post-7388","1":"product","2":"type-product","3":"status-publish","4":"has-post-thumbnail","6":"product_cat-lpr-camaras-ip-zkteco-video-vigilancia","7":"product_tag-bosch","8":"product_tag-manhattan","9":"product_tag-saxxon","10":"product_tag-surveon","11":"product_tag-utepo","12":"product_tag-videovigilancia","13":"product_tag-vivotek","14":"product_tag-zteco","16":"first","17":"instock","18":"sale","19":"taxable","20":"shipping-taxable","21":"purchasable","22":"product-type-simple"},"aioseo_notices":[],"_links":{"self":[{"href":"https:\/\/tecsecmty.com\/index.php\/wp-json\/wp\/v2\/product\/7388","targetHints":{"allow":["GET"]}}],"collection":[{"href":"https:\/\/tecsecmty.com\/index.php\/wp-json\/wp\/v2\/product"}],"about":[{"href":"https:\/\/tecsecmty.com\/index.php\/wp-json\/wp\/v2\/types\/product"}],"replies":[{"embeddable":true,"href":"https:\/\/tecsecmty.com\/index.php\/wp-json\/wp\/v2\/comments?post=7388"}],"version-history":[{"count":0,"href":"https:\/\/tecsecmty.com\/index.php\/wp-json\/wp\/v2\/product\/7388\/revisions"}],"wp:featuredmedia":[{"embeddable":true,"href":"https:\/\/tecsecmty.com\/index.php\/wp-json\/wp\/v2\/media\/7387"}],"wp:attachment":[{"href":"https:\/\/tecsecmty.com\/index.php\/wp-json\/wp\/v2\/media?parent=7388"}],"wp:term":[{"taxonomy":"product_brand","embeddable":true,"href":"https:\/\/tecsecmty.com\/index.php\/wp-json\/wp\/v2\/product_brand?post=7388"},{"taxonomy":"product_cat","embeddable":true,"href":"https:\/\/tecsecmty.com\/index.php\/wp-json\/wp\/v2\/product_cat?post=7388"},{"taxonomy":"product_tag","embeddable":true,"href":"https:\/\/tecsecmty.com\/index.php\/wp-json\/wp\/v2\/product_tag?post=7388"}],"curies":[{"name":"wp","href":"https:\/\/api.w.org\/{rel}","templated":true}]}}