{"id":7406,"date":"2023-02-23T16:11:12","date_gmt":"2023-02-23T22:11:12","guid":{"rendered":"https:\/\/tecsecmty.com\/index.php\/producto\/bosch-v_ndp-7602z30oc-autodome-inteox-7000i-2mp-oc-30x-colgante-h-265-deteccion-de-trafico\/"},"modified":"2023-03-22T23:22:01","modified_gmt":"2023-03-23T05:22:01","slug":"bosch-v_ndp-7602z30oc-autodome-inteox-7000i-2mp-oc-30x-colgante-h-265-deteccion-de-trafico","status":"publish","type":"product","link":"https:\/\/tecsecmty.com\/index.php\/producto\/bosch-v_ndp-7602z30oc-autodome-inteox-7000i-2mp-oc-30x-colgante-h-265-deteccion-de-trafico\/","title":{"rendered":"BOSCH V_NDP-7602Z30OC- AUTODOME inteox 7000i 2MP OC\/ 30x\/ Colgante\/ H.265\/ Detecci\u00f3n de tr\u00e1fico"},"content":{"rendered":"<div class=\"row aling-items-center padding-bottom-2x\">\n<div class=\"col-lg-12\">\n<h5 class=\"card-title text-center\">Descripci\u00f3n inicial<\/h5>\n<p><strong>AUTODOME inteox 7000i<\/strong><\/p>\n<p><img decoding=\"async\" class=\"overview-center-img-web\" src=\"https:\/\/tvc.mx\/media\/251623\/BANNER-CCTV.png\" alt=\"\" \/><\/div>\n<\/div>\n<div class=\"row align-items-center padding-bottom-2x\">\n<div class=\"col-md-5 order-md-2\"><img decoding=\"async\" class=\"d-block m-auto img-thumbnail\" src=\"https:\/\/tvc.mx\/media\/251683\/AUTODOME-inteox-7000i_400x300.PNG\" alt=\" \" \/><\/div>\n<div class=\"col-md-7 order-md-1 text-md-left text-center\">\n<h2>Caracter\u00edsticas y Especificaciones<\/h2>\n<p class=\"text-muted\">\n<p>Detecci\u00f3n de tr\u00e1fico basada en IA para control de tr\u00e1fico (no se requiere calibraci\u00f3n de la c\u00e1mara)<\/p>\n<p>Plataforma abierta que permite aplicaciones de otros fabricantes de la Application Store de Security &amp; Safety Things<\/p>\n<p>Tecnolog\u00eda Starlight con excelente rendimiento con baja iluminaci\u00f3n y Alto rango din\u00e1mico de 120 dB para ver detalles en condiciones de iluminaci\u00f3n adversas<\/p>\n<p>Funciones de transmisi\u00f3n flexible que impulsan tres flujos independientes<\/p>\n<p>Intelligent Video Analytics integrado avisa a los operadores en caso de actividad inusual en la escena<\/p>\n<p>La c\u00e1mara AUTODOME inteox 7000i es una c\u00e1mara de vigilancia PTZ avanzada de 30x basada en un sistema operativo abierto, basado en OSSA, a partir de Security and Safety Things. Gracias a la tecnolog\u00eda de captura de imagen starlight, que ofrece una excelente sensibilidad con poca luz, la versi\u00f3n de Video Analytics m\u00e1s completa del mercado y flujos de v\u00eddeo, la c\u00e1mara proporciona una calidad de imagen inigualable. Incluso en las peores condiciones de iluminaci\u00f3n, la c\u00e1mara proporciona v\u00eddeo de alta definici\u00f3n (HD) de 1080p. F\u00e1cil de instalar, la c\u00e1mara est\u00e1 disponible en una carcasa suspendida para exteriores de eficacia probada, o bien en una carcasa de montaje en techo para interiores. Plataforma de c\u00e1mara inteligente abierta, flexible y ampliable La c\u00e1mara dispone de un potente procesador integrado con hardware dedicado que admite el aprendizaje autom\u00e1tico avanzado y Video Analytics basado en redes neuronales. Todas las c\u00e1maras con esta plataforma ofrecen una alta calidad de imagen, Video Analytics integrado, gesti\u00f3n inteligente de la tasa de bits y los niveles m\u00e1s<\/p>\n<p class=\"ql-align-justify\">altos de seguridad de datos. La plataforma tambi\u00e9n ofrece la flexibilidad necesaria para personalizar la c\u00e1mara seg\u00fan sus requisitos espec\u00edficos. La plataforma de la c\u00e1mara se integra con la infraestructura de nube de Security and Safety Things para la administraci\u00f3n de aplicaciones en todos los dispositivos. Adem\u00e1s, Bosch ofrece servicios y gesti\u00f3n avanzada de dispositivos mediante Bosch Remote Portal (https:\/\/remote.boschsecurity.com\/). Desde Bosch Remote Portal es posible realizar las acciones siguientes de forma remota:<\/p>\n<p class=\"ql-align-justify\">\u2022 Realizar la configuraci\u00f3n inicial completa de los dispositivos de Bosch conectados y en l\u00ednea.<\/p>\n<p class=\"ql-align-justify\">\u2022 Actualizar el firmware de uno o m\u00e1s dispositivos.<\/p>\n<p class=\"ql-align-justify\">\u2022 Gestionar certificados mediante Configuration Manager o la interfaz web de la c\u00e1mara.<\/p>\n<p class=\"ql-align-justify\">\u2022 Monitorizar el estado de los dispositivos Bosch conectados y recibir alertas sobre ellos.<\/p>\n<p class=\"ql-align-justify\">\u2022 Conectar los dispositivos Bosch al portal Security and Safety Things para gestionar aplicaciones.<\/p>\n<p class=\"ql-align-justify\">Detecci\u00f3n de tr\u00e1fico basada en IA para control de tr\u00e1fico La c\u00e1mara incluye un detector de tr\u00e1fico basado en IA para detectar y realizar un seguimiento de autom\u00f3viles delante de sem\u00e1foros, en cruces, carreteras, autopistas y t\u00faneles. Incluso en zonas con tr\u00e1fico intenso, tales como veh\u00edculos detenidos en sem\u00e1foros o en atascos, el detector de tr\u00e1fico basado en IA separa de forma fiable los distintos autom\u00f3viles para obtener resultados precisos.<\/p>\n<p class=\"ql-align-justify\"><strong>Funciones<\/strong><\/p>\n<p class=\"ql-align-justify\">Excepcional rendimiento en condiciones de baja iluminaci\u00f3n Al combinar la tecnolog\u00eda de sensores m\u00e1s reciente con una sofisticada eliminaci\u00f3n de ruido, el resultado es una sensibilidad excepcional en color. El rendimiento en condiciones de baja iluminaci\u00f3n es tan bueno que la c\u00e1mara sigue ofreciendo un rendimiento excelente en color incluso con una cantidad m\u00ednima de luz ambiental.<\/p>\n<p class=\"ql-align-justify\"><strong>High dynamic range (Alto rango din\u00e1mico)<\/strong><\/p>\n<p class=\"ql-align-justify\">El rango din\u00e1mico de la c\u00e1mara es excepcional y destaca en las comparaciones de rendimiento en condiciones reales. En el modo de rango din\u00e1mico ampliado, la c\u00e1mara utiliza un obturador electr\u00f3nico para captar cuatro im\u00e1genes con tiempos de exposici\u00f3n distintos y reproducir fotogramas con alto contraste. El resultado es que se pueden ver detalles tanto en las \u00e1reas iluminadas (reflejos) como las zonas oscuras (sombras) de la escena al mismo tiempo. Es posible distinguir f\u00e1cilmente objetos y caracter\u00edsticas (por ejemplo, rostros) en condiciones de contraluz intenso.<\/p>\n<p class=\"ql-align-justify\"><strong>Codificaci\u00f3n de v\u00eddeo de alta eficiencia H.265<\/strong><\/p>\n<p class=\"ql-align-justify\">La c\u00e1mara se ha dise\u00f1ado en la plataforma de codificaci\u00f3n m\u00e1s eficaz y potente H.264 y H.265\/ HEVC. La c\u00e1mara tiene capacidad para ofrecer v\u00eddeo de alta calidad y alta resoluci\u00f3n con una carga de la red muy baja. Con el doble de eficiencia de codificaci\u00f3n, H.265 es el nuevo est\u00e1ndar de compresi\u00f3n preferido para sistemas de vigilancia con v\u00eddeo IP. M\u00e1s flexibilidad en funciones de transmisi\u00f3n\u00a0<strong>La c\u00e1mara tiene tres flujos de codificador independientes.<\/strong><\/p>\n<p class=\"ql-align-justify\">Los usuarios pueden configurar cada flujo por separado para cambiar la resoluci\u00f3n de v\u00eddeo y la velocidad de im\u00e1genes. Los usuarios tienen dos opciones:<\/p>\n<p class=\"ql-align-justify\">1. Permitir a la c\u00e1mara funcionar seg\u00fan sus m\u00e1ximas posibilidades sobre la base del rendimiento de codificaci\u00f3n entre todos los flujos por igual.<\/p>\n<p class=\"ql-align-justify\">2. Priorizar uno de los tres flujos, por ejemplo, para garantizar la \u00abcalidad del servicio\u00bb del flujo de grabaci\u00f3n.<\/p>\n<p class=\"ql-align-justify\">Los usuarios pueden seleccionar el est\u00e1ndar de codificaci\u00f3n (H.264\/H.265) de cada flujo. Adem\u00e1s, cada flujo dispone de su propio conjunto de 8 perfiles de codificador que los usuarios pueden configurar. Intelligent\u00a0Video\u00a0Analytics en origen Este concepto de inteligencia en origen permite que se tome una decisi\u00f3n sobre qu\u00e9 v\u00eddeos se capturan seg\u00fan el an\u00e1lisis de contenido de v\u00eddeo. Al seleccionar solo el v\u00eddeo de alarma para el flujo de v\u00eddeo o la grabaci\u00f3n, se utiliza menos ancho de banda y espacio de almacenamiento. Las condiciones de alarma se pueden indicar mediante una salida de rel\u00e9 en la unidad o una conexi\u00f3n de alarma para transmitir el v\u00eddeo a un decodificador o a un sistema de gesti\u00f3n de v\u00eddeo. Las alarmas tambi\u00e9n se pueden enviar a un sistema de gesti\u00f3n de v\u00eddeo para iniciar situaciones de alarma prolongadas. Adem\u00e1s de crear alarmas, Intelligent\u00a0Video\u00a0Analytics genera metadatos que describen el contenido de la escena analizada. Estos metadatos se env\u00edan a trav\u00e9s de la red (y se pueden grabar) junto con el flujo de v\u00eddeo. Con un dise\u00f1o pensado para el futuro, la c\u00e1mara puede abordar nuevos casos de uso con detecciones m\u00e1s fiables y, por lo tanto, m\u00e1s informaci\u00f3n sobre lo que sucede en una escena. Seg\u00fan el principio de plataforma abierta,\u00a0<strong>Intelligent\u00a0Video\u00a0Analytics de Bosch y aplicaciones de otros fabricantes de Application Store de Security and Safety Things aprovechan estas capacidades.<\/strong><\/p>\n<p class=\"ql-align-justify\">Video Analytics mientras la c\u00e1mara est\u00e1 en movimiento Fuera de posiciones prefijadas e incluso mientras la c\u00e1mara PTZ est\u00e1 en movimiento, ya sea en rondas de vigilancia o manualmente, la aplicaci\u00f3n Intelligent\u00a0Video\u00a0Analytics puede detectar e iniciar alarmas cuando los objetos se encuentran en los campos de alarma. Estos campos de alarma se definen una sola vez para todas las vistas de c\u00e1mara PTZ. La c\u00e1mara puede activar autom\u00e1ticamente una alarma si se activa cualquier parte de un campo de su vista mientras realiza una ronda de vigilancia por las \u00e1reas monitorizadas. Regi\u00f3n de Exposici\u00f3n Autom\u00e1tica (AE) y regi\u00f3n de enfoque Con la funci\u00f3n de Exposici\u00f3n Autom\u00e1tica (EA), la c\u00e1mara calcula el estado de iluminaci\u00f3n de toda la escena. A continuaci\u00f3n, la c\u00e1mara determina el nivel \u00f3ptimo de iris, ganancia y velocidad del obturador. En el modo de regi\u00f3n de EA, los usuarios pueden designar un \u00e1rea concreta de la escena en funci\u00f3n de las posiciones prefijadas. La c\u00e1mara calcula la condici\u00f3n de iluminaci\u00f3n del \u00e1rea especificada. A continuaci\u00f3n, la c\u00e1mara determina el nivel \u00f3ptimo de iris, ganancia y velocidad del obturador para obtener una imagen. El modo de regi\u00f3n de enfoque, a diferencia del modo auto foco normal, permite a los usuarios centrar su atenci\u00f3n en un \u00e1rea especificada de la escena<\/p>\n<\/div>\n<\/div>\n","protected":false},"excerpt":{"rendered":"<p>Descripci\u00f3n inicial AUTODOME inteox 7000i Caracter\u00edsticas y Especificaciones Detecci\u00f3n de tr\u00e1fico basada en IA para control de tr\u00e1fico (no se requiere calibraci\u00f3n de la c\u00e1mara) Plataforma abierta que permite aplicaciones de otros fabricantes de la Application Store de Security &amp; Safety Things Tecnolog\u00eda Starlight con&hellip;<\/p>\n","protected":false},"featured_media":7405,"comment_status":"open","ping_status":"closed","template":"","meta":{"om_disable_all_campaigns":false,"_monsterinsights_skip_tracking":false,"_monsterinsights_sitenote_active":false,"_monsterinsights_sitenote_note":"","_monsterinsights_sitenote_category":0},"product_brand":[],"product_cat":[665],"product_tag":[613,611,612,616,615,610,614,617],"class_list":{"0":"post-7406","1":"product","2":"type-product","3":"status-publish","4":"has-post-thumbnail","6":"product_cat-ptz-camaras-ip-bosch-video-vigilancia","7":"product_tag-bosch","8":"product_tag-manhattan","9":"product_tag-saxxon","10":"product_tag-surveon","11":"product_tag-utepo","12":"product_tag-videovigilancia","13":"product_tag-vivotek","14":"product_tag-zteco","16":"first","17":"instock","18":"sale","19":"taxable","20":"shipping-taxable","21":"purchasable","22":"product-type-simple"},"aioseo_notices":[],"_links":{"self":[{"href":"https:\/\/tecsecmty.com\/index.php\/wp-json\/wp\/v2\/product\/7406","targetHints":{"allow":["GET"]}}],"collection":[{"href":"https:\/\/tecsecmty.com\/index.php\/wp-json\/wp\/v2\/product"}],"about":[{"href":"https:\/\/tecsecmty.com\/index.php\/wp-json\/wp\/v2\/types\/product"}],"replies":[{"embeddable":true,"href":"https:\/\/tecsecmty.com\/index.php\/wp-json\/wp\/v2\/comments?post=7406"}],"version-history":[{"count":0,"href":"https:\/\/tecsecmty.com\/index.php\/wp-json\/wp\/v2\/product\/7406\/revisions"}],"wp:featuredmedia":[{"embeddable":true,"href":"https:\/\/tecsecmty.com\/index.php\/wp-json\/wp\/v2\/media\/7405"}],"wp:attachment":[{"href":"https:\/\/tecsecmty.com\/index.php\/wp-json\/wp\/v2\/media?parent=7406"}],"wp:term":[{"taxonomy":"product_brand","embeddable":true,"href":"https:\/\/tecsecmty.com\/index.php\/wp-json\/wp\/v2\/product_brand?post=7406"},{"taxonomy":"product_cat","embeddable":true,"href":"https:\/\/tecsecmty.com\/index.php\/wp-json\/wp\/v2\/product_cat?post=7406"},{"taxonomy":"product_tag","embeddable":true,"href":"https:\/\/tecsecmty.com\/index.php\/wp-json\/wp\/v2\/product_tag?post=7406"}],"curies":[{"name":"wp","href":"https:\/\/api.w.org\/{rel}","templated":true}]}}