{"id":7464,"date":"2023-02-23T16:12:27","date_gmt":"2023-02-23T22:12:27","guid":{"rendered":"https:\/\/tecsecmty.com\/index.php\/producto\/vivotek-ie9232-f-vast-face-server-servidor-de-reconocimiento-facial-incluye-1-canal-soporta-hasta-6-canales\/"},"modified":"2023-03-22T23:24:46","modified_gmt":"2023-03-23T05:24:46","slug":"vivotek-ie9232-f-vast-face-server-servidor-de-reconocimiento-facial-incluye-1-canal-soporta-hasta-6-canales","status":"publish","type":"product","link":"https:\/\/tecsecmty.com\/index.php\/producto\/vivotek-ie9232-f-vast-face-server-servidor-de-reconocimiento-facial-incluye-1-canal-soporta-hasta-6-canales\/","title":{"rendered":"VIVOTEK IE9232-F &#8211; VAST Face Server, Servidor de Reconocimiento Facial, incluye 1 canal, soporta hasta 6 canales"},"content":{"rendered":"<h5 class=\"card-title text-center\">Informaci\u00f3n general<\/h5>\n<p class=\"ql-align-justify\">El modelo IE9232-F es una nueva estaci\u00f3n de trabajo de reconocimiento facial (FR) de \u00faltima generaci\u00f3n basada en IA, en colaboraci\u00f3n con Advantech, el principal fabricante de PC industriales. Para la identificaci\u00f3n de cada visitante, se utilizan perfiles faciales de hasta 5 im\u00e1genes capturadas desde c\u00e1maras IP, lo que permite una mayor precisi\u00f3n incluso en entornos complejos con una iluminaci\u00f3n ambiental cambiante. El sistema IE9232-F es aplicable para su uso en el control de acceso y la gesti\u00f3n de la asistencia, admitiendo hasta 6 c\u00e1maras*.<\/p>\n<p class=\"ql-align-justify\">* Se requiere una licencia FR para cada c\u00e1mara y una caja Wiegand opcional para el acceso a la puerta.<\/p>\n<p><img decoding=\"async\" class=\"overview-center-img-web\" src=\"https:\/\/tvc.mx\/media\/490462\/vivotek-servidor-de-reconocimiento-facial-hasta-6canales-de-reconocimiento-facial-ie9232-f.png\" alt=\"\" \/><\/p>\n","protected":false},"excerpt":{"rendered":"<p>Informaci\u00f3n general El modelo IE9232-F es una nueva estaci\u00f3n de trabajo de reconocimiento facial (FR) de \u00faltima generaci\u00f3n basada en IA, en colaboraci\u00f3n con Advantech, el principal fabricante de PC industriales. Para la identificaci\u00f3n de cada visitante, se utilizan perfiles faciales de hasta 5 im\u00e1genes&hellip;<\/p>\n","protected":false},"featured_media":7463,"comment_status":"open","ping_status":"closed","template":"","meta":{"om_disable_all_campaigns":false,"_monsterinsights_skip_tracking":false,"_monsterinsights_sitenote_active":false,"_monsterinsights_sitenote_note":"","_monsterinsights_sitenote_category":0},"product_brand":[],"product_cat":[670],"product_tag":[613,611,612,616,615,610,614,617],"class_list":{"0":"post-7464","1":"product","2":"type-product","3":"status-publish","4":"has-post-thumbnail","6":"product_cat-reconocimiento-facial-camaras-ip-vivotek-video-vigilancia","7":"product_tag-bosch","8":"product_tag-manhattan","9":"product_tag-saxxon","10":"product_tag-surveon","11":"product_tag-utepo","12":"product_tag-videovigilancia","13":"product_tag-vivotek","14":"product_tag-zteco","16":"first","17":"instock","18":"sale","19":"taxable","20":"shipping-taxable","21":"purchasable","22":"product-type-simple"},"aioseo_notices":[],"_links":{"self":[{"href":"https:\/\/tecsecmty.com\/index.php\/wp-json\/wp\/v2\/product\/7464","targetHints":{"allow":["GET"]}}],"collection":[{"href":"https:\/\/tecsecmty.com\/index.php\/wp-json\/wp\/v2\/product"}],"about":[{"href":"https:\/\/tecsecmty.com\/index.php\/wp-json\/wp\/v2\/types\/product"}],"replies":[{"embeddable":true,"href":"https:\/\/tecsecmty.com\/index.php\/wp-json\/wp\/v2\/comments?post=7464"}],"version-history":[{"count":0,"href":"https:\/\/tecsecmty.com\/index.php\/wp-json\/wp\/v2\/product\/7464\/revisions"}],"wp:featuredmedia":[{"embeddable":true,"href":"https:\/\/tecsecmty.com\/index.php\/wp-json\/wp\/v2\/media\/7463"}],"wp:attachment":[{"href":"https:\/\/tecsecmty.com\/index.php\/wp-json\/wp\/v2\/media?parent=7464"}],"wp:term":[{"taxonomy":"product_brand","embeddable":true,"href":"https:\/\/tecsecmty.com\/index.php\/wp-json\/wp\/v2\/product_brand?post=7464"},{"taxonomy":"product_cat","embeddable":true,"href":"https:\/\/tecsecmty.com\/index.php\/wp-json\/wp\/v2\/product_cat?post=7464"},{"taxonomy":"product_tag","embeddable":true,"href":"https:\/\/tecsecmty.com\/index.php\/wp-json\/wp\/v2\/product_tag?post=7464"}],"curies":[{"name":"wp","href":"https:\/\/api.w.org\/{rel}","templated":true}]}}