{"id":747,"date":"2023-02-15T21:33:25","date_gmt":"2023-02-15T21:33:25","guid":{"rendered":"https:\/\/tecsecmty.com\/index.php\/producto\/3-megapixeles-turbohd-c%c2%b7mara-bala-lente-motorizado-2-8-12-mm-40-mts-ir-exir-exterior-ip66-wdr\/"},"modified":"2023-03-22T23:20:39","modified_gmt":"2023-03-23T05:20:39","slug":"3-megapixeles-turbohd-camara-bala-lente-motorizado-2-8-12-mm-40-mts-ir-exir-exterior-ip66-wdr","status":"publish","type":"product","link":"https:\/\/tecsecmty.com\/index.php\/producto\/3-megapixeles-turbohd-camara-bala-lente-motorizado-2-8-12-mm-40-mts-ir-exir-exterior-ip66-wdr\/","title":{"rendered":"3 MEGAPIXELES TURBOHD \/ Camara Bala Lente MOTORIZADO 2.8 12 mm \/ 40 mts IR EXIR \/ Exterior IP66 \/ WDR"},"content":{"rendered":"<div class=\"container\">\n<div class=\"row\">\n<div class=\"col-md-12\">\n<div class=\"row\">\n<div class=\"row\">\n<div class=\"col-md-12\">\n<h4 class=\"text-primary center info-text\" style=\"text-align: center\">Informaci\u00f3n de Producto<\/h4>\n<\/div>\n<\/div>\n<div class=\"row\" style=\"text-align: center\">\n<div class=\"col-md-12\">\n<h3>3 MEGAPIXELES TURBOHD \/ C\u00e1mara Bala Lente MOTORIZADO 2.8 ~ 12 mm \/ 40 mts IR EXIR \/ Exterior IP66 \/ WDR<\/h3>\n<\/div>\n<\/div>\n<div id=\"producto_container\" class=\"row\" style=\"text-align: center\">\n<div class=\"col-md-4\">\n<p><img decoding=\"async\" class=\"img-responsive center-block\" src=\"https:\/\/ftp3.syscom.mx\/usuarios\/fotos\/BancoFotografiasSyscom\/HIKVISION\/DS2CE16F7TIT3Z\/DS2CE16F7TIT3Z-p.PNG\" alt=\"DS-2CE16F7-TIT3Z\" \/><\/p>\n<div class=\"row\">\n<div id=\"galerias\" class=\"col-sm-12\"><\/div>\n<\/div>\n<\/div>\n<div class=\"col-md-4\">\n<div><img decoding=\"async\" class=\"img-responsive img-thumbnail\" src=\"https:\/\/ftp3.syscom.mx\/usuarios\/fotos\/logotipos\/hikvision.png\" \/><\/div>\n<div><img decoding=\"async\" class=\"icono_info_product\" src=\"https:\/\/ftp3.syscom.mx\/usuarios\/ftp\/syscom_mx\/LENTE-MOTORIZADO.png\" \/><\/div>\n<div>\n<p>Modelo:\u00a0<span class=\"modelo-marca\">DS-2CE16F7-TIT3Z<\/span><\/p>\n<p>Marca:\u00a0<span class=\"modelo-marca\">HIKVISION<\/span><\/p>\n<\/div>\n<div>\n<h2 class=\"no_margin_top\"><\/h2>\n<\/div>\n<\/div>\n<\/div>\n<\/div>\n<div class=\"row \" style=\"text-align: center\">\n<div class=\"col-md-12\">\n<div class=\"row\">\n<h3 class=\"text-primary\">Especificaciones:<\/h3>\n<\/div>\n<div class=\"row well\">\n<p>&nbsp;<\/p>\n<div><strong>Caracteristicas:<\/strong><\/div>\n<ul>\n<li>Tecnolog\u00eda TURBO HD 3MP ver. 3.0<\/li>\n<li>CMOS 3MP.<\/li>\n<li>Resoluci\u00f3n M\u00e1xima: 3MP\u00a0(2052\u00a0x 1536).<\/li>\n<li>\u200bFormato NTSC \/ PAL seleccionable.<\/li>\n<li><strong>Lente:<\/strong>\u00a0Motorizado\u00a02.8 ~ 12mm.\n<ul>\n<li><strong>LENTE MOTORIZADO:\u00a0<\/strong>Ahorre tiempo enfocando desde el DVR TurboHD<\/li>\n<\/ul>\n<\/li>\n<li>Iluminaci\u00f3n m\u00ednima: 0.01\u00a0Lux@\u00a0(F1.2, AGC ON), 0 Lux IR ON.<\/li>\n<li dir=\"ltr\">D\u00eda \/ Noche Real con filtro ICR.<\/li>\n<li>Distancia IR: 40m (IR EXIR)\u00a0con tecnolog\u00eda Smart IR.<\/li>\n<li>Salida de video HD: Conector BNC.<\/li>\n<li dir=\"ltr\">Entrada de voltaje: Conector plug macho 3.5mm.<\/li>\n<li dir=\"ltr\">Programaci\u00f3n OSD a trav\u00e9s de cable Coaxial \/ UTP, SIN cables adicionales de datos.<\/li>\n<li><strong>Funciones:\u00a0<\/strong>WDR real (120dB), BLC, AGC, ATW, MWB, DNR, Mirror.<\/li>\n<\/ul>\n<div><img decoding=\"async\" src=\"http:\/\/ftp3.syscom.mx\/usuarios\/jdelafuente\/EPCOM\/TURBO%20HD\/100%253.png\" alt=\"\" \/><\/div>\n<div><strong>Caracter\u00edsticas f\u00edsicas y el\u00e9ctricas:<\/strong><\/div>\n<ul>\n<li>Aplicaciones: Interior \/\u00a0Exterior.<\/li>\n<li>Aprobaciones: IP66.<\/li>\n<li>Temperatura de Operaci\u00f3n: -40~60\u00baC<\/li>\n<li>Alimentaci\u00f3n: 12Vcc.<\/li>\n<li>Consumo electrico: 6W \/ 9W\u00a0(IR encendido).<\/li>\n<li>Dimensiones: 92\u00a0x 84.8\u00a0x 269.6mm.<\/li>\n<li>Peso 900 gr.<\/li>\n<li><strong>1 A\u00f1o de Garant\u00eda<\/strong><\/li>\n<\/ul>\n<p><strong>Accesorios:<\/strong><\/p>\n<ul>\n<li>Montaje de poste vertical, modelo:\u00a0<a href=\"https:\/\/www.syscom.mx\/producto\/DS-1275ZJ-HIKVISION-79332.html\" target=\"_blank\" rel=\"noopener\">DS-1275ZJ<\/a><\/li>\n<li>Ballun de video, modelo:\u00a0<a href=\"https:\/\/www.syscom.mx\/producto\/DS-1H18S\/E(C)-HIKVISION-198102.html\">DS-1H18<\/a><\/li>\n<li>Caja de conexiones, modelo:\u00a0<a href=\"https:\/\/www.syscom.mx\/producto\/DS-1280ZJ-S-HIKVISION-84927.html\" target=\"_blank\" rel=\"noopener\">DS-1280ZJ-S<\/a><\/li>\n<\/ul>\n<p>&nbsp;<\/p>\n<h1><strong>Recursos<\/strong><\/h1>\n<p>&nbsp;<\/p>\n<div class=\"row default_margin_bottom\">\n<div class=\"col-sm-4\"><a href=\"https:\/\/www.hikvision.com\/es-la\/support\/download\/software\/ivms4200-series\/?q=serie%20ivms4200&amp;position=1\" target=\"_blank\" rel=\"noopener\"><img decoding=\"async\" class=\"img-responsive\" src=\"https:\/\/ftp3.syscom.mx\/usuarios\/gmagos\/HIK\/IP\/IPC\/Imagenes%20pagina\/Descargas%20IVMS4200.jpg\" \/><\/a><\/div>\n<div class=\"col-sm-4\"><a href=\"https:\/\/appstore.hikvision.com\/\" target=\"_blank\" rel=\"noopener\"><img decoding=\"async\" class=\"img-responsive\" src=\"https:\/\/ftp3.syscom.mx\/usuarios\/gmagos\/HIK\/IP\/IPC\/Imagenes%20pagina\/Descargas%20de%20app.jpg\" \/><\/a><\/div>\n<div class=\"col-sm-4\"><a href=\"https:\/\/ftp3.syscom.mx\/usuarios\/jdelafuente\/HIKVISION\/camaras\/HDTVI\/DS-2CE16F7T-%28A%29IT3Z.pdf\" target=\"_blank\" rel=\"noopener\"><img decoding=\"async\" class=\"img-responsive\" src=\"https:\/\/ftp3.syscom.mx\/usuarios\/gmagos\/HIK\/IP\/IPC\/Imagenes%20pagina\/Descarga%20de%20PDF.jpg\" \/><\/a><\/div>\n<\/div>\n<p>&nbsp;<\/p>\n<div><img decoding=\"async\" src=\"http:\/\/ftp3.syscom.mx\/usuarios\/jdelafuente\/HIKVISION\/hikvision-solution%20banner.jpg\" alt=\"\" \/><\/div>\n<div><\/div>\n<h1>Fotos:<\/h1>\n<div><a class=\"fancybox-media\" title=\"Unboxing\" href=\"http:\/\/ftp3.syscom.mx\/usuarios\/fotos\/DS2CE16F7TIT3Z\/DS2CE16F7TIT3Z_1.png\" rel=\"gallery1\"><img decoding=\"async\" src=\"http:\/\/ftp3.syscom.mx\/usuarios\/fotos\/DS2CE16F7TIT3Z\/DS2CE16F7TIT3Z_1.png\" alt=\"Unboxing\" \/><\/a><a class=\"fancybox-media\" title=\"Unboxing\" href=\"http:\/\/ftp3.syscom.mx\/usuarios\/fotos\/DS2CE16F7TIT3Z\/DS2CE16F7TIT3Z_2.png\" rel=\"gallery1\"><img decoding=\"async\" src=\"http:\/\/ftp3.syscom.mx\/usuarios\/fotos\/DS2CE16F7TIT3Z\/DS2CE16F7TIT3Z_2.png\" alt=\"Unboxing\" \/><\/a><a class=\"fancybox-media\" title=\"Unboxing\" href=\"http:\/\/ftp3.syscom.mx\/usuarios\/fotos\/DS2CE16F7TIT3Z\/DS2CE16F7TIT3Z_4.png\" rel=\"gallery1\"><img decoding=\"async\" src=\"http:\/\/ftp3.syscom.mx\/usuarios\/fotos\/DS2CE16F7TIT3Z\/DS2CE16F7TIT3Z_4.png\" alt=\"Unboxing\" \/><\/a><a class=\"fancybox-media\" title=\"Unboxing\" href=\"http:\/\/ftp3.syscom.mx\/usuarios\/fotos\/DS2CE16F7TIT3Z\/DS2CE16F7TIT3Z_3.png\" rel=\"gallery1\"><img decoding=\"async\" src=\"http:\/\/ftp3.syscom.mx\/usuarios\/fotos\/DS2CE16F7TIT3Z\/DS2CE16F7TIT3Z_3.png\" alt=\"Unboxing\" \/><\/a><\/div>\n<\/div>\n<\/div>\n<\/div>\n<\/div>\n<\/div>\n<\/div>\n<p><img decoding=\"async\" class=\"aligncenter\" src=\"https:\/\/tracker.metricool.com\/c3po.jpg?hash=95c94f37730bb8f54dd4308f1f878f9\" \/><\/p>\n","protected":false},"excerpt":{"rendered":"<p>Informaci\u00f3n de Producto 3 MEGAPIXELES TURBOHD \/ C\u00e1mara Bala Lente MOTORIZADO 2.8 ~ 12 mm \/ 40 mts IR EXIR \/ Exterior IP66 \/ WDR Modelo:\u00a0DS-2CE16F7-TIT3Z Marca:\u00a0HIKVISION Especificaciones: &nbsp; Caracteristicas: Tecnolog\u00eda TURBO HD 3MP ver. 3.0 CMOS 3MP. Resoluci\u00f3n M\u00e1xima: 3MP\u00a0(2052\u00a0x 1536). \u200bFormato NTSC \/&hellip;<\/p>\n","protected":false},"featured_media":1527,"comment_status":"open","ping_status":"closed","template":"","meta":{"om_disable_all_campaigns":false,"_monsterinsights_skip_tracking":false,"_monsterinsights_sitenote_active":false,"_monsterinsights_sitenote_note":"","_monsterinsights_sitenote_category":0},"product_brand":[],"product_cat":[41],"product_tag":[42,43,38,37],"class_list":{"0":"post-747","1":"product","2":"type-product","3":"status-publish","4":"has-post-thumbnail","6":"product_cat-bala","7":"product_tag-camaras","8":"product_tag-camaras-bala","9":"product_tag-camaras-de-seguridad","10":"product_tag-hikvision","12":"first","13":"instock","14":"taxable","15":"shipping-taxable","16":"product-type-simple"},"aioseo_notices":[],"_links":{"self":[{"href":"https:\/\/tecsecmty.com\/index.php\/wp-json\/wp\/v2\/product\/747","targetHints":{"allow":["GET"]}}],"collection":[{"href":"https:\/\/tecsecmty.com\/index.php\/wp-json\/wp\/v2\/product"}],"about":[{"href":"https:\/\/tecsecmty.com\/index.php\/wp-json\/wp\/v2\/types\/product"}],"replies":[{"embeddable":true,"href":"https:\/\/tecsecmty.com\/index.php\/wp-json\/wp\/v2\/comments?post=747"}],"version-history":[{"count":3,"href":"https:\/\/tecsecmty.com\/index.php\/wp-json\/wp\/v2\/product\/747\/revisions"}],"predecessor-version":[{"id":1529,"href":"https:\/\/tecsecmty.com\/index.php\/wp-json\/wp\/v2\/product\/747\/revisions\/1529"}],"wp:featuredmedia":[{"embeddable":true,"href":"https:\/\/tecsecmty.com\/index.php\/wp-json\/wp\/v2\/media\/1527"}],"wp:attachment":[{"href":"https:\/\/tecsecmty.com\/index.php\/wp-json\/wp\/v2\/media?parent=747"}],"wp:term":[{"taxonomy":"product_brand","embeddable":true,"href":"https:\/\/tecsecmty.com\/index.php\/wp-json\/wp\/v2\/product_brand?post=747"},{"taxonomy":"product_cat","embeddable":true,"href":"https:\/\/tecsecmty.com\/index.php\/wp-json\/wp\/v2\/product_cat?post=747"},{"taxonomy":"product_tag","embeddable":true,"href":"https:\/\/tecsecmty.com\/index.php\/wp-json\/wp\/v2\/product_tag?post=747"}],"curies":[{"name":"wp","href":"https:\/\/api.w.org\/{rel}","templated":true}]}}