{"id":7524,"date":"2023-02-23T16:13:47","date_gmt":"2023-02-23T22:13:47","guid":{"rendered":"https:\/\/tecsecmty.com\/index.php\/producto\/bosch-v_st650-soporte-para-montaje-en-pared-de-monitor-lcd-de-32-a-60-pulgadas\/"},"modified":"2023-03-22T23:22:06","modified_gmt":"2023-03-23T05:22:06","slug":"bosch-v_st650-soporte-para-montaje-en-pared-de-monitor-lcd-de-32-a-60-pulgadas","status":"publish","type":"product","link":"https:\/\/tecsecmty.com\/index.php\/producto\/bosch-v_st650-soporte-para-montaje-en-pared-de-monitor-lcd-de-32-a-60-pulgadas\/","title":{"rendered":"BOSCH V_ST650 &#8211; Soporte para montaje en pared de monitor LCD de 32 a 60 pulgadas"},"content":{"rendered":"<h5 class=\"card-title text-center\">Soporte de pared con inclinaci\u00f3n universal para pantallas planas de 32 \u00aba 60\u00bb<\/h5>\n<p class=\"ql-align-justify\"><strong>El ST650\u00a0<\/strong>es indispensable cuando se trata de mostrar flexibilidad de ubicaci\u00f3n. Cuenta con pared abierta. Arquitectura de placa que ofrece un mayor acceso el\u00e9ctrico y opciones de administraci\u00f3n de cables. Sus exclusivos adaptadores de pantalla de inclinaci\u00f3n universal pretensados \u200b\u200bbrindan la m\u00e1xima facilidad en horizontal ajuste de la pantalla y flexibilidad del \u00e1ngulo de visi\u00f3n.<\/p>\n<p class=\"ql-align-justify\"><strong>Principales Caracter\u00edsticas<\/strong><\/p>\n<ul>\n<li class=\"ql-align-justify\">Montura universal para pantallas con patrones de montaje<\/li>\n<li class=\"ql-align-justify\">hasta 750 x 449 mm (29.52 \u00abW x 17.67\u00bb H)<\/li>\n<li class=\"ql-align-justify\">Architecture Arquitectura de placa de pared abierta<\/li>\n<li class=\"ql-align-justify\">permite el acceso total a la pared, aumentando el acceso el\u00e9ctrico y gesti\u00f3n de cables.<\/li>\n<li class=\"ql-align-justify\">Ajustable hasta 15 \u00b0 de inclinaci\u00f3n hacia adelante y -5 \u00b0 hacia atr\u00e1s inclinaci\u00f3n para un \u00e1ngulo de visi\u00f3n \u00f3ptimo T Inclinaci\u00f3n universal pretensada<\/li>\n<li class=\"ql-align-justify\">el soporte permite el ajuste de inclinaci\u00f3n sin el uso de herramientas<\/li>\n<li class=\"ql-align-justify\">La palanca de f\u00e1cil agarre bloquea el colocar la posici\u00f3n en su lugar Feature Caracter\u00edstica IncreLokTM opcional ofrece \u00e1ngulos de inclinaci\u00f3n fijos de -5 \u00b0, 0 \u00b0, 5 \u00b0, 10 \u00b0, 15 \u00b0.<\/li>\n<li class=\"ql-align-justify\">Ajuste de pantalla horizontal de hasta 8 \u00ab(203mm) (dependiendo del modelo de pantalla) para la colocaci\u00f3n perfecta de la pantalla Adap adaptadores de pantalla universal y enganchar f\u00e1cilmente en la placa de pared para una instalaci\u00f3n r\u00e1pida.<\/li>\n<li class=\"ql-align-justify\">Se monta en montantes de madera, hormig\u00f3n, bloque de cemento o pernos de metal (perno de metal accesorio requerido).<\/li>\n<li class=\"ql-align-justify\">Viene con Peerless \u2019 Sujetador Sorted-for-You &amp;trade empacar con todo lo necesario pantalla de accesorios de hardware<\/li>\n<li class=\"ql-align-justify\">Seguridad integrada opciones disponibles.<\/li>\n<li class=\"ql-align-justify\">Listado UL.<\/li>\n<\/ul>\n<p><img decoding=\"async\" class=\"overview-center-img- aligncenter\" src=\"https:\/\/tvc.mx\/media\/7672\/Logoopaginas-oficial.png\" alt=\"\" \/><\/p>\n","protected":false},"excerpt":{"rendered":"<p>Soporte de pared con inclinaci\u00f3n universal para pantallas planas de 32 \u00aba 60\u00bb El ST650\u00a0es indispensable cuando se trata de mostrar flexibilidad de ubicaci\u00f3n. Cuenta con pared abierta. Arquitectura de placa que ofrece un mayor acceso el\u00e9ctrico y opciones de administraci\u00f3n de cables. Sus exclusivos&hellip;<\/p>\n","protected":false},"featured_media":7523,"comment_status":"open","ping_status":"closed","template":"","meta":{"om_disable_all_campaigns":false,"_monsterinsights_skip_tracking":false,"_monsterinsights_sitenote_active":false,"_monsterinsights_sitenote_note":"","_monsterinsights_sitenote_category":0},"product_brand":[],"product_cat":[687],"product_tag":[613,611,612,616,615,610,614,617],"class_list":{"0":"post-7524","1":"product","2":"type-product","3":"status-publish","4":"has-post-thumbnail","6":"product_cat-soportes-y-bases-monitores-bosch-video-vigilancia","7":"product_tag-bosch","8":"product_tag-manhattan","9":"product_tag-saxxon","10":"product_tag-surveon","11":"product_tag-utepo","12":"product_tag-videovigilancia","13":"product_tag-vivotek","14":"product_tag-zteco","16":"first","17":"instock","18":"sale","19":"taxable","20":"shipping-taxable","21":"purchasable","22":"product-type-simple"},"aioseo_notices":[],"_links":{"self":[{"href":"https:\/\/tecsecmty.com\/index.php\/wp-json\/wp\/v2\/product\/7524","targetHints":{"allow":["GET"]}}],"collection":[{"href":"https:\/\/tecsecmty.com\/index.php\/wp-json\/wp\/v2\/product"}],"about":[{"href":"https:\/\/tecsecmty.com\/index.php\/wp-json\/wp\/v2\/types\/product"}],"replies":[{"embeddable":true,"href":"https:\/\/tecsecmty.com\/index.php\/wp-json\/wp\/v2\/comments?post=7524"}],"version-history":[{"count":0,"href":"https:\/\/tecsecmty.com\/index.php\/wp-json\/wp\/v2\/product\/7524\/revisions"}],"wp:featuredmedia":[{"embeddable":true,"href":"https:\/\/tecsecmty.com\/index.php\/wp-json\/wp\/v2\/media\/7523"}],"wp:attachment":[{"href":"https:\/\/tecsecmty.com\/index.php\/wp-json\/wp\/v2\/media?parent=7524"}],"wp:term":[{"taxonomy":"product_brand","embeddable":true,"href":"https:\/\/tecsecmty.com\/index.php\/wp-json\/wp\/v2\/product_brand?post=7524"},{"taxonomy":"product_cat","embeddable":true,"href":"https:\/\/tecsecmty.com\/index.php\/wp-json\/wp\/v2\/product_cat?post=7524"},{"taxonomy":"product_tag","embeddable":true,"href":"https:\/\/tecsecmty.com\/index.php\/wp-json\/wp\/v2\/product_tag?post=7524"}],"curies":[{"name":"wp","href":"https:\/\/api.w.org\/{rel}","templated":true}]}}