{"id":7558,"date":"2023-02-23T16:14:20","date_gmt":"2023-02-23T22:14:20","guid":{"rendered":"https:\/\/tecsecmty.com\/index.php\/producto\/saxxon-sxvmd29-soporte-de-escritorio-para-2-monitores-de-13-a-27-pulgadas-2-brazos-de-doble-articulacion-soporta-8-kg-de-carga-por-brazo-ajuste-de-altura-y-giro-en-cada-brazo-sujetador-de-cables\/"},"modified":"2023-03-22T23:24:09","modified_gmt":"2023-03-23T05:24:09","slug":"saxxon-sxvmd29-soporte-de-escritorio-para-2-monitores-de-13-a-27-pulgadas-2-brazos-de-doble-articulacion-soporta-8-kg-de-carga-por-brazo-ajuste-de-altura-y-giro-en-cada-brazo-sujetador-de-cables","status":"publish","type":"product","link":"https:\/\/tecsecmty.com\/index.php\/producto\/saxxon-sxvmd29-soporte-de-escritorio-para-2-monitores-de-13-a-27-pulgadas-2-brazos-de-doble-articulacion-soporta-8-kg-de-carga-por-brazo-ajuste-de-altura-y-giro-en-cada-brazo-sujetador-de-cables\/","title":{"rendered":"SAXXON SXVMD29 &#8211; Soporte de Escritorio para 2 Monitores de 13 a 27 Pulgadas\/ 2 Brazos de Doble Articulaci\u00f3n\/ Soporta 8 Kg de Carga por Brazo\/ Ajuste de Altura y Giro en cada Brazo\/ Sujetador de Cables\/ VESA 75\/ 100\/"},"content":{"rendered":"<div class=\"row aling-items-center padding-bottom-2x\">\n<div class=\"col-lg-12\">\n<h5 class=\"card-title text-center\">Informaci\u00f3n general.<\/h5>\n<p>El modelo SAXXON SXVMD29 es un soporte doble de monitor ajustable.\u00a0Los monitores pueden inclinarse para obtener \u00e1ngulos de visi\u00f3n sin deslumbramiento y girarse de orientaci\u00f3n vertical a horizontal seg\u00fan sea necesario.<\/p>\n<p><img decoding=\"async\" class=\"overview-center-img-web\" src=\"https:\/\/tvc.mx\/media\/111885\/Soporte-de-escritorio-para-2-monitores--Banner-1.png\" alt=\"\" \/><\/div>\n<\/div>\n<div class=\"row aling-items-center padding-bottom-2x\">\n<div class=\"col-lg-12\">\n<h5 class=\"card-title text-center\">Caracter\u00edsticas.<\/h5>\n<ul>\n<li class=\"ql-align-justify\">Altura libremente ajustable.<\/li>\n<li class=\"ql-align-justify\">Inclinaci\u00f3n y giro para desplazar el soporte y obtener una m\u00e1xima fiexibilidad de visualizaci\u00f3n.<\/li>\n<li class=\"ql-align-justify\">Sistema de gesti\u00f3n de cables.<\/li>\n<li class=\"ql-align-justify\">Paquete de hardware universal incluido.<\/li>\n<\/ul>\n<p><img decoding=\"async\" class=\"overview-center-img-web\" src=\"https:\/\/tvc.mx\/media\/111889\/Soporte-de-escritorio-para-2-monitores--Banner-3.png\" alt=\"\" \/><\/div>\n<\/div>\n<div class=\"row align-items-center padding-bottom-2x\">\n<div class=\"col-md-5\"><img decoding=\"async\" class=\"d-block m-auto img-thumbnail\" src=\"https:\/\/tvc.mx\/media\/111893\/Soporte-de-escritorio-para-2-monitores--OVL-1.png\" alt=\" \" \/><\/div>\n<div class=\"col-md-7 text-md-left text-center\">\n<h2>Especificaciones.<\/h2>\n<p class=\"text-muted\">\n<ul>\n<li><strong>Tama\u00f1o de pantalla:\u00a0<\/strong>13&#8243;-27&#8243;<\/li>\n<li><strong>Carga:\u00a0<\/strong>8 Kg cada monitor<\/li>\n<li><strong>Inclinaci\u00f3n:\u00a0<\/strong>-90 \u00b0 \/ + 35 \u00b0<\/li>\n<li><strong>Giratorio:\u00a0<\/strong>180\u00b0<\/li>\n<li><strong>Rotaci\u00f3n:\u00a0<\/strong>360\u00b0<\/li>\n<li><strong>VESA:\u00a0<\/strong>75&#215;75,100&#215;100<\/li>\n<\/ul>\n<p>&nbsp;<\/p>\n<\/div>\n<\/div>\n<hr class=\"padding-bottom-2x\" \/>\n<div class=\"row aling-items-center padding-bottom-2x\">\n<div class=\"col-lg-12\">\n<h5 class=\"card-title text-center\">Aplicaciones.<\/h5>\n<p>&nbsp;<\/p>\n<p><img decoding=\"async\" class=\"overview-center-img-web\" src=\"https:\/\/tvc.mx\/media\/111901\/Soporte-de-escritorio-para-2-monitores--Banner-2.png\" alt=\"\" \/><\/div>\n<\/div>\n","protected":false},"excerpt":{"rendered":"<p>Informaci\u00f3n general. El modelo SAXXON SXVMD29 es un soporte doble de monitor ajustable.\u00a0Los monitores pueden inclinarse para obtener \u00e1ngulos de visi\u00f3n sin deslumbramiento y girarse de orientaci\u00f3n vertical a horizontal seg\u00fan sea necesario. Caracter\u00edsticas. Altura libremente ajustable. Inclinaci\u00f3n y giro para desplazar el soporte y&hellip;<\/p>\n","protected":false},"featured_media":7557,"comment_status":"open","ping_status":"closed","template":"","meta":{"om_disable_all_campaigns":false,"_monsterinsights_skip_tracking":false,"_monsterinsights_sitenote_active":false,"_monsterinsights_sitenote_note":"","_monsterinsights_sitenote_category":0},"product_brand":[],"product_cat":[686],"product_tag":[613,611,612,616,615,610,614,617],"class_list":{"0":"post-7558","1":"product","2":"type-product","3":"status-publish","4":"has-post-thumbnail","6":"product_cat-soportes-y-bases-monitores-saxxon-video-vigilancia","7":"product_tag-bosch","8":"product_tag-manhattan","9":"product_tag-saxxon","10":"product_tag-surveon","11":"product_tag-utepo","12":"product_tag-videovigilancia","13":"product_tag-vivotek","14":"product_tag-zteco","16":"first","17":"instock","18":"sale","19":"taxable","20":"shipping-taxable","21":"purchasable","22":"product-type-simple"},"aioseo_notices":[],"_links":{"self":[{"href":"https:\/\/tecsecmty.com\/index.php\/wp-json\/wp\/v2\/product\/7558","targetHints":{"allow":["GET"]}}],"collection":[{"href":"https:\/\/tecsecmty.com\/index.php\/wp-json\/wp\/v2\/product"}],"about":[{"href":"https:\/\/tecsecmty.com\/index.php\/wp-json\/wp\/v2\/types\/product"}],"replies":[{"embeddable":true,"href":"https:\/\/tecsecmty.com\/index.php\/wp-json\/wp\/v2\/comments?post=7558"}],"version-history":[{"count":0,"href":"https:\/\/tecsecmty.com\/index.php\/wp-json\/wp\/v2\/product\/7558\/revisions"}],"wp:featuredmedia":[{"embeddable":true,"href":"https:\/\/tecsecmty.com\/index.php\/wp-json\/wp\/v2\/media\/7557"}],"wp:attachment":[{"href":"https:\/\/tecsecmty.com\/index.php\/wp-json\/wp\/v2\/media?parent=7558"}],"wp:term":[{"taxonomy":"product_brand","embeddable":true,"href":"https:\/\/tecsecmty.com\/index.php\/wp-json\/wp\/v2\/product_brand?post=7558"},{"taxonomy":"product_cat","embeddable":true,"href":"https:\/\/tecsecmty.com\/index.php\/wp-json\/wp\/v2\/product_cat?post=7558"},{"taxonomy":"product_tag","embeddable":true,"href":"https:\/\/tecsecmty.com\/index.php\/wp-json\/wp\/v2\/product_tag?post=7558"}],"curies":[{"name":"wp","href":"https:\/\/api.w.org\/{rel}","templated":true}]}}