{"id":7562,"date":"2023-02-23T16:14:24","date_gmt":"2023-02-23T22:14:24","guid":{"rendered":"https:\/\/tecsecmty.com\/index.php\/producto\/saxxon-sxvmlt09m-soporte-de-pared-para-pantallas-de-32-a-70-pulgadas-soporta-35-kg-de-carga-brazo-articulado-ajuste-vertical-y-horizontal-distancia-a-la-pared-de-hasta-50-2-cm-acero-reforzado\/"},"modified":"2023-03-22T23:24:09","modified_gmt":"2023-03-23T05:24:09","slug":"saxxon-sxvmlt09m-soporte-de-pared-para-pantallas-de-32-a-70-pulgadas-soporta-35-kg-de-carga-brazo-articulado-ajuste-vertical-y-horizontal-distancia-a-la-pared-de-hasta-50-2-cm-acero-reforzado","status":"publish","type":"product","link":"https:\/\/tecsecmty.com\/index.php\/producto\/saxxon-sxvmlt09m-soporte-de-pared-para-pantallas-de-32-a-70-pulgadas-soporta-35-kg-de-carga-brazo-articulado-ajuste-vertical-y-horizontal-distancia-a-la-pared-de-hasta-50-2-cm-acero-reforzado\/","title":{"rendered":"SAXXON SXVMLT09M &#8211; Soporte de Pared Para Pantallas de 32 a 70 Pulgadas\/ Soporta 35 Kg de Carga\/ Brazo Articulado\/ Ajuste Vertical y Horizontal\/ Distancia a la Pared de Hasta 50.2 cm\/ Acero Reforzado\/ VESA de Hasta 600&#215;400\/"},"content":{"rendered":"<div class=\"row aling-items-center padding-bottom-2x\">\n<div class=\"col-lg-12\">\n<h5 class=\"card-title text-center\">Informaci\u00f3n general.<\/h5>\n<p>El modelo SAXXON SXVMLT09M es un soporte ajustable completo para televisores LED \/ LCD \/ PDP de 32 \u00bb a 70 \u00bb de hasta 35 KG.\u00a0Permite una m\u00e1xima flexibilidad al extender, inclinar y girar; proporcionando una visi\u00f3n f\u00e1cil desde cualquier asiento en una habitaci\u00f3n<\/p>\n<ul>\n<li class=\"ql-align-justify\">Certificado GS \/ TUV<\/li>\n<li class=\"ql-align-justify\">Acero laminado en fr\u00edo de alto calibre<\/li>\n<li class=\"ql-align-justify\">\u00a0Bloqueo de seguridad, nivel de burbuja.<\/li>\n<li class=\"ql-align-justify\">Inclinaci\u00f3n libre de \u00e1ngulo, \u00b1 2 \u00b0 ajuste horizontalmente<\/li>\n<li class=\"ql-align-justify\">Sistema de administraci\u00f3n de enrutamiento de cables<\/li>\n<li class=\"ql-align-justify\">Paquete de hardware universal incluido<\/li>\n<\/ul>\n<p><img decoding=\"async\" class=\"overview-center-img-web\" src=\"https:\/\/tvc.mx\/media\/111341\/Soporte-de--pared-ajustable--para-pantalla--Banner.png\" alt=\"\" \/><\/div>\n<\/div>\n<div class=\"row align-items-center padding-bottom-2x\">\n<div class=\"col-md-5\"><img decoding=\"async\" class=\"d-block m-auto img-thumbnail\" src=\"https:\/\/tvc.mx\/media\/111353\/Soporte-de--pared-ajustable--para-pantalla--OVL1.png\" alt=\" \" \/><\/div>\n<div class=\"col-md-7 text-md-left text-center\">\n<h2>Especificaciones.<\/h2>\n<p class=\"text-muted\">\n<ul>\n<li>Modelo: Soporte de pared para TV de movimiento completo VM-LT09M<\/li>\n<li>Tama\u00f1o de pantalla: 32 \u00ab-70\u00bb<\/li>\n<li>Carga: 35 kg<\/li>\n<li>Inclinaci\u00f3n: -10 \u00b0 \/ + 5 \u00b0<\/li>\n<li>Giratorio: 180 \u00b0<\/li>\n<li>Vesa: 600 \u00d7 400<\/li>\n<li>DIS a la pared: 43-502 mm<\/li>\n<li>Pivote para nivelaci\u00f3n: \u00b1 2 \u00b0<\/li>\n<li>Materia: acero<\/li>\n<\/ul>\n<\/div>\n<\/div>\n","protected":false},"excerpt":{"rendered":"<p>Informaci\u00f3n general. El modelo SAXXON SXVMLT09M es un soporte ajustable completo para televisores LED \/ LCD \/ PDP de 32 \u00bb a 70 \u00bb de hasta 35 KG.\u00a0Permite una m\u00e1xima flexibilidad al extender, inclinar y girar; proporcionando una visi\u00f3n f\u00e1cil desde cualquier asiento en una&hellip;<\/p>\n","protected":false},"featured_media":7561,"comment_status":"open","ping_status":"closed","template":"","meta":{"om_disable_all_campaigns":false,"_monsterinsights_skip_tracking":false,"_monsterinsights_sitenote_active":false,"_monsterinsights_sitenote_note":"","_monsterinsights_sitenote_category":0},"product_brand":[],"product_cat":[686],"product_tag":[613,611,612,616,615,610,614,617],"class_list":{"0":"post-7562","1":"product","2":"type-product","3":"status-publish","4":"has-post-thumbnail","6":"product_cat-soportes-y-bases-monitores-saxxon-video-vigilancia","7":"product_tag-bosch","8":"product_tag-manhattan","9":"product_tag-saxxon","10":"product_tag-surveon","11":"product_tag-utepo","12":"product_tag-videovigilancia","13":"product_tag-vivotek","14":"product_tag-zteco","16":"first","17":"instock","18":"sale","19":"taxable","20":"shipping-taxable","21":"purchasable","22":"product-type-simple"},"aioseo_notices":[],"_links":{"self":[{"href":"https:\/\/tecsecmty.com\/index.php\/wp-json\/wp\/v2\/product\/7562","targetHints":{"allow":["GET"]}}],"collection":[{"href":"https:\/\/tecsecmty.com\/index.php\/wp-json\/wp\/v2\/product"}],"about":[{"href":"https:\/\/tecsecmty.com\/index.php\/wp-json\/wp\/v2\/types\/product"}],"replies":[{"embeddable":true,"href":"https:\/\/tecsecmty.com\/index.php\/wp-json\/wp\/v2\/comments?post=7562"}],"version-history":[{"count":0,"href":"https:\/\/tecsecmty.com\/index.php\/wp-json\/wp\/v2\/product\/7562\/revisions"}],"wp:featuredmedia":[{"embeddable":true,"href":"https:\/\/tecsecmty.com\/index.php\/wp-json\/wp\/v2\/media\/7561"}],"wp:attachment":[{"href":"https:\/\/tecsecmty.com\/index.php\/wp-json\/wp\/v2\/media?parent=7562"}],"wp:term":[{"taxonomy":"product_brand","embeddable":true,"href":"https:\/\/tecsecmty.com\/index.php\/wp-json\/wp\/v2\/product_brand?post=7562"},{"taxonomy":"product_cat","embeddable":true,"href":"https:\/\/tecsecmty.com\/index.php\/wp-json\/wp\/v2\/product_cat?post=7562"},{"taxonomy":"product_tag","embeddable":true,"href":"https:\/\/tecsecmty.com\/index.php\/wp-json\/wp\/v2\/product_tag?post=7562"}],"curies":[{"name":"wp","href":"https:\/\/api.w.org\/{rel}","templated":true}]}}