{"id":7566,"date":"2023-02-23T16:14:28","date_gmt":"2023-02-23T22:14:28","guid":{"rendered":"https:\/\/tecsecmty.com\/index.php\/producto\/saxxon-sxvmlt12s-soporte-de-pared-para-pantalla-de-27-a-37-pulgadas-soporta-25-kg-de-carga-angulo-ajustable-distancia-a-la-pared-de-hasta-17-8-cm-aluminio-vesa-75-100-200-diseno-ergonomico\/"},"modified":"2023-03-22T23:24:09","modified_gmt":"2023-03-23T05:24:09","slug":"saxxon-sxvmlt12s-soporte-de-pared-para-pantalla-de-27-a-37-pulgadas-soporta-25-kg-de-carga-angulo-ajustable-distancia-a-la-pared-de-hasta-17-8-cm-aluminio-vesa-75-100-200-diseno-ergonomico","status":"publish","type":"product","link":"https:\/\/tecsecmty.com\/index.php\/producto\/saxxon-sxvmlt12s-soporte-de-pared-para-pantalla-de-27-a-37-pulgadas-soporta-25-kg-de-carga-angulo-ajustable-distancia-a-la-pared-de-hasta-17-8-cm-aluminio-vesa-75-100-200-diseno-ergonomico\/","title":{"rendered":"SAXXON SXVMLT12S &#8211; Soporte de Pared para Pantalla de 27 a 37 Pulgadas\/ Soporta 25 Kg de Carga\/ Angulo Ajustable\/ Distancia a la Pared de Hasta 17.8 cm\/ Aluminio\/ VESA 75\/ 100\/ 200\/ Dise\u00f1o Ergon\u00f3mico\/ #ESM2022"},"content":{"rendered":"<div class=\"row aling-items-center padding-bottom-2x\">\n<div class=\"col-lg-12\">\n<h5 class=\"card-title text-center\">Informaci\u00f3n general.<\/h5>\n<p>El modelo\u00a0SAXXON SXVMLT12S es un soporte de pared de movimiento total para televisores LCD \/ PDP de 23 \u00bb a 37 \u00bb, hasta 25 kg. VESA 75 \/ 100\/200. Permite una flexibilidad m\u00e1xima: extender, inclinar, girar; facilitando la visi\u00f3n desde cualquier asiento en una habitaci\u00f3n.<\/p>\n<p><img decoding=\"async\" class=\"overview-center-img-web\" src=\"https:\/\/tvc.mx\/media\/112365\/Soporte-de-pared-para-1-monitor---banner.png\" alt=\"\" \/><\/div>\n<\/div>\n<div class=\"row align-items-center padding-bottom-2x\">\n<div class=\"col-md-5\"><img decoding=\"async\" class=\"d-block m-auto img-thumbnail\" src=\"https:\/\/tvc.mx\/media\/112369\/Soporte-de-pared-para-1-monitor--OVL1.png\" alt=\" \" \/><\/div>\n<div class=\"col-md-7 text-md-left text-center\">\n<h2>Caracter\u00edsticas.<\/h2>\n<p class=\"text-muted\">\n<ul>\n<li class=\"ql-align-justify\">Acero laminado en fr\u00edo de alto calibre<\/li>\n<li class=\"ql-align-justify\">Dise\u00f1o de esfera<\/li>\n<li class=\"ql-align-justify\">Inclinaci\u00f3n libre de \u00e1ngulo<\/li>\n<li class=\"ql-align-justify\">Rotaci\u00f3n de 360 \u00b0<\/li>\n<li class=\"ql-align-justify\">Paquete de hardware universal incluido<\/li>\n<\/ul>\n<p>&nbsp;<\/p>\n<\/div>\n<\/div>\n<hr class=\"padding-bottom-2x\" \/>\n<div class=\"row align-items-center padding-bottom-2x\">\n<div class=\"col-md-5 order-md-2\"><img decoding=\"async\" class=\"d-block m-auto img-thumbnail\" src=\"https:\/\/tvc.mx\/media\/112373\/Soporte-de-pared-para-1-monitor--OVL2.png\" alt=\" \" \/><\/div>\n<div class=\"col-md-7 order-md-1 text-md-left text-center\">\n<h2>Especificaciones.<\/h2>\n<p class=\"text-muted\">\n<ul>\n<li><strong>Tama\u00f1o de pantalla:\u00a0<\/strong>23&#8243;-37&#8243;<\/li>\n<li><strong>Carga:\u00a0<\/strong>25 Kg<\/li>\n<li><strong>Inclinaci\u00f3n:\u00a0<\/strong>\u00b115\u00b0<\/li>\n<li><strong>Giratorio:\u00a0<\/strong>90\u00b0<\/li>\n<li><strong>Rotaci\u00f3n:\u00a0<\/strong>360\u00b0<\/li>\n<li><strong>VESA:\u00a0<\/strong>75\/100\/200<\/li>\n<li><strong>Muro DISS:\u00a0<\/strong>44\/178mm<\/li>\n<li><strong>Material:\u00a0<\/strong>Acero<\/li>\n<\/ul>\n<\/div>\n<\/div>\n","protected":false},"excerpt":{"rendered":"<p>Informaci\u00f3n general. El modelo\u00a0SAXXON SXVMLT12S es un soporte de pared de movimiento total para televisores LCD \/ PDP de 23 \u00bb a 37 \u00bb, hasta 25 kg. VESA 75 \/ 100\/200. Permite una flexibilidad m\u00e1xima: extender, inclinar, girar; facilitando la visi\u00f3n desde cualquier asiento en&hellip;<\/p>\n","protected":false},"featured_media":7565,"comment_status":"open","ping_status":"closed","template":"","meta":{"om_disable_all_campaigns":false,"_monsterinsights_skip_tracking":false,"_monsterinsights_sitenote_active":false,"_monsterinsights_sitenote_note":"","_monsterinsights_sitenote_category":0},"product_brand":[],"product_cat":[686],"product_tag":[613,611,612,616,615,610,614,617],"class_list":{"0":"post-7566","1":"product","2":"type-product","3":"status-publish","4":"has-post-thumbnail","6":"product_cat-soportes-y-bases-monitores-saxxon-video-vigilancia","7":"product_tag-bosch","8":"product_tag-manhattan","9":"product_tag-saxxon","10":"product_tag-surveon","11":"product_tag-utepo","12":"product_tag-videovigilancia","13":"product_tag-vivotek","14":"product_tag-zteco","16":"first","17":"instock","18":"sale","19":"taxable","20":"shipping-taxable","21":"purchasable","22":"product-type-simple"},"aioseo_notices":[],"_links":{"self":[{"href":"https:\/\/tecsecmty.com\/index.php\/wp-json\/wp\/v2\/product\/7566","targetHints":{"allow":["GET"]}}],"collection":[{"href":"https:\/\/tecsecmty.com\/index.php\/wp-json\/wp\/v2\/product"}],"about":[{"href":"https:\/\/tecsecmty.com\/index.php\/wp-json\/wp\/v2\/types\/product"}],"replies":[{"embeddable":true,"href":"https:\/\/tecsecmty.com\/index.php\/wp-json\/wp\/v2\/comments?post=7566"}],"version-history":[{"count":0,"href":"https:\/\/tecsecmty.com\/index.php\/wp-json\/wp\/v2\/product\/7566\/revisions"}],"wp:featuredmedia":[{"embeddable":true,"href":"https:\/\/tecsecmty.com\/index.php\/wp-json\/wp\/v2\/media\/7565"}],"wp:attachment":[{"href":"https:\/\/tecsecmty.com\/index.php\/wp-json\/wp\/v2\/media?parent=7566"}],"wp:term":[{"taxonomy":"product_brand","embeddable":true,"href":"https:\/\/tecsecmty.com\/index.php\/wp-json\/wp\/v2\/product_brand?post=7566"},{"taxonomy":"product_cat","embeddable":true,"href":"https:\/\/tecsecmty.com\/index.php\/wp-json\/wp\/v2\/product_cat?post=7566"},{"taxonomy":"product_tag","embeddable":true,"href":"https:\/\/tecsecmty.com\/index.php\/wp-json\/wp\/v2\/product_tag?post=7566"}],"curies":[{"name":"wp","href":"https:\/\/api.w.org\/{rel}","templated":true}]}}