{"id":7576,"date":"2023-02-23T16:14:37","date_gmt":"2023-02-23T22:14:37","guid":{"rendered":"https:\/\/tecsecmty.com\/index.php\/producto\/bosch-v_dip5240gp00n-dispositivo-de-gestion-gpu-sin-hd\/"},"modified":"2023-03-22T23:21:44","modified_gmt":"2023-03-23T05:21:44","slug":"bosch-v_dip5240gp00n-dispositivo-de-gestion-gpu-sin-hd","status":"publish","type":"product","link":"https:\/\/tecsecmty.com\/index.php\/producto\/bosch-v_dip5240gp00n-dispositivo-de-gestion-gpu-sin-hd\/","title":{"rendered":"BOSCH V_DIP5240GP00N- Dispositivo de gesti\u00f3n GPU sin HD"},"content":{"rendered":"<h5 class=\"card-title text-center\">DIVAR IP all-in-one 5000<\/h5>\n<p class=\"ql-align-justify\"><strong>El dispositivo DIVAR IP all-in-one 5000 es una soluci\u00f3n todo en uno asequible y f\u00e1cil de utilizar para grabar, visualizar y gestionar sistemas de vigilancia en red de hasta 42 canales (con 8 canales prelicenciados).<\/strong>\u00a0Con la ejecuci\u00f3n de la soluci\u00f3n BVMS completa y con tecnolog\u00eda Bosch Video Recording Manager, incluyendo Video Streaming Gateway para integrar c\u00e1maras de otros fabricantes, es un dispositivo IP inteligente de gesti\u00f3n y almacenamiento de v\u00eddeo. El sistema DIVAR IP all-in-one 5000 es una unidad minitorre de 4 m\u00f3dulos que combina gesti\u00f3n avanzada y gesti\u00f3n innovadora de grabaciones en un \u00fanico dispositivo de grabaci\u00f3n IP Plug and Play. Este sistema est\u00e1 dise\u00f1ado para clientes que buscan soluciones de TI.<\/p>\n<p class=\"ql-align-justify\"><strong>Descripci\u00f3n del sistema<\/strong><\/p>\n<p class=\"ql-align-justify\">El dispositivo DIVAR IP all-in-one 5000 utiliza un dise\u00f1o integrado de alta eficiencia energ\u00e9tica que cuenta con la calidad inigualable de Bosch en cada uno de sus componentes. El sistema, f\u00e1cil de instalar y usar, se puede configurar con un asistente y dispone de configuraci\u00f3n centralizada. Todos los componentes est\u00e1n preinstalados y cuentan con licencia previa.<\/p>\n<p class=\"ql-align-justify\">El sistema DIVAR IP all-in-one est\u00e1 listo para empezar a grabar desde el primer momento, solo tiene que conectarlo a la red y encenderlo.<\/p>\n<p class=\"ql-align-justify\">BVMS gestiona enteramente todos los sistemas de audio y v\u00eddeo digitales e IP, adem\u00e1s de todos los datos de seguridad que se transmiten a trav\u00e9s de su red IP. Combina perfectamente c\u00e1maras IP y codificadores, proporciona gesti\u00f3n de alarmas y eventos del sistema, control del estado del sistema y gesti\u00f3n de prioridad y usuario.<\/p>\n<p class=\"ql-align-justify\"><strong>Funciones b\u00e1sicas<\/strong><\/p>\n<p class=\"ql-align-justify\"><strong>DIVAR IP all-in-one 5000 dispone de discos duros SATA reemplazables desde la parte frontal que proporcionan 48 TB de capacidad de almacenamiento bruto<\/strong>. Todo el software del sistema est\u00e1 preinstalado, lo que lo convierte en un dispositivo de gesti\u00f3n de v\u00eddeo listo para usar. DIVAR IP all-in-one 5000 utiliza Microsoft Windows Storage Server 2016 (64 bits).<\/p>\n<p class=\"ql-align-justify\"><strong>Acceso inmediato en tiempo real a v\u00eddeo<\/strong><\/p>\n<p class=\"ql-align-justify\">Disfrute de v\u00eddeo HD de alta calidad o incluso de v\u00eddeo UHD aunque la conexi\u00f3n tenga un ancho de banda bajo o limitado. La tecnolog\u00eda Dynamic Transcoding garantiza que puede ver sus v\u00eddeos de inmediato, en cualquier momento y en cualquier lugar. Dynamic Transcoding decodifica y recodifica el flujo de datos a una transmisi\u00f3n de bits m\u00e1s reducida, adecuada al ancho de banda de la conexi\u00f3n. Cuando el v\u00eddeo est\u00e1 en pausa, la funci\u00f3n de mejora instant\u00e1nea de los detalles muestra el v\u00eddeo con resoluci\u00f3n total.<\/p>\n<p class=\"ql-align-justify\"><strong>Gesti\u00f3n<\/strong><\/p>\n<p class=\"ql-align-justify\">Una vez iniciado el sistema, dispondr\u00e1 de acceso inmediato a la aplicaci\u00f3n de gesti\u00f3n BVMS mediante una interfaz de usuario personalizada. La capacidad de utilizar una interfaz de usuario central para configurar y gestionar operaciones reduce los requisitos de instalaci\u00f3n y formaci\u00f3n, y ayuda a mantener unos costes bajos de la gesti\u00f3n del sistema.<\/p>\n<p class=\"ql-align-justify\"><strong>Visualizaci\u00f3n remota<\/strong><\/p>\n<p class=\"ql-align-justify\">Para la visualizaci\u00f3n remota de un solo sistema DIVAR IP all-in-one, se incluye BVMS Operator Client. Si tiene varios sistemas, agr\u00e9guelos a BVMS Enterprise Management Server. Tambi\u00e9n puede utilizar la Video Security App para la visualizaci\u00f3n remota de dispositivos m\u00f3viles.<\/p>\n<p class=\"ql-align-justify\"><strong>Calidad<\/strong><\/p>\n<p class=\"ql-align-justify\">Bosch Bosch somete todos sus productos a las pruebas de calidad m\u00e1s completas y rigurosas del sector. Nuestros productos de grabaci\u00f3n se someten a temperaturas, tensiones y vibraciones extremas para determinar l\u00edmites de funcionamiento fiable y garantizar un funcionamiento fiable de larga duraci\u00f3n. Bosch defiende firmemente cada uno de los productos que vende con una garant\u00eda completa de 3 a\u00f1os respaldada por su servicio t\u00e9cnico.<\/p>\n<p class=\"ql-align-justify\"><strong>Certificaciones y aprobaciones<\/strong><\/p>\n<ul>\n<li class=\"ql-align-justify\">Europa CE DIVAR IP all-in-one 5000.<\/li>\n<\/ul>\n<p class=\"ql-align-justify\"><strong>Notas de configuraci\u00f3n\/instalaci\u00f3n<\/strong><\/p>\n<p class=\"ql-align-justify\">Estado del sistema DIVAR IP all-in-one 5000 viene completamente cargado y plenamente funcional con el sistema operativo de Microsoft y las aplicaciones de Bosch:<\/p>\n<ul>\n<li class=\"ql-align-justify\">Windows Storage Server 2016, de 64 bits<\/li>\n<li class=\"ql-align-justify\">BVMSVideo Recording Manager con Video Streaming Gateway<\/li>\n<li class=\"ql-align-justify\">Dynamic Transcoding.<\/li>\n<\/ul>\n<p class=\"ql-align-justify\"><strong>Modos de funcionamiento<\/strong><\/p>\n<p class=\"ql-align-justify\"><strong>DIVAR IP all-in-one 5000 puede funcionar en tres modos diferentes:<\/strong><\/p>\n<ul>\n<li class=\"ql-align-justify\">Sistema de gesti\u00f3n y grabaci\u00f3n de v\u00eddeo completo que utiliza los componentes y servicios clave de BVMS y Video Recording Manager. Este modo permite utilizar funciones avanzadas de gesti\u00f3n de v\u00eddeo, como la gesti\u00f3n de alarmas y eventos. Incluye licencia b\u00e1sica con 8 canales de c\u00e1mara. Se puede ampliar el sistema hasta 32 canales con una licencia MBV-BLITDIP y hasta 42 canales mediante licencias adicionales de 1 canal (MBV-1CHAN-DIP). Las secuencias de v\u00eddeo grabadas deben configurarse de forma que no se supere el ancho de banda m\u00e1ximo del sistema (sistema b\u00e1sico BVMS\/Video Recording Manager m\u00e1s las expansiones de almacenamiento iSCSI).<\/li>\n<li class=\"ql-align-justify\">Sistema de grabaci\u00f3n de v\u00eddeo simple que utiliza los componentes y servicios clave de Video Recording Manager. En este modo, 32 canales de grabaci\u00f3n de c\u00e1mara del Video Recording Manager ya disponen de licencias previas. Se puede ampliar el sistema hasta 42 canales con las licencias de canal de Video Recording Manager que aparecen en la informaci\u00f3n del pedido. Las secuencias de v\u00eddeo grabadas deben configurarse de forma que no se supere el ancho de banda m\u00e1ximo del sistema (sistema b\u00e1sico BVMS\/Video Recording Manager m\u00e1s las expansiones de almacenamiento iSCSI).<\/li>\n<li class=\"ql-align-justify\">Ampliaci\u00f3n de almacenamiento iSCSI para un sistema BVMS o Video Recording Manager que se ejecuta en un hardware diferente. Se pueden a\u00f1adir hasta dos de estas ampliaciones de almacenamiento iSCSI a un sistema BVMS o Video Recording Manager que se ejecuta en un DIVAR IP all-in-one 5000.<\/li>\n<\/ul>\n<p class=\"ql-align-justify\"><strong>Limitaciones de las licencias<\/strong><\/p>\n<p class=\"ql-align-justify\">Para las licencias de BVMS aplicadas a DIVAR IP all-inone 5000, tenga en cuenta el l\u00edmite superior de cada una:<\/p>\n<p class=\"ql-align-justify\"><strong>Clientes de estaci\u00f3n de trabajo:<\/strong><\/p>\n<ul>\n<li class=\"ql-align-justify\">Prelicenciado: 2.<\/li>\n<li class=\"ql-align-justify\">L\u00edmite superior: 5.<\/li>\n<\/ul>\n<p class=\"ql-align-justify\"><strong>Sistemas DVR\/BRS:<\/strong><\/p>\n<ul>\n<li class=\"ql-align-justify\">Prelicenciado: 1.<\/li>\n<li class=\"ql-align-justify\">L\u00edmite superior: 10.<\/li>\n<\/ul>\n<p class=\"ql-align-justify\"><strong>Teclados CCTV 2 5\u00a0<\/strong><\/p>\n<ul>\n<li class=\"ql-align-justify\">Prelicenciado: 2.<\/li>\n<li class=\"ql-align-justify\">L\u00edmite superior: 5.<\/li>\n<\/ul>\n<p class=\"ql-align-justify\"><strong>Mobile Video Service<\/strong><\/p>\n<ul>\n<li class=\"ql-align-justify\">Prelicenciado: 1*.<\/li>\n<li class=\"ql-align-justify\">L\u00edmite superior: 1*.<\/li>\n<\/ul>\n<p class=\"ql-align-justify\"><strong>Paneles de intrusi\u00f3n<\/strong><\/p>\n<ul>\n<li class=\"ql-align-justify\">Prelicenciado: 1.<\/li>\n<li class=\"ql-align-justify\">L\u00edmite superior: 5.<\/li>\n<\/ul>\n<p class=\"ql-align-justify\"><strong>Nota: Para obtener m\u00e1s informaci\u00f3n, en Informaci\u00f3n para pedidos, consulte Opciones de software.\u00a0<\/strong><\/p>\n<p class=\"ql-align-justify\"><strong>Aviso:<\/strong><\/p>\n<p class=\"ql-align-justify\">El nivel de servicio de sustituci\u00f3n de piezas en 3 d\u00edas h\u00e1biles solo se puede proporcionar si el sistema correspondiente se ha registrado inmediatamente despu\u00e9s de su recepci\u00f3n e instalaci\u00f3n. De lo contrario, el servicio se suministrar\u00e1 de la mejor manera posible. La informaci\u00f3n sobre los detalles del registro est\u00e1 disponible con cada env\u00edo (formulario de registro) o en el cat\u00e1logo de productos en l\u00ednea de Bosch. Este nivel de servicio no se puede proporcionar en todos los pa\u00edses. Para conocer las limitaciones y excepciones, consulte los detalles del registro en el formulario de registro.<\/p>\n<p class=\"ql-align-justify\"><strong>Nota: DIP-5240IG-00N Dispositivo de gesti\u00f3n sin HDD<\/strong><\/p>\n<p class=\"ql-align-justify\"><strong>Soluci\u00f3n de grabaci\u00f3n, visualizaci\u00f3n y gesti\u00f3n todo en uno para sistemas de vigilancia en red. Con tarjeta gr\u00e1fica integrada y sin disco duro.<\/strong><\/p>\n<p class=\"ql-align-justify\"><strong>N\u00famero de pedido DIP-5240IG-00N<\/strong><\/p>\n<p class=\"ql-align-justify\"><strong>Principales caracter\u00edsticas:<\/strong><\/p>\n<ul>\n<li class=\"ql-align-justify\">Soluci\u00f3n de gesti\u00f3n y grabaci\u00f3n integral de v\u00eddeo con todas las funciones para un m\u00e1ximo de 42 canales.<\/li>\n<li class=\"ql-align-justify\">Grabaci\u00f3n de v\u00eddeo IP lista para usar con una capacidad de almacenamiento de 48 TB (4 x 12 TB) preinstalada.<\/li>\n<li class=\"ql-align-justify\">Funcionamiento fiable y seguro con acceso instant\u00e1neo al v\u00eddeo en tiempo real.<\/li>\n<li class=\"ql-align-justify\">Gesti\u00f3n avanzada de alarmas y usuarios.<\/li>\n<li class=\"ql-align-justify\">Garant\u00eda de 3 a\u00f1os, incluyendo la sustituci\u00f3n de piezas en un plazo de 3 d\u00edas h\u00e1biles.<\/li>\n<\/ul>\n<p class=\"ql-align-justify\"><strong>Especificaciones<\/strong><\/p>\n<p class=\"ql-align-justify\"><strong>El\u00e9ctricas<\/strong><\/p>\n<ul>\n<li class=\"ql-align-justify\">Fuente de alimentaci\u00f3n Fuente de alimentaci\u00f3n bronce con salida m\u00faltiple 250 W Flex ATX 100\/240 V CA, 50\/60 Hz.<\/li>\n<\/ul>\n<p class=\"ql-align-justify\"><strong>Mec\u00e1nicas<\/strong><\/p>\n<ul>\n<li class=\"ql-align-justify\">Factor de forma Minitorre de 4 m\u00f3dulos.<\/li>\n<li class=\"ql-align-justify\">Puertos de red 2 puertos RJ45 Gigabit Ethernet LAN.<\/li>\n<li class=\"ql-align-justify\">Dimensiones (Al. x An. x Pr.): De 240 x 210 x 279 mm (9,45 x 8,27 x 11 pulg.)<\/li>\n<li class=\"ql-align-justify\">Peso bruto: 6,8 kg (15 libras).<\/li>\n<\/ul>\n<p class=\"ql-align-justify\"><strong>Puertos USB:<\/strong><\/p>\n<ul>\n<li class=\"ql-align-justify\">2 USB 2.0 (frontales).<\/li>\n<li class=\"ql-align-justify\">2 USB 3.1 (traseros).<\/li>\n<li class=\"ql-align-justify\">2 USB-C (traseros).<\/li>\n<\/ul>\n<p class=\"ql-align-justify\"><strong>Ambientales<\/strong><\/p>\n<ul>\n<li class=\"ql-align-justify\">Temperatura de funcionamiento: De +0 \u00b0C a +40 \u00b0C (de +32 \u00b0F a +104 \u00b0F).<\/li>\n<li class=\"ql-align-justify\">Temperatura de almacenamiento: De -40 \u00b0C a +70 \u00b0C (de -40 \u00b0F a +158 \u00b0F).<\/li>\n<li class=\"ql-align-justify\">Humedad relativa de funcionamiento: Del 8 al 90% (sin condensaci\u00f3n).<\/li>\n<li class=\"ql-align-justify\">Humedad relativa de almacenamiento: De 5 al 95% (sin condensaci\u00f3n).<\/li>\n<\/ul>\n<p class=\"ql-align-justify\"><strong>Procesador<\/strong><\/p>\n<ul>\n<li class=\"ql-align-justify\">Procesador: Procesador Intel i3-8100.<\/li>\n<li class=\"ql-align-justify\">Z\u00f3calo 1 z\u00f3calo de procesador Intel LGA1151.<\/li>\n<li class=\"ql-align-justify\">Conjunto de chips Intel Q370.<\/li>\n<\/ul>\n<p class=\"ql-align-justify\"><strong>Memoria<\/strong><\/p>\n<ul>\n<li class=\"ql-align-justify\">Tipo de memoria SO-DIMM DDR.<\/li>\n<li class=\"ql-align-justify\">Memoria instalada SO\u2011DIMM 8 GB.<\/li>\n<\/ul>\n<p class=\"ql-align-justify\"><strong>Almacenamiento<\/strong><\/p>\n<ul>\n<li class=\"ql-align-justify\">Tipo de almacenamiento 4 bandejas: SATA de 3,5 pulg.<\/li>\n<\/ul>\n<p class=\"ql-align-justify\"><strong>Discos duros instalados:<\/strong><\/p>\n<ul>\n<li class=\"ql-align-justify\">DIP-5244IG-4HD y DIP-5244GP-4HD: 4 discos duros (4 TB).<\/li>\n<li class=\"ql-align-justify\">DIP-5248IG-4HD y DIP-5248GP-4HD: 4 discos duros (8 TB).<\/li>\n<li class=\"ql-align-justify\">DIP-524CIG-4HD y DIP-524CGP-4HD: 4 discos duros (12 TB).<\/li>\n<li class=\"ql-align-justify\">DIP-5240IG-00N y DIP-5240GP-00N: ninguno (opcionalmente discos duros de 4 TB\/ 8 TB\/12 TB).<\/li>\n<\/ul>\n<p class=\"ql-align-justify\"><strong>Gr\u00e1ficos<\/strong><\/p>\n<ul>\n<li class=\"ql-align-justify\">Versi\u00f3n GPU 4 Mini-DisplayPort.<\/li>\n<\/ul>\n<p class=\"ql-align-justify\"><strong>Versi\u00f3n de tarjeta gr\u00e1fica integrada<\/strong><\/p>\n<ul>\n<li class=\"ql-align-justify\">1 DVI.<\/li>\n<li class=\"ql-align-justify\">1 DisplayPort.<\/li>\n<li class=\"ql-align-justify\">1 HDMI.<\/li>\n<\/ul>\n<p><img decoding=\"async\" class=\"overview-center-img-web\" src=\"https:\/\/tvc.mx\/media\/32139\/Logoopaginas-oficial-1920x400.png\" alt=\"\" \/><\/p>\n","protected":false},"excerpt":{"rendered":"<p>DIVAR IP all-in-one 5000 El dispositivo DIVAR IP all-in-one 5000 es una soluci\u00f3n todo en uno asequible y f\u00e1cil de utilizar para grabar, visualizar y gestionar sistemas de vigilancia en red de hasta 42 canales (con 8 canales prelicenciados).\u00a0Con la ejecuci\u00f3n de la soluci\u00f3n BVMS&hellip;<\/p>\n","protected":false},"featured_media":7575,"comment_status":"open","ping_status":"closed","template":"","meta":{"om_disable_all_campaigns":false,"_monsterinsights_skip_tracking":false,"_monsterinsights_sitenote_active":false,"_monsterinsights_sitenote_note":"","_monsterinsights_sitenote_category":0},"product_brand":[],"product_cat":[691],"product_tag":[613,611,612,616,615,610,614,617],"class_list":{"0":"post-7576","1":"product","2":"type-product","3":"status-publish","4":"has-post-thumbnail","6":"product_cat-nvrs-mayores-a-32-canales-nvrs-bosch-video-vigilancia","7":"product_tag-bosch","8":"product_tag-manhattan","9":"product_tag-saxxon","10":"product_tag-surveon","11":"product_tag-utepo","12":"product_tag-videovigilancia","13":"product_tag-vivotek","14":"product_tag-zteco","16":"first","17":"instock","18":"sale","19":"taxable","20":"shipping-taxable","21":"purchasable","22":"product-type-simple"},"aioseo_notices":[],"_links":{"self":[{"href":"https:\/\/tecsecmty.com\/index.php\/wp-json\/wp\/v2\/product\/7576","targetHints":{"allow":["GET"]}}],"collection":[{"href":"https:\/\/tecsecmty.com\/index.php\/wp-json\/wp\/v2\/product"}],"about":[{"href":"https:\/\/tecsecmty.com\/index.php\/wp-json\/wp\/v2\/types\/product"}],"replies":[{"embeddable":true,"href":"https:\/\/tecsecmty.com\/index.php\/wp-json\/wp\/v2\/comments?post=7576"}],"version-history":[{"count":0,"href":"https:\/\/tecsecmty.com\/index.php\/wp-json\/wp\/v2\/product\/7576\/revisions"}],"wp:featuredmedia":[{"embeddable":true,"href":"https:\/\/tecsecmty.com\/index.php\/wp-json\/wp\/v2\/media\/7575"}],"wp:attachment":[{"href":"https:\/\/tecsecmty.com\/index.php\/wp-json\/wp\/v2\/media?parent=7576"}],"wp:term":[{"taxonomy":"product_brand","embeddable":true,"href":"https:\/\/tecsecmty.com\/index.php\/wp-json\/wp\/v2\/product_brand?post=7576"},{"taxonomy":"product_cat","embeddable":true,"href":"https:\/\/tecsecmty.com\/index.php\/wp-json\/wp\/v2\/product_cat?post=7576"},{"taxonomy":"product_tag","embeddable":true,"href":"https:\/\/tecsecmty.com\/index.php\/wp-json\/wp\/v2\/product_tag?post=7576"}],"curies":[{"name":"wp","href":"https:\/\/api.w.org\/{rel}","templated":true}]}}