{"id":7594,"date":"2023-02-23T16:14:59","date_gmt":"2023-02-23T22:14:59","guid":{"rendered":"https:\/\/tecsecmty.com\/index.php\/producto\/bosch-v_dip71844hd-divar-ip-7000-hasta-128-canales-con-licencias-4-hdd-de-4tb\/"},"modified":"2023-03-22T23:21:45","modified_gmt":"2023-03-23T05:21:45","slug":"bosch-v_dip71844hd-divar-ip-7000-hasta-128-canales-con-licencias-4-hdd-de-4tb","status":"publish","type":"product","link":"https:\/\/tecsecmty.com\/index.php\/producto\/bosch-v_dip71844hd-divar-ip-7000-hasta-128-canales-con-licencias-4-hdd-de-4tb\/","title":{"rendered":"BOSCH V_DIP71844HD &#8211; DIVAR IP 7000 \/ Hasta 128 canales con licencias \/ 4 HDD De 4TB"},"content":{"rendered":"<p><img fetchpriority=\"high\" decoding=\"async\" class=\"aligncenter\" src=\"http:\/\/soporte.tvc.mx\/Ingenieria\/BOSCH\/BANNER\/ALLTECH.jpg\" alt=\"\" width=\"734\" height=\"187\" \/><\/p>\n<p>&nbsp;<\/p>\n<p>La familia DIVAR IP 7000 es una soluci\u00f3n todo en uno asequible, f\u00e1cil de utilizar y fiable de grabaci\u00f3n, visualizaci\u00f3n y gesti\u00f3n para sistemas de vigilancia en red de hasta 128 canales (con 32 canales con licencia previa). Cuando se combina con la soluci\u00f3n completa Bosch Video Management System y el software Video Recording Manager de Bosch, DIVAR IP 7000 es un dispositivo de almacenamiento IP inteligente que elimina la necesidad de disponer de hardware de almacenamiento y servidor NVR (Network Video Recorder) independientes, reduciendo el coste total de propiedad en hasta un 45 %. DIVAR IP 7000 2U es una unidad con montaje en rack 2HU que combina gesti\u00f3n avanzada y gesti\u00f3n de grabaciones de vanguardia en un \u00fanico dispositivo de grabaci\u00f3n IP Plug and Play rentable dise\u00f1ado para clientes que buscan soluciones de TI.<\/p>\n<p><strong>Resumen del sistema<\/strong><\/p>\n<p>La familia DIVAR IP 7000 utiliza un dise\u00f1o integrado con uso eficiente de la energ\u00eda que reduce los posibles puntos de fallo y ofrece la calidad total de Bosch. El uso de discos duros de altas prestaciones en configuraci\u00f3n RAID-5 con tolerancia a fallos, interfaz de red Gigabit Ethernet de dos puertos, memoria del sistema de 8 GB y un procesador Intel Xeon Quad Core permite al dispositivo proporcionar un rendimiento de gama alta a un precio muy razonable. El sistema, f\u00e1cil de instalar y usar, se puede configurar con un asistente y dispone de configuraci\u00f3n centralizada. Todos los componentes est\u00e1n preinstalados y cuentan con licencia previa.<\/p>\n<p>El sistema DIVAR IP est\u00e1 listo para empezar a grabar desde el primer momento, solo tiene que conectarlo a la red y encenderlo. Bosch Video Management System gestiona enteramente todos los sistemas de audio y v\u00eddeo digitales e IP, adem\u00e1s de todos los datos de seguridad que se transmiten a trav\u00e9s de su red IP. Combina perfectamente c\u00e1maras IP y codificadores, proporciona gesti\u00f3n de alarmas y eventos del sistema, control del estado del sistema y gesti\u00f3n de prioridad y usuario.<\/p>\n<p><strong>Funciones b\u00e1sicas<\/strong><\/p>\n<p>DIVAR IP 7000 2U cuenta con fuentes de alimentaci\u00f3n redundantes e intercambiables en caliente de alta eficiencia energ\u00e9tica y discos duros SATA-3 reemplazables desde la parte frontal que proporcionan hasta 64 TB de capacidad de almacenamiento bruta. Todo el software del sistema est\u00e1 preinstalado y preactivado, lo que lo convierte en un dispositivo de gesti\u00f3n de v\u00eddeo listo para usar desde el primer momento. Utiliza Microsoft Windows Storage Server 2012 R2.<\/p>\n<p><strong>Acceso inmediato en tiempo real a v\u00eddeo.<\/strong><\/p>\n<p>Disfrute de v\u00eddeo HD de alta calidad e incluso de v\u00eddeo UHD aunque la conexi\u00f3n tenga un ancho de banda bajo o limitado. La tecnolog\u00eda Dynamic Transcoding garantiza que puede ver sus v\u00eddeos de inmediato, en cualquier momento y en cualquier lugar. El transcodificador integrado admite hasta 4 flujos de v\u00eddeo de resoluci\u00f3n UHD en paralelo.<\/p>\n<p><strong>Gesti\u00f3n<\/strong><\/p>\n<p>Una vez iniciado el sistema, dispondr\u00e1 de acceso inmediato a la aplicaci\u00f3n de gesti\u00f3n Bosch Video Management System mediante una interfaz de usuario personalizada. La capacidad de utilizar una interfaz de usuario central para configurar y gestionar operaciones reduce los requisitos de instalaci\u00f3n y formaci\u00f3n, y ayuda a mantener unos costes bajos de la gesti\u00f3n del sistema.<\/p>\n<p><strong>Visualizaci\u00f3n remota<\/strong><\/p>\n<p>Para la visualizaci\u00f3n remota de un solo sistema DIVAR IP, se incluye Bosch VMS Operator Client. Si tiene varios sistemas, agr\u00e9guelos a Bosch VMS Enterprise Management Server. Tambi\u00e9n puede utilizar Video Security Client para la visualizaci\u00f3n de v\u00eddeo en una estaci\u00f3n de trabajo independiente o un dispositivo m\u00f3vil.<\/p>\n<p>&nbsp;<\/p>\n<p><strong>Nota:<\/strong><\/p>\n<ul>\n<li>Bosch no se hace responsable de los fallos del sistema de aquellas unidades que est\u00e9n equipadas con discos duros de terceros si estos son la causa del problema. Estos discos no est\u00e1n cubiertos por la garant\u00eda de tres a\u00f1os.<\/li>\n<li>Fuente de alimentaci\u00f3n ininterrumpida (SAI). Le recomendamos que utilice un \u201cSAI en l\u00ednea\u201d con una bater\u00eda siempre activa. El SAI debe admitir Windows Storage Server 2012 R2 y debe proporcionar suficiente tiempo como para permitir la conexi\u00f3n de una l\u00ednea o fuente de alimentaci\u00f3n auxiliar o para cerrar correctamente las arrays de discos del DIVAR IP.<\/li>\n<\/ul>\n<p>&nbsp;<\/p>\n<p>&nbsp;<\/p>\n<p><span title=\"as furnace rooms, closets, and other confined areas.\">\u00a0<\/span><\/p>\n<p><strong><span title=\"as furnace rooms, closets, and other confined areas.\">Principales Caracteristicas:<\/span><\/strong><\/p>\n<ul>\n<li>Soluci\u00f3n de gesti\u00f3n de v\u00eddeo todo en uno con protecci\u00f3n RAID-5 (configuraci\u00f3n est\u00e1ndar) para un m\u00e1ximo de 128 canales.<\/li>\n<li>Soluci\u00f3n de gesti\u00f3n de v\u00eddeo IP lista para usar con una capacidad de almacenamiento de 64 TB .<\/li>\n<li>Acceso inmediato a lo que se est\u00e1 buscando u Gesti\u00f3n avanzada de alarmas y usuarios.<\/li>\n<li>Garant\u00eda de 3 a\u00f1os que incluye asistencia al siguiente d\u00eda laborable.<\/li>\n<\/ul>\n<p>&nbsp;<\/p>\n<p><strong>Especificaciones:<\/strong><\/p>\n<p><strong>El\u00e9ctricas<\/strong><br \/>\n<strong>Tensi\u00f3n de entrada de CA: De 100 a 240 V\/50 a 60 Hz.<\/strong><\/p>\n<ul>\n<li>Entrada el\u00e9ctrica de 140 VCA:<\/li>\n<li>Corriente de entrada:\n<ul>\n<li>4HD: 2,1 A.<\/li>\n<li>8HD: 2,4 A.<\/li>\n<\/ul>\n<\/li>\n<li>Potencia de salida real desde fuente de alimentaci\u00f3n:Eficiencia de alimentaci\u00f3n: 92%.\n<ul>\n<li>4HD: 259,9 W.<\/li>\n<li>8HD: 305,6 W.<\/li>\n<\/ul>\n<\/li>\n<li>Consumo de energ\u00eda:\n<ul>\n<li>4HD: 282,5 W.<\/li>\n<li>8HD: 332,2 W.<\/li>\n<\/ul>\n<\/li>\n<li>BTU\/h totales:Factor de alimentaci\u00f3n: 0.98.\n<ul>\n<li>4HD: 964,2.<\/li>\n<li>8HD: 1133,9.<\/li>\n<\/ul>\n<\/li>\n<li>Requisito de VA de entrada de CA del sistema:\n<ul>\n<li>8HD: 339,0 VA.<\/li>\n<li>4HD: 288,3 VA.<\/li>\n<\/ul>\n<\/li>\n<\/ul>\n<p>&nbsp;<\/p>\n<p><strong>Entrada el\u00e9ctrica de 240 VCA<\/strong><\/p>\n<ul>\n<li>Corriente de entrada:\n<ul>\n<li>4HD: 1,2 A.<\/li>\n<li>8HD: 1,4 A.<\/li>\n<\/ul>\n<\/li>\n<li>Potencia de salida real desde fuente de alimentaci\u00f3n:Eficiencia de alimentaci\u00f3n: 94%.\n<ul>\n<li>4HD: 259,9 W.<\/li>\n<li>8HD: 305,6 W.<\/li>\n<\/ul>\n<\/li>\n<li>Consumo de energ\u00eda:8HD:\n<ul>\n<li>325,1 W.<\/li>\n<li>4HD: 276,5 W.<\/li>\n<\/ul>\n<\/li>\n<\/ul>\n<ul>\n<li>BTU\/h totales:\n<ul>\n<li>8HD: 1109,7.<\/li>\n<li>4HD: 943,7.<\/li>\n<\/ul>\n<\/li>\n<\/ul>\n<p><strong>Mec\u00e1nicas<\/strong><\/p>\n<ul>\n<li>Factor de forma: Montaje en rack 2HU.<\/li>\n<li>Fuente de alimentaci\u00f3n: 740 W redundante de nivel Platinum.<\/li>\n<li>Puertos USB:\n<ul>\n<li>Parte frontal: 2 puertos USB 2.0<\/li>\n<li>Parte trasera: 2 puertos USB 2.0, 2 puertos<\/li>\n<li>USB 3.0<\/li>\n<\/ul>\n<\/li>\n<\/ul>\n<ul>\n<li>Red:\n<ul>\n<li>LAN Gigabit Intel i210AT doble (asociada).<\/li>\n<li>1 puerto IPMI BMC.<\/li>\n<\/ul>\n<\/li>\n<\/ul>\n<ul>\n<li>Dimensiones (Al. x An. x Pr.): 89 x 437 x 648 mm (3,5 x 17,2 x 25,5 pulg.).<\/li>\n<li>Peso: 23,6 kg (52 libras).<\/li>\n<\/ul>\n<p><strong>Ambientales<\/strong><\/p>\n<ul>\n<li>Temperatura de funcionamiento: De +10 \u00b0C a +35 \u00b0C (de +50 \u00b0F a +95 \u00b0F).<\/li>\n<li>Temperatura de almacenamiento: De -40 \u00b0C a +70 \u00b0C (de -40 \u00b0F a +158 \u00b0F).<\/li>\n<li>Humedad relativa de funcionamiento: Del 8 al 90% (sin condensaci\u00f3n).<\/li>\n<li>Humedad relativa de almacenamiento: De 5 al 95% (sin condensaci\u00f3n).<\/li>\n<\/ul>\n<p><strong>Procesador<\/strong><\/p>\n<ul>\n<li>Procesador: Procesador Intel Xeon E3-1275 V3 (8 MB de cach\u00e9, 3,5 GHz)<\/li>\n<li>Z\u00f3calo: 1.<\/li>\n<li>Memoria cach\u00e9: Cach\u00e9 inteligente Intel de 8 MB.<\/li>\n<li>Protecci\u00f3n de memoria: Memoria sin b\u00fafer ECC.<\/li>\n<li>Bus frontal m\u00e1x.: 1600 MHz.<\/li>\n<\/ul>\n<p><strong>Memoria<\/strong><\/p>\n<ul>\n<li>Memoria instalada: UNB DDR3-1666 ECC de 8 GB (1 x 8 GB).<\/li>\n<\/ul>\n<p><strong>Almacenamiento<\/strong><\/p>\n<ul>\n<li>Tipo de almacenamiento: 8 bandejas: SATA de 3,5 pulg.<\/li>\n<\/ul>\n<p>&nbsp;<\/p>\n","protected":false},"excerpt":{"rendered":"<p>&nbsp; La familia DIVAR IP 7000 es una soluci\u00f3n todo en uno asequible, f\u00e1cil de utilizar y fiable de grabaci\u00f3n, visualizaci\u00f3n y gesti\u00f3n para sistemas de vigilancia en red de hasta 128 canales (con 32 canales con licencia previa). Cuando se combina con la soluci\u00f3n&hellip;<\/p>\n","protected":false},"featured_media":7593,"comment_status":"open","ping_status":"closed","template":"","meta":{"om_disable_all_campaigns":false,"_monsterinsights_skip_tracking":false,"_monsterinsights_sitenote_active":false,"_monsterinsights_sitenote_note":"","_monsterinsights_sitenote_category":0},"product_brand":[],"product_cat":[691],"product_tag":[613,611,612,616,615,610,614,617],"class_list":{"0":"post-7594","1":"product","2":"type-product","3":"status-publish","4":"has-post-thumbnail","6":"product_cat-nvrs-mayores-a-32-canales-nvrs-bosch-video-vigilancia","7":"product_tag-bosch","8":"product_tag-manhattan","9":"product_tag-saxxon","10":"product_tag-surveon","11":"product_tag-utepo","12":"product_tag-videovigilancia","13":"product_tag-vivotek","14":"product_tag-zteco","16":"first","17":"instock","18":"sale","19":"taxable","20":"shipping-taxable","21":"purchasable","22":"product-type-simple"},"aioseo_notices":[],"_links":{"self":[{"href":"https:\/\/tecsecmty.com\/index.php\/wp-json\/wp\/v2\/product\/7594","targetHints":{"allow":["GET"]}}],"collection":[{"href":"https:\/\/tecsecmty.com\/index.php\/wp-json\/wp\/v2\/product"}],"about":[{"href":"https:\/\/tecsecmty.com\/index.php\/wp-json\/wp\/v2\/types\/product"}],"replies":[{"embeddable":true,"href":"https:\/\/tecsecmty.com\/index.php\/wp-json\/wp\/v2\/comments?post=7594"}],"version-history":[{"count":0,"href":"https:\/\/tecsecmty.com\/index.php\/wp-json\/wp\/v2\/product\/7594\/revisions"}],"wp:featuredmedia":[{"embeddable":true,"href":"https:\/\/tecsecmty.com\/index.php\/wp-json\/wp\/v2\/media\/7593"}],"wp:attachment":[{"href":"https:\/\/tecsecmty.com\/index.php\/wp-json\/wp\/v2\/media?parent=7594"}],"wp:term":[{"taxonomy":"product_brand","embeddable":true,"href":"https:\/\/tecsecmty.com\/index.php\/wp-json\/wp\/v2\/product_brand?post=7594"},{"taxonomy":"product_cat","embeddable":true,"href":"https:\/\/tecsecmty.com\/index.php\/wp-json\/wp\/v2\/product_cat?post=7594"},{"taxonomy":"product_tag","embeddable":true,"href":"https:\/\/tecsecmty.com\/index.php\/wp-json\/wp\/v2\/product_tag?post=7594"}],"curies":[{"name":"wp","href":"https:\/\/api.w.org\/{rel}","templated":true}]}}