{"id":7596,"date":"2023-02-23T16:15:01","date_gmt":"2023-02-23T22:15:01","guid":{"rendered":"https:\/\/tecsecmty.com\/index.php\/producto\/bosch-v_dip71868hd-divar-ip-7000-hasta-128-canales-con-licencias-8-hdd-de-6tb\/"},"modified":"2023-03-22T23:21:45","modified_gmt":"2023-03-23T05:21:45","slug":"bosch-v_dip71868hd-divar-ip-7000-hasta-128-canales-con-licencias-8-hdd-de-6tb","status":"publish","type":"product","link":"https:\/\/tecsecmty.com\/index.php\/producto\/bosch-v_dip71868hd-divar-ip-7000-hasta-128-canales-con-licencias-8-hdd-de-6tb\/","title":{"rendered":"BOSCH V_DIP71868HD &#8211; DIVAR IP 7000 \/ Hasta 128 canales con licencias \/ 8 HDD De 6TB"},"content":{"rendered":"<h5 class=\"card-title text-center\">DIVAR IP 7000 2U, 8 discos duros x 6 TB<\/h5>\n<p class=\"ql-align-justify\"><strong>La familia DIVAR IP 7000 es una soluci\u00f3n todo en uno asequible, f\u00e1cil de utilizar y fiable de grabaci\u00f3n, visualizaci\u00f3n y gesti\u00f3n para sistemas de vigilancia en red de hasta 128 canales<\/strong>\u00a0<strong>(con 32 canales con licencia previa).\u00a0<\/strong>Cuando se combina con la soluci\u00f3n completa\u00a0<strong>Bosch Video Management System<\/strong>\u00a0y el\u00a0<strong>software Video Recording Manager de Bosch, DIVAR IP 7000<\/strong>\u00a0es un dispositivo de almacenamiento IP inteligente que elimina la necesidad de disponer de hardware de almacenamiento y servidor\u00a0<strong>NVR (Network Video Recorder)<\/strong>\u00a0independientes, reduciendo el coste total de propiedad en hasta un 45 %.\u00a0<strong>DIVAR IP 7000 2U\u00a0<\/strong>es una unidad con montaje en\u00a0<strong>rack 2HU\u00a0<\/strong>que combina gesti\u00f3n avanzada y gesti\u00f3n de grabaciones de vanguardia en un \u00fanico dispositivo de grabaci\u00f3n\u00a0<strong>IP Plug and Play<\/strong>\u00a0rentable dise\u00f1ado para clientes que buscan soluciones de TI.<\/p>\n<p class=\"ql-align-justify\"><strong>Resumen del sistema<\/strong><\/p>\n<p class=\"ql-align-justify\"><strong>La familia DIVAR IP 7000<\/strong>\u00a0utiliza un dise\u00f1o integrado con uso eficiente de la energ\u00eda que reduce los posibles puntos de fallo y ofrece la calidad total de Bosch. El uso de discos duros de altas prestaciones en configuraci\u00f3n\u00a0<strong>RAID-5\u00a0<\/strong>con tolerancia a fallos, interfaz de\u00a0<strong>red Gigabit Ethernet<\/strong>\u00a0de dos puertos, memoria del sistema de<strong>\u00a08 GB<\/strong>\u00a0y un procesador\u00a0<strong>Intel Xeon Quad Core\u00a0<\/strong>permite al dispositivo proporcionar un rendimiento de gama alta a un precio muy razonable. El sistema, f\u00e1cil de instalar y usar, se puede configurar con un asistente y dispone de configuraci\u00f3n centralizada. Todos los componentes est\u00e1n preinstalados y cuentan con licencia previa. El sistema<strong>\u00a0DIVAR IP\u00a0<\/strong>est\u00e1 listo para empezar a grabar desde el primer momento, solo tiene que conectarlo a la red y encenderlo.<\/p>\n<p class=\"ql-align-justify\"><strong>Funciones b\u00e1sicas<\/strong><\/p>\n<p class=\"ql-align-justify\"><strong>DIVAR IP 7000 2U<\/strong>\u00a0cuenta con fuentes de alimentaci\u00f3n redundantes e intercambiables en caliente de alta eficiencia energ\u00e9tica y discos duros\u00a0<strong>SATA-3<\/strong>\u00a0reemplazables desde la parte frontal que proporcionan hasta 64 TB de capacidad de almacenamiento bruta. Todo el software del sistema est\u00e1 preinstalado y preactivado, lo que lo convierte en un dispositivo de gesti\u00f3n de v\u00eddeo listo para usar desde el primer momento. Utiliza<strong>\u00a0Microsoft Windows Storage Server 2012 R2.<\/strong><\/p>\n<p class=\"ql-align-justify\"><strong>Acceso inmediato en tiempo real a v\u00eddeo<\/strong><\/p>\n<p class=\"ql-align-justify\"><strong>Disfrute de v\u00eddeo\u00a0HD\u00a0<\/strong>de alta calidad e incluso de v\u00eddeo\u00a0<strong>UHD\u00a0<\/strong>aunque la conexi\u00f3n tenga un ancho de banda bajo o limitado. La tecnolog\u00eda\u00a0<strong>Dynamic Transcoding<\/strong>\u00a0garantiza que puede ver sus v\u00eddeos de inmediato, en cualquier momento y en cualquier lugar. El transcodificador integrado admite hasta 4 flujos de v\u00eddeo de resoluci\u00f3n\u00a0<strong>UHD\u00a0<\/strong>en paralelo.<\/p>\n<p class=\"ql-align-justify\"><strong>Gesti\u00f3n<\/strong><\/p>\n<p class=\"ql-align-justify\"><strong>Una vez iniciado el sistema, dispondr\u00e1 de acceso inmediato a la aplicaci\u00f3n de gesti\u00f3n\u00a0Bosch Video Management System<\/strong>\u00a0mediante una interfaz de usuario personalizada. La capacidad de utilizar una interfaz de usuario central para configurar y gestionar operaciones reduce los requisitos de instalaci\u00f3n y formaci\u00f3n, y ayuda a mantener unos costes bajos de la gesti\u00f3n del sistema.<\/p>\n<p class=\"ql-align-justify\"><strong>Visualizaci\u00f3n remota<\/strong><\/p>\n<p class=\"ql-align-justify\"><strong>Para la visualizaci\u00f3n remota de un solo sistema\u00a0DIVAR IP<\/strong>, se incluye<strong>\u00a0Bosch VMS Operator Client.<\/strong>\u00a0Si tiene varios sistemas, agr\u00e9guelos a\u00a0<strong>Bosch VMS Enterprise Management Server.<\/strong>\u00a0Tambi\u00e9n puede utilizar\u00a0<strong>Video Security Client\u00a0<\/strong>para la visualizaci\u00f3n de v\u00eddeo en una estaci\u00f3n de trabajo independiente o un dispositivo m\u00f3vil.<\/p>\n<p class=\"ql-align-justify\"><strong>Control<\/strong><\/p>\n<p class=\"ql-align-justify\"><strong>La familia DIVAR IP 7000<\/strong>\u00a0proporciona compatibilidad con\u00a0<strong>SNMP<\/strong>, escritorio remoto y supervisi\u00f3n\u00a0<strong>HTTP\u00a0<\/strong>para el hardware del sistema y para las aplicaciones de gesti\u00f3n de v\u00eddeo. La mayor fiabilidad del hardware de alta disponibilidad, el dise\u00f1o integrado y el control y la gesti\u00f3n de todo el sistema garantizan el m\u00e1ximo tiempo de funcionamiento.<\/p>\n<p class=\"ql-align-justify\"><strong>Nota:<\/strong><\/p>\n<ul>\n<li class=\"ql-align-justify\">Fuente de alimentaci\u00f3n ininterrumpida (<strong>SAI<\/strong>). Le recomendamos que utilice un \u201c<strong>SAI\u00a0<\/strong>en l\u00ednea\u201d con una bater\u00eda siempre activa. El\u00a0<strong>SAI\u00a0<\/strong>debe admitir\u00a0<strong>Windows Storage Server 2012 R2\u00a0<\/strong>y debe proporcionar suficiente tiempo como para permitir la conexi\u00f3n de una l\u00ednea o fuente de alimentaci\u00f3n auxiliar o para cerrar correctamente las arrays de discos del\u00a0<strong>DIVAR IP<\/strong>.<\/li>\n<li class=\"ql-align-justify\"><strong>DIVAR IP 7000 2U, 8 discos duros x 6 TB Soluci\u00f3n de grabaci\u00f3n, visualizaci\u00f3n y gesti\u00f3n todo en uno para sistemas de vigilancia en red. Para un m\u00e1ximo de 128 canales y con 8 x 6 TB de capacidad de almacenamiento. N\u00famero de pedido : DIP-7186-8HD.<\/strong><\/li>\n<\/ul>\n<p class=\"ql-align-justify\"><strong>Principales<\/strong><strong>\u00a0<\/strong><strong>Caracter\u00edsticas<\/strong><\/p>\n<ul>\n<li class=\"ql-align-justify\">Soluci\u00f3n de gesti\u00f3n de v\u00eddeo todo en uno con protecci\u00f3n RAID-5 (configuraci\u00f3n est\u00e1ndar) para un m\u00e1ximo de 128 canales.<\/li>\n<li class=\"ql-align-justify\">Soluci\u00f3n de gesti\u00f3n de v\u00eddeo IP lista para usar con una capacidad de almacenamiento de 64 TB.<\/li>\n<li class=\"ql-align-justify\">Acceso inmediato a lo que se est\u00e1 buscando.<\/li>\n<li class=\"ql-align-justify\">Gesti\u00f3n avanzada de alarmas y usuarios.<\/li>\n<li class=\"ql-align-justify\">Garant\u00eda de 3 a\u00f1os que incluye asistencia al siguiente d\u00eda laborable.<\/li>\n<\/ul>\n<p class=\"ql-align-justify\"><strong>Especificaciones<\/strong><\/p>\n<p class=\"ql-align-justify\"><strong>El\u00e9ctrico<\/strong><\/p>\n<ul>\n<li class=\"ql-align-justify\">Tensi\u00f3n de entrada de CA De 100 a 240 V\/50 a 60 Hz.<\/li>\n<li class=\"ql-align-justify\">Entrada el\u00e9ctrica de 140 VCA.<\/li>\n<li class=\"ql-align-justify\">Corriente de entrada 4HD: 2,1 A 8HD: 2,4 A.<\/li>\n<li class=\"ql-align-justify\">Potencia de salida real desde fuente de alimentaci\u00f3n 4HD: 259,9 W 8HD: 305,6 W.<\/li>\n<li class=\"ql-align-justify\">Eficiencia de alimentaci\u00f3n 92%.<\/li>\n<li class=\"ql-align-justify\">Consumo de energ\u00eda* 4HD: 282,5 W.<\/li>\n<li class=\"ql-align-justify\">8HD: 332,2 W BTU\/h totales 4HD: 964,2 8HD: 1133,9.<\/li>\n<li class=\"ql-align-justify\">Factor de alimentaci\u00f3n 0.98.<\/li>\n<li class=\"ql-align-justify\">Requisito de VA de entrada de CA del sistema 4HD: 288,3 VA 8HD: 339,0 VA.<\/li>\n<\/ul>\n<p class=\"ql-align-justify\"><strong>Entrada el\u00e9ctrica de 240 VCA.<\/strong><\/p>\n<ul>\n<li class=\"ql-align-justify\">Corriente de entrada 4HD: 1,2 A 8HD: 1,4 A.<\/li>\n<li class=\"ql-align-justify\">Potencia de salida real desde fuente de alimentaci\u00f3n 4HD: 259,9 W 8HD: 305,6 W.<\/li>\n<li class=\"ql-align-justify\">Eficiencia de alimentaci\u00f3n 94%.<\/li>\n<li class=\"ql-align-justify\">Consumo de energ\u00eda* 4HD: 276,5 W 8HD: 325,1 W BTU\/h totales 4HD: 943,7 8HD: 1109,7.<\/li>\n<li class=\"ql-align-justify\">Factor de alimentaci\u00f3n 0.96.<\/li>\n<li class=\"ql-align-justify\">Requisito de VA de entrada de CA del sistema 4HD: 288,0 VA 8HD: 338,7 VA\u00a0.<\/li>\n<\/ul>\n<p class=\"ql-align-justify\"><strong>Mec\u00e1nicas<\/strong><\/p>\n<ul>\n<li class=\"ql-align-justify\">Factor de forma Montaje en rack 2HU.<\/li>\n<li class=\"ql-align-justify\">Fuente de alimentaci\u00f3n 740 W redundante de nivel Platinum.<\/li>\n<li class=\"ql-align-justify\">Puertos USB Parte frontal: 2 puertos USB 2.0.<\/li>\n<li class=\"ql-align-justify\">Parte trasera: 2 puertos USB 2.0, 2 puertos USB 3.0.<\/li>\n<li class=\"ql-align-justify\">Red LAN Gigabit Intel i210AT doble (asociada) 1 puerto IPMI BMC.<\/li>\n<li class=\"ql-align-justify\">Dimensiones (Al. x An. x Pr.) 89 x 437 x 648 mm (3,5 x 17,2 x 25,5 pulg.).<\/li>\n<li class=\"ql-align-justify\">Peso 23,6 kg (52 libras).<\/li>\n<\/ul>\n<p class=\"ql-align-justify\"><strong>Ambientales<\/strong><\/p>\n<ul>\n<li class=\"ql-align-justify\">Temperatura de funcionamiento: De +10 \u00b0C a +35 \u00b0C (de +50 \u00b0F a +95 \u00b0F).<\/li>\n<li class=\"ql-align-justify\">Temperatura de almacenamiento: De -40 \u00b0C a +70 \u00b0C (de -40 \u00b0F a +158 \u00b0F).<\/li>\n<li class=\"ql-align-justify\">Humedad relativa de funcionamiento Del 8 al 90% (sin condensaci\u00f3n).<\/li>\n<li class=\"ql-align-justify\">Humedad relativa de almacenamiento: De 5 al 95% (sin condensaci\u00f3n).<\/li>\n<\/ul>\n<p class=\"ql-align-justify\"><strong>Procesador<\/strong><\/p>\n<ul>\n<li class=\"ql-align-justify\">Procesador: Procesador Intel Xeon E3-1275 V3 (8 MB de cach\u00e9, 3,5 GHz) Z\u00f3calo.<\/li>\n<li class=\"ql-align-justify\">1 Memoria cach\u00e9 Cach\u00e9 inteligente Intel de 8 MB.<\/li>\n<li class=\"ql-align-justify\">Protecci\u00f3n de memoria Memoria sin b\u00fafer ECC.<\/li>\n<li class=\"ql-align-justify\">Bus frontal m\u00e1x. 1600 MHz.<\/li>\n<\/ul>\n<p class=\"ql-align-justify\"><strong>Memoria<\/strong><\/p>\n<ul>\n<li class=\"ql-align-justify\">Memoria instalada UNB DDR3-1666 ECC de 8 GB (1 x 8 GB).<\/li>\n<\/ul>\n<p><img decoding=\"async\" class=\"overview-center-img- aligncenter\" src=\"https:\/\/tvc.mx\/media\/8079\/Logoopaginas-oficial.png\" alt=\"\" \/><\/p>\n","protected":false},"excerpt":{"rendered":"<p>DIVAR IP 7000 2U, 8 discos duros x 6 TB La familia DIVAR IP 7000 es una soluci\u00f3n todo en uno asequible, f\u00e1cil de utilizar y fiable de grabaci\u00f3n, visualizaci\u00f3n y gesti\u00f3n para sistemas de vigilancia en red de hasta 128 canales\u00a0(con 32 canales con&hellip;<\/p>\n","protected":false},"featured_media":7595,"comment_status":"open","ping_status":"closed","template":"","meta":{"om_disable_all_campaigns":false,"_monsterinsights_skip_tracking":false,"_monsterinsights_sitenote_active":false,"_monsterinsights_sitenote_note":"","_monsterinsights_sitenote_category":0},"product_brand":[],"product_cat":[691],"product_tag":[613,611,612,616,615,610,614,617],"class_list":{"0":"post-7596","1":"product","2":"type-product","3":"status-publish","4":"has-post-thumbnail","6":"product_cat-nvrs-mayores-a-32-canales-nvrs-bosch-video-vigilancia","7":"product_tag-bosch","8":"product_tag-manhattan","9":"product_tag-saxxon","10":"product_tag-surveon","11":"product_tag-utepo","12":"product_tag-videovigilancia","13":"product_tag-vivotek","14":"product_tag-zteco","16":"first","17":"instock","18":"sale","19":"taxable","20":"shipping-taxable","21":"purchasable","22":"product-type-simple"},"aioseo_notices":[],"_links":{"self":[{"href":"https:\/\/tecsecmty.com\/index.php\/wp-json\/wp\/v2\/product\/7596","targetHints":{"allow":["GET"]}}],"collection":[{"href":"https:\/\/tecsecmty.com\/index.php\/wp-json\/wp\/v2\/product"}],"about":[{"href":"https:\/\/tecsecmty.com\/index.php\/wp-json\/wp\/v2\/types\/product"}],"replies":[{"embeddable":true,"href":"https:\/\/tecsecmty.com\/index.php\/wp-json\/wp\/v2\/comments?post=7596"}],"version-history":[{"count":0,"href":"https:\/\/tecsecmty.com\/index.php\/wp-json\/wp\/v2\/product\/7596\/revisions"}],"wp:featuredmedia":[{"embeddable":true,"href":"https:\/\/tecsecmty.com\/index.php\/wp-json\/wp\/v2\/media\/7595"}],"wp:attachment":[{"href":"https:\/\/tecsecmty.com\/index.php\/wp-json\/wp\/v2\/media?parent=7596"}],"wp:term":[{"taxonomy":"product_brand","embeddable":true,"href":"https:\/\/tecsecmty.com\/index.php\/wp-json\/wp\/v2\/product_brand?post=7596"},{"taxonomy":"product_cat","embeddable":true,"href":"https:\/\/tecsecmty.com\/index.php\/wp-json\/wp\/v2\/product_cat?post=7596"},{"taxonomy":"product_tag","embeddable":true,"href":"https:\/\/tecsecmty.com\/index.php\/wp-json\/wp\/v2\/product_tag?post=7596"}],"curies":[{"name":"wp","href":"https:\/\/api.w.org\/{rel}","templated":true}]}}