{"id":7630,"date":"2023-02-23T16:15:42","date_gmt":"2023-02-23T22:15:42","guid":{"rendered":"https:\/\/tecsecmty.com\/index.php\/producto\/bosch-v_ddh3532112d00-divar-hibrido-serie-3000-16-canales-analogicos-16-canales-ip-un-disco-duro-2tb-dvd\/"},"modified":"2023-03-22T23:21:43","modified_gmt":"2023-03-23T05:21:43","slug":"bosch-v_ddh3532112d00-divar-hibrido-serie-3000-16-canales-analogicos-16-canales-ip-un-disco-duro-2tb-dvd","status":"publish","type":"product","link":"https:\/\/tecsecmty.com\/index.php\/producto\/bosch-v_ddh3532112d00-divar-hibrido-serie-3000-16-canales-analogicos-16-canales-ip-un-disco-duro-2tb-dvd\/","title":{"rendered":"BOSCH V_DDH3532112D00 &#8211; DIVAR Hibrido serie 3000 \/ 16 Canales analogicos \/ 16 Canales IP \/ Un disco duro 2TB \/ DVD"},"content":{"rendered":"<p class=\"ql-align-justify\"><strong>Los grabadores DIVAR hybrid permiten visualizar y grabar v\u00eddeo a la vez c\u00e1maras anal\u00f3gicas tradicionales as\u00ed como las c\u00e1maras IP m\u00e1s novedosas.<\/strong><\/p>\n<p class=\"ql-align-justify\">El grabador se puede conectar a las siguientes configuraciones de c\u00e1mara:<\/p>\n<ul>\n<li class=\"ql-align-justify\">Un m\u00e1ximo de 32 c\u00e1maras IP grabando a resoluciones de hasta 12 MP.<\/li>\n<li class=\"ql-align-justify\">Un m\u00e1ximo de 16 c\u00e1maras anal\u00f3gicas grabando a resoluciones de hasta 960H.<\/li>\n<li class=\"ql-align-justify\">Una combinaci\u00f3n de hasta 16 c\u00e1maras anal\u00f3gicas y 16 c\u00e1maras IP.<\/li>\n<\/ul>\n<p class=\"ql-align-justify\">Estas avanzadas tecnolog\u00edas, junto con una transmisi\u00f3n de datos de red eficiente, ofrecen la alta seguridad y fiabilidad que necesitan los sistemas de vigilancia modernos. Las funciones de supervisi\u00f3n, grabaci\u00f3n, archivado y reproducci\u00f3n simult\u00e1neas se controlan de forma remota o local mediante simples selecciones de men\u00fa y comandos del operador.\u00a0<strong>Los grabadores se pueden instalar con un m\u00e1ximo de dos discos duros internos para el almacenamiento de v\u00eddeo. Otra posibilidad es usar un solo disco duro interno para el almacenamiento, m\u00e1s una grabadora de DVD para exportar v\u00eddeos.<\/strong><\/p>\n<p class=\"ql-align-justify\"><strong>Funciones b\u00e1sicas<\/strong><\/p>\n<p class=\"ql-align-justify\"><strong>\u00daltima tecnolog\u00eda de compresi\u00f3n de v\u00eddeo<\/strong><\/p>\n<p class=\"ql-align-justify\"><strong>El sistema DIVAR es compatible con la tecnolog\u00eda de compresi\u00f3n de v\u00eddeo H.264 y H.265.<\/strong>\u00a0Esta tecnolog\u00eda reduce considerablemente los requisitos de ancho de banda y de almacenamiento, al tiempo que ofrece una excelente calidad de imagen y de audio. Gracias a esta nueva tecnolog\u00eda de v\u00eddeo, el sistema DIVAR le ofrece todas las ventajas de las c\u00e1maras de alta resoluci\u00f3n m\u00e1s novedosas. La prueba est\u00e1 en los p\u00edxeles.<\/p>\n<p class=\"ql-align-justify\"><strong>Soporte de c\u00e1mara IP<\/strong><\/p>\n<p class=\"ql-align-justify\"><strong>El grabador admite la integraci\u00f3n de c\u00e1maras nativa con c\u00e1maras IP de Bosch, que proporciona opciones para una instalaci\u00f3n, configuraci\u00f3n y mantenimiento sencillos.<\/strong>\u00a0Esto permite la\u00a0<strong>conectividad plug-and-play<\/strong>, ya que el instalador puede conectar y configurar las c\u00e1maras al grabador sin necesidad de abrir cada c\u00e1mara de forma individual en un cliente web.<strong>\u00a0Para una configuraci\u00f3n avanzada, se admiten c\u00e1maras de terceros a trav\u00e9s del protocolo ONVIF Profile S.<\/strong><\/p>\n<p class=\"ql-align-justify\"><strong>Grabaci\u00f3n y visualizaci\u00f3n simult\u00e1neas<\/strong><\/p>\n<p class=\"ql-align-justify\"><strong>El DIVAR graba m\u00faltiples se\u00f1ales de audio y v\u00eddeo, a la vez que permite la visualizaci\u00f3n de v\u00eddeo en directo y la reproducci\u00f3n en modo multipantalla.<\/strong>\u00a0Asimismo, sus completas funciones de b\u00fasqueda y reproducci\u00f3n permiten localizar y ver r\u00e1pidamente los v\u00eddeos grabados.<\/p>\n<p class=\"ql-align-justify\"><strong>F\u00e1cil funcionamiento<\/strong><\/p>\n<p class=\"ql-align-justify\"><strong>El DIVAR es muy f\u00e1cil de usar y de instalar. Solo tiene que conectar las c\u00e1maras, suministrar alimentaci\u00f3n y seguir los pasos del sencillo Asistente de instalaci\u00f3n para la configuraci\u00f3n inicial.<\/strong>\u00a0A partir de ese momento, la unidad podr\u00e1 grabar autom\u00e1ticamente sin que sea necesario hacer nada m\u00e1s.\u00a0<strong>Alarmas<\/strong><\/p>\n<p class=\"ql-align-justify\"><strong>Todos los modelos tienen completas funciones de gesti\u00f3n de alarmas y control de telemetr\u00eda.<\/strong>\u00a0Las funciones de alarma incluyen entradas locales y salidas de rel\u00e9, as\u00ed como detecci\u00f3n de movimiento en \u00e1reas definidas por el usuario. Si se detecta una alarma, DIVAR puede:<\/p>\n<ul>\n<li class=\"ql-align-justify\">Enviar notificaciones por correo electr\u00f3nico o FTP.<\/li>\n<li class=\"ql-align-justify\">Activar un zumbador o mostrar un aviso.<\/li>\n<li class=\"ql-align-justify\">Activar la salida de alarma local Control local.<\/li>\n<\/ul>\n<p class=\"ql-align-justify\"><strong>La unidad se puede utilizar y programar f\u00e1cilmente a trav\u00e9s del sistema de men\u00fas en pantalla con:<\/strong><\/p>\n<ul>\n<li class=\"ql-align-justify\">El rat\u00f3n.<\/li>\n<li class=\"ql-align-justify\">Las teclas de control del panel frontal.<\/li>\n<li class=\"ql-align-justify\">El mando a distancia suministrado.<\/li>\n<li class=\"ql-align-justify\">Notificaciones push.<\/li>\n<\/ul>\n<p class=\"ql-align-justify\"><strong>Entradas y salidas<\/strong><\/p>\n<p class=\"ql-align-justify\"><strong>Las entradas de v\u00eddeo, las entradas y la salida de audio y las entradas\/salidas de alarma se encuentran en el panel posterior.<\/strong>\u00a0Los dos conectores de v\u00eddeo\u00a0<strong>(VGA\/HDMI)<\/strong>proporcionan una salida simult\u00e1nea para el monitor A para la visualizaci\u00f3n en directo\u00a0<strong>(con zoom) y la reproducci\u00f3n (la pantalla se puede congelar y ampliar).\u00a0<\/strong>Las pantallas permiten ver la imagen a pantalla completa, en modo multipantalla o en secuencia. Controlador de red Utilice el software para PC o una aplicaci\u00f3n web integrada a trav\u00e9s de la red para la visualizaci\u00f3n en directo, reproducci\u00f3n y configuraci\u00f3n.<\/p>\n<p class=\"ql-align-justify\"><strong>Marca de agua<\/strong><\/p>\n<p class=\"ql-align-justify\"><strong>El sistema DIVAR incluye una verificaci\u00f3n de autenticidad tanto para los archivos locales como remotos, lo que garantiza la integridad de las grabaciones.<\/strong>\u00a0Se facilita Archive Player para reproducir los archivos de v\u00eddeo de forma segura y comprobar si el v\u00eddeo es aut\u00e9ntico.<\/p>\n<p class=\"ql-align-justify\"><strong>Aplicaciones para smartphones.<\/strong><\/p>\n<p class=\"ql-align-justify\">La aplicaci\u00f3n DIVAR Viewer de Bosch para dispositivos iOS y Android est\u00e1 disponible para:<\/p>\n<ul>\n<li class=\"ql-align-justify\">Visualizaci\u00f3n de reproducci\u00f3n o en directo.<\/li>\n<li class=\"ql-align-justify\">Configuraci\u00f3n del grabador.<\/li>\n<li class=\"ql-align-justify\">Control PTZ.<\/li>\n<\/ul>\n<p class=\"ql-align-justify\"><strong>Esto significa que puede ver v\u00eddeos en directo de las c\u00e1maras conectadas al DVR desde cualquier parte del mundo.\u00a0<\/strong>Tambi\u00e9n\u00a0<strong>puede controlar el enfoque, giro, inclinaci\u00f3n y zoom en c\u00e1maras con funcionalidad PTZ<\/strong>. Adem\u00e1s, la aplicaci\u00f3n para smartphones es compatible con las notificaciones push remotas. De esta forma se le notificar\u00e1 autom\u00e1ticamente si se produce una alarma en el dispositivo y puede realizar una acci\u00f3n inmediata, incluso si no est\u00e1 controlando activamente el sistema en ese momento.<\/p>\n<p class=\"ql-align-justify\"><strong>DDNS<\/strong><\/p>\n<p class=\"ql-align-justify\">Bosch ofrece a sus clientes servicios gratuitos de nombres de dominio din\u00e1mico (DDNS) para acceder a los dispositivos conectados a la red a trav\u00e9s de un nombre de host sencillo, sin necesidad de usar costosas direcciones IP est\u00e1ticas. Esto facilita el acceso ininterrumpido a v\u00eddeos importantes de los dispositivos, independientemente de su ubicaci\u00f3n.<\/p>\n<p class=\"ql-align-justify\"><strong>Control de domos<\/strong><\/p>\n<p class=\"ql-align-justify\"><strong>El sistema DIVAR puede controlar el equipo de giro\/ inclinaci\u00f3n\/zoom (PTZ) de IP mediante comandos enviados a trav\u00e9s de una conexi\u00f3n IP.\u00a0<\/strong>Tambi\u00e9n admite comandos de Enfoque, Iris y Aux para las c\u00e1maras Bosch.\u00a0<strong>Hay puertos RS\u2011485\/RS\u2011232 disponibles para la comunicaci\u00f3n en serie con los dispositivos PTZ anal\u00f3gicos.<\/strong><\/p>\n<p class=\"ql-align-justify\"><strong>Protocolos admitidos<\/strong><\/p>\n<p class=\"ql-align-justify\">DIVAR es compatible con el protocolo de Bosch y los protocolos P y D de Pelco.<\/p>\n<p class=\"ql-align-justify\"><strong>Nota: DDH-3532-112D00 Grabador 16can IP\/16can AN DVD 1x2TB Grabador de alta resoluci\u00f3n para sistemas de vigilancia anal\u00f3gicos e IP. Combinaci\u00f3n de hasta 16 canales de c\u00e1maras anal\u00f3gicas y 16 IP. 1 unidad de disco duro (2 TB); 1 DVD.<\/strong><\/p>\n<p class=\"ql-align-justify\"><strong>N\u00famero de pedido: DDH-3532-112D00.<\/strong><\/p>\n<p class=\"ql-align-justify\"><strong>Principales Caracter\u00edsticas<\/strong><\/p>\n<ul>\n<li class=\"ql-align-justify\">Grabaci\u00f3n h\u00edbrida de hasta 16 canales IP y 16 canales anal\u00f3gicos.<\/li>\n<li class=\"ql-align-justify\">Dise\u00f1o elegante, compacto y robusto.<\/li>\n<li class=\"ql-align-justify\">Compatibilidad con c\u00e1maras IP de 12MP para visualizar y reproducir im\u00e1genes.<\/li>\n<li class=\"ql-align-justify\">Redes de Internet y de c\u00e1maras IP independientes.<\/li>\n<\/ul>\n<p class=\"ql-align-justify\"><strong>Especificaciones<\/strong><\/p>\n<p class=\"ql-align-justify\"><strong>Mec\u00e1nicas<\/strong><\/p>\n<ul>\n<li class=\"ql-align-justify\">Dimensiones (An. x Pr. x Al.) 375 x 323 x 53 mm (14,8 x 12,7 x 2,1 pulg.)<\/li>\n<li class=\"ql-align-justify\">Peso (sin incluir los discos duros ni el DVD) 4,13 kg (9,1 lb) aproximadamente.<\/li>\n<\/ul>\n<p class=\"ql-align-justify\"><strong>Alimentaci\u00f3n<\/strong><\/p>\n<ul>\n<li class=\"ql-align-justify\">Entrada de CA del adaptador de potencia externo De 100 a 240 VCA, 50-60 Hz, 1,5 A.<\/li>\n<li class=\"ql-align-justify\">Salida de CC del adaptador de potencia 12 VCC, 5 A.<\/li>\n<li class=\"ql-align-justify\">Bater\u00eda RTC en PCB principal Litio CR2032, 3 V CC.<\/li>\n<li class=\"ql-align-justify\">Consumo de alimentaci\u00f3n m\u00e1ximo (sin unidad de disco duro) 20 W.<\/li>\n<\/ul>\n<p class=\"ql-align-justify\"><strong>Almacenamiento de v\u00eddeo<\/strong><\/p>\n<ul>\n<li class=\"ql-align-justify\">Opciones de almacenamiento interno M\u00e1x. 2 discos duros SATA o 1 disco duro SATA + 1 DVD (R\/RW) Capacidad m\u00e1x. por disco duro: 6 TB Velocidad m\u00e1xima permitida por disco duro: 6 Gb\/s.<\/li>\n<\/ul>\n<p class=\"ql-align-justify\"><strong>Alarmas y detecciones<\/strong><\/p>\n<ul>\n<li class=\"ql-align-justify\">Detecci\u00f3n de movimiento establecida por la c\u00e1mara Essential o Intelligent Video Analytics (IVA), Motion +.<\/li>\n<li class=\"ql-align-justify\">Activaciones de alarmas P\u00e9rdida de v\u00eddeo, detecci\u00f3n de movimiento, alarma de entrada, alarma del sistema Eventos activados por alarma Grabaci\u00f3n, movimiento PTZ, salida de alarma, correo electr\u00f3nico, zumbador, mensaje en pantalla, monitores A y B activados, notificaciones push en el m\u00f3vil,<\/li>\n<li class=\"ql-align-justify\">Entradas 16 entradas configurables NA\/NC, tensi\u00f3n de entrada m\u00e1xima de 5 V CC.<\/li>\n<li class=\"ql-align-justify\">Salidas 3 salidas de rel\u00e9.<\/li>\n<li class=\"ql-align-justify\">Contacto de rel\u00e9 Tensi\u00f3n nominal m\u00e1xima de 30 V CC, 2 A continua o 125 V CA, 1 A (activado).<\/li>\n<\/ul>\n<p class=\"ql-align-justify\"><strong>Exportaci\u00f3n<\/strong><\/p>\n<ul>\n<li class=\"ql-align-justify\">DVD (opcional) Grabador de DVD+R\/RW integrado.<\/li>\n<li class=\"ql-align-justify\">USB Memoria flash o unidad de disco duro externa (FAT32).<\/li>\n<li class=\"ql-align-justify\">Red Software de cliente web o Video Client.<\/li>\n<\/ul>\n<p class=\"ql-align-justify\"><strong>Reproducci\u00f3n<\/strong><\/p>\n<ul>\n<li class=\"ql-align-justify\">Multicanal 1, 4, 9 o 16 canales simult\u00e1neos.<\/li>\n<li class=\"ql-align-justify\">Modo Hacia adelante, hacia atr\u00e1s, reproducci\u00f3n lenta, reproducci\u00f3n r\u00e1pida, fotograma a fotograma.<\/li>\n<li class=\"ql-align-justify\">B\u00fasqueda Tiempo, canal, tipo, inteligente Red Video Client, aplicaci\u00f3n Web Client.<\/li>\n<li class=\"ql-align-justify\">Restricci\u00f3n de la visualizaci\u00f3n del v\u00eddeo mediante permisos de usuario.<\/li>\n<li class=\"ql-align-justify\">Protecci\u00f3n Protecci\u00f3n del v\u00eddeo frente a sobrescritura.<\/li>\n<li class=\"ql-align-justify\">Tiempo de retenci\u00f3n Eliminaci\u00f3n autom\u00e1tica de las grabaciones despu\u00e9s de un per\u00edodo de entre 1 y 365 d\u00edas.<\/li>\n<\/ul>\n<p class=\"ql-align-justify\"><strong>Grabaci\u00f3n<\/strong><\/p>\n<ul>\n<li class=\"ql-align-justify\">Compresi\u00f3n de descodificaci\u00f3n H.265\/H.264\/MJPEG.<\/li>\n<li class=\"ql-align-justify\">Velocidad 60 IPS por canal como m\u00e1ximo (configurable).<\/li>\n<li class=\"ql-align-justify\">Tasa de bits De 16 Kbps a 24 Mbps por canal.<\/li>\n<li class=\"ql-align-justify\">Intervalo de grabaci\u00f3n 1~120 min (predeterminado: 60 min), grabaci\u00f3n previa: 1~30 s, grabaci\u00f3n posterior: 10~300 s.<\/li>\n<li class=\"ql-align-justify\">Modo Manual, programado (normal, detecci\u00f3n de movimiento, alarma), detenido.<\/li>\n<\/ul>\n<p class=\"ql-align-justify\"><strong>Controlador de red<\/strong><\/p>\n<ul>\n<li class=\"ql-align-justify\">Ethernet Puerto RJ45 (10\/100\/1000 Mbps).<\/li>\n<li class=\"ql-align-justify\">Software de PC Video Client, Web Client Aplicaciones iPhone, Android Acceso de usuarios M\u00e1ximo: 128 usuarios..<\/li>\n<li class=\"ql-align-justify\">Bosch recomienda 4 conexiones simult\u00e1neas como m\u00e1ximo..<\/li>\n<li class=\"ql-align-justify\">M\u00e1s conexiones pueden provocar limitaciones en el rendimiento. Protocolos HTTP, HTTPS, TCP\/IP, IPv4\/IPv6, UPnP, RTSP, UDP, SMTP, NTP, DHCP, DNS\/DDNS, filtro de IP, PPPoE, FTP.<\/li>\n<\/ul>\n<p class=\"ql-align-justify\"><strong>Rendimiento de v\u00eddeo<\/strong><\/p>\n<ul>\n<li class=\"ql-align-justify\">M\u00e1ximo de entradas de c\u00e1mara 16 anal\u00f3gicas + 16 o 32 IP.<\/li>\n<li class=\"ql-align-justify\">Ancho de banda entrante m\u00e1ximo 320 Mbps.<\/li>\n<li class=\"ql-align-justify\">Ancho de banda de grabaci\u00f3n m\u00e1x. 256 Mbps.<\/li>\n<li class=\"ql-align-justify\">Ancho de banda de transmisi\u00f3n m\u00e1ximo 128 Mbps.<\/li>\n<li class=\"ql-align-justify\">Resoluci\u00f3n de la c\u00e1mara IP 12MP, 8MP, 6MP, 5MP, 3MP, 1,3MP, 1080p, 720p.<\/li>\n<li class=\"ql-align-justify\">Resoluci\u00f3n de c\u00e1mara anal\u00f3gica 960H, D1, HD1, CIF, QCIF.<\/li>\n<\/ul>\n<p class=\"ql-align-justify\"><strong>Pantalla<\/strong><\/p>\n<ul>\n<li class=\"ql-align-justify\">Resoluci\u00f3n de la c\u00e1mara IP 3840\u00d72160, 1920\u00d71080, 1280\u00d71024, 1280\u00d7720, 1024\u00d7768.<\/li>\n<li class=\"ql-align-justify\">Resoluci\u00f3n de PAL anal\u00f3gica 970&#215;576, 704&#215;576, 352&#215;576, 352&#215;288, 176&#215;144.<\/li>\n<li class=\"ql-align-justify\">Resoluci\u00f3n de NTSC anal\u00f3gica 960&#215;480, 704&#215;480, 352&#215;480, 352&#215;240, 176&#215;120 OSD.<\/li>\n<li class=\"ql-align-justify\">Nombre de la c\u00e1mara, hora, p\u00e9rdida de v\u00eddeo, detecci\u00f3n de movimiento, grabaci\u00f3n, PTZ.<\/li>\n<\/ul>\n<p class=\"ql-align-justify\"><strong>Audio<\/strong><\/p>\n<ul>\n<li class=\"ql-align-justify\">Entrada 4 canales (a trav\u00e9s de RCA) de 200 a 3000 mV, 10 kilohmios.<\/li>\n<li class=\"ql-align-justify\">Entrada de MIC 1 canal (a trav\u00e9s de RCA) de 200 a 3000 mV, 10 kilohmios.<\/li>\n<li class=\"ql-align-justify\">Salida 1 canal (a trav\u00e9s de RCA) de 200 a 3000 mV, 5 kilohmios.<\/li>\n<li class=\"ql-align-justify\">Direcci\u00f3n Bidireccional (entrada y salida de audio conectada a trav\u00e9s del dispositivo).<\/li>\n<\/ul>\n<p class=\"ql-align-justify\"><strong>Ambientales<\/strong><\/p>\n<ul>\n<li class=\"ql-align-justify\">Temperatura de funcionamiento (discos duros y DVD incluidos) De 0 \u00b0C a +40 \u00b0C (de +32 \u00b0F a +104 \u00b0F).<\/li>\n<li class=\"ql-align-justify\">Temperatura de almacenamiento De -40 \u00b0C a +70 \u00b0C (de -40 \u00b0F a +158 \u00b0F).<\/li>\n<li class=\"ql-align-justify\">Humedad en funcionamiento &lt;93% sin condensaci\u00f3n.<\/li>\n<li class=\"ql-align-justify\">Humedad en almacenamiento &lt;95% sin condensaci\u00f3n.<\/li>\n<\/ul>\n<p><img decoding=\"async\" class=\"overview-center-img- aligncenter\" src=\"https:\/\/tvc.mx\/media\/14698\/Logoopaginas-oficial.png\" alt=\"\" \/><\/p>\n","protected":false},"excerpt":{"rendered":"<p>Los grabadores DIVAR hybrid permiten visualizar y grabar v\u00eddeo a la vez c\u00e1maras anal\u00f3gicas tradicionales as\u00ed como las c\u00e1maras IP m\u00e1s novedosas. El grabador se puede conectar a las siguientes configuraciones de c\u00e1mara: Un m\u00e1ximo de 32 c\u00e1maras IP grabando a resoluciones de hasta 12&hellip;<\/p>\n","protected":false},"featured_media":7629,"comment_status":"open","ping_status":"closed","template":"","meta":{"om_disable_all_campaigns":false,"_monsterinsights_skip_tracking":false,"_monsterinsights_sitenote_active":false,"_monsterinsights_sitenote_note":"","_monsterinsights_sitenote_category":0},"product_brand":[],"product_cat":[695],"product_tag":[613,611,612,616,615,610,614,617],"class_list":{"0":"post-7630","1":"product","2":"type-product","3":"status-publish","4":"has-post-thumbnail","6":"product_cat-nvrs-de-16-canales-nvrs-bosch-video-vigilancia","7":"product_tag-bosch","8":"product_tag-manhattan","9":"product_tag-saxxon","10":"product_tag-surveon","11":"product_tag-utepo","12":"product_tag-videovigilancia","13":"product_tag-vivotek","14":"product_tag-zteco","16":"first","17":"instock","18":"sale","19":"taxable","20":"shipping-taxable","21":"purchasable","22":"product-type-simple"},"aioseo_notices":[],"_links":{"self":[{"href":"https:\/\/tecsecmty.com\/index.php\/wp-json\/wp\/v2\/product\/7630","targetHints":{"allow":["GET"]}}],"collection":[{"href":"https:\/\/tecsecmty.com\/index.php\/wp-json\/wp\/v2\/product"}],"about":[{"href":"https:\/\/tecsecmty.com\/index.php\/wp-json\/wp\/v2\/types\/product"}],"replies":[{"embeddable":true,"href":"https:\/\/tecsecmty.com\/index.php\/wp-json\/wp\/v2\/comments?post=7630"}],"version-history":[{"count":0,"href":"https:\/\/tecsecmty.com\/index.php\/wp-json\/wp\/v2\/product\/7630\/revisions"}],"wp:featuredmedia":[{"embeddable":true,"href":"https:\/\/tecsecmty.com\/index.php\/wp-json\/wp\/v2\/media\/7629"}],"wp:attachment":[{"href":"https:\/\/tecsecmty.com\/index.php\/wp-json\/wp\/v2\/media?parent=7630"}],"wp:term":[{"taxonomy":"product_brand","embeddable":true,"href":"https:\/\/tecsecmty.com\/index.php\/wp-json\/wp\/v2\/product_brand?post=7630"},{"taxonomy":"product_cat","embeddable":true,"href":"https:\/\/tecsecmty.com\/index.php\/wp-json\/wp\/v2\/product_cat?post=7630"},{"taxonomy":"product_tag","embeddable":true,"href":"https:\/\/tecsecmty.com\/index.php\/wp-json\/wp\/v2\/product_tag?post=7630"}],"curies":[{"name":"wp","href":"https:\/\/api.w.org\/{rel}","templated":true}]}}