{"id":7642,"date":"2023-02-23T16:15:56","date_gmt":"2023-02-23T22:15:56","guid":{"rendered":"https:\/\/tecsecmty.com\/index.php\/producto\/bosch-v_ddn2516212n08-divar-network-2000-16-canales-ip-1-hdd-2tb-8-puertos-poe\/"},"modified":"2023-03-22T23:21:43","modified_gmt":"2023-03-23T05:21:43","slug":"bosch-v_ddn2516212n08-divar-network-2000-16-canales-ip-1-hdd-2tb-8-puertos-poe","status":"publish","type":"product","link":"https:\/\/tecsecmty.com\/index.php\/producto\/bosch-v_ddn2516212n08-divar-network-2000-16-canales-ip-1-hdd-2tb-8-puertos-poe\/","title":{"rendered":"BOSCH V_DDN2516212N08 &#8211; DIVAR NETWORK 2000 \/ 16 Canales IP \/ 1 HDD 2TB \/ 8 Puertos PoE"},"content":{"rendered":"<h5 class=\"card-title text-center\">DDN-2516-212N08 Grabador 16 canales 1x2TB 8PoE<\/h5>\n<p class=\"ql-align-justify\"><strong>Puede conectar este grabador a un m\u00e1ximo de 16 c\u00e1maras IP que usen la \u00faltima tecnolog\u00eda de v\u00eddeo de alta resoluci\u00f3n H265\/H264 y t\u00e9cnicas de compresi\u00f3n de vanguardia.<\/strong>\u00a0Estas avanzadas tecnolog\u00edas, junto con una transmisi\u00f3n de datos de red eficiente, ofrecen la alta seguridad y fiabilidad que necesitan los sistemas de vigilancia modernos.\u00a0<strong>Las funciones de supervisi\u00f3n, grabaci\u00f3n, archivado y reproducci\u00f3n simult\u00e1neas se controlan de forma remota o local mediante simples selecciones de men\u00fa y comandos del operador.<\/strong>\u00a0Los grabadores se pueden instalar con un m\u00e1ximo de dos discos duros internos para el almacenamiento de v\u00eddeo.\u00a0<strong>Otra posibilidad es usar un solo disco duro interno para el almacenamiento, m\u00e1s una grabadora de DVD para exportar v\u00eddeos.<\/strong><\/p>\n<p class=\"ql-align-justify\"><strong>Funciones b\u00e1sicas<\/strong><\/p>\n<p class=\"ql-align-justify\"><strong>\u00daltima tecnolog\u00eda de compresi\u00f3n de v\u00eddeo<\/strong><\/p>\n<p class=\"ql-align-justify\">El sistema\u00a0<strong>DIVAR<\/strong>\u00a0<strong>es compatible con la tecnolog\u00eda de compresi\u00f3n de v\u00eddeo H.264 y H.265. Esta tecnolog\u00eda reduce considerablemente los requisitos de ancho de banda y de almacenamiento, al tiempo que ofrece una excelente calidad de imagen y de audio.<\/strong>\u00a0Gracias a esta nueva tecnolog\u00eda de v\u00eddeo, el sistema DIVAR le ofrece todas las ventajas de las c\u00e1maras de alta resoluci\u00f3n m\u00e1s novedosas. La prueba est\u00e1 en los p\u00edxeles.<\/p>\n<p class=\"ql-align-justify\"><strong>Soporte de c\u00e1mara IP<\/strong><\/p>\n<p class=\"ql-align-justify\"><strong>El grabador admite la integraci\u00f3n de c\u00e1maras nativa con c\u00e1maras IP de Bosch, que proporciona opciones para una instalaci\u00f3n, configuraci\u00f3n y mantenimiento sencillos.<\/strong>\u00a0Esto permite la\u00a0<strong>conectividad plug-and-play<\/strong>, ya que el instalador puede conectar y configurar las c\u00e1maras al grabador sin necesidad de abrir cada c\u00e1mara de forma individual en un cliente web.\u00a0<strong>Para una configuraci\u00f3n avanzada, se admiten c\u00e1maras de terceros a trav\u00e9s del protocolo ONVIF Profile S.<\/strong><\/p>\n<p class=\"ql-align-justify\"><strong>Grabaci\u00f3n y visualizaci\u00f3n simult\u00e1neas<\/strong><\/p>\n<p class=\"ql-align-justify\"><strong>El DIVAR graba m\u00faltiples se\u00f1ales de audio y v\u00eddeo, a la vez que permite la visualizaci\u00f3n de v\u00eddeo en directo y la reproducci\u00f3n en modo multipantalla.<\/strong>\u00a0Asimismo, sus completas funciones de b\u00fasqueda y reproducci\u00f3n permiten localizar y ver r\u00e1pidamente los v\u00eddeos grabados.\u00a0<strong>El DIVAR tiene una resoluci\u00f3n de visualizaci\u00f3n en tiempo real de 1080p para 8 canales de manera simult\u00e1nea, o de 4k para 2 canales.<\/strong><\/p>\n<p class=\"ql-align-justify\"><strong>Conmutador PoE+<\/strong><\/p>\n<p class=\"ql-align-justify\">Los grabadores que integran un conmutador PoE+ pueden suministrar alimentaci\u00f3n a\u00a0<strong>un m\u00e1ximo de 16 c\u00e1maras<\/strong>\u00a0conectadas.\u00a0<strong>Cada c\u00e1mara recibe autom\u00e1ticamente su direcci\u00f3n IP del grabador para facilitar el funcionamiento sencillo plug-and-play.<\/strong><\/p>\n<p class=\"ql-align-justify\"><strong>F\u00e1cil funcionamiento<\/strong><\/p>\n<p class=\"ql-align-justify\"><strong>El DIVAR es muy f\u00e1cil de usar y de instalar.<\/strong>\u00a0<strong>Solo tiene que conectar las c\u00e1maras, suministrar alimentaci\u00f3n y seguir los pasos del sencillo Asistente de instalaci\u00f3n para la configuraci\u00f3n inicial.<\/strong>\u00a0A partir de ese momento, la unidad podr\u00e1 grabar autom\u00e1ticamente sin que sea necesario hacer nada m\u00e1s.<\/p>\n<p class=\"ql-align-justify\"><strong>DDNS<\/strong><\/p>\n<p class=\"ql-align-justify\"><strong>Bosch ofrece a sus clientes servicios gratuitos de nombres de dominio din\u00e1mico (DDNS) para acceder a los dispositivos conectados a la red a trav\u00e9s de un nombre de host sencillo, sin necesidad de usar costosas direcciones IP est\u00e1ticas.<\/strong>\u00a0Esto facilita el acceso ininterrumpido a v\u00eddeos importantes de los dispositivos, independientemente de su ubicaci\u00f3n.<\/p>\n<p class=\"ql-align-justify\"><strong>Alarmas<\/strong><\/p>\n<p class=\"ql-align-justify\">Todos los modelos tienen completas funciones de gesti\u00f3n de alarmas y control de telemetr\u00eda.\u00a0<strong>Las funciones de alarma incluyen entradas locales y salidas de rel\u00e9, as\u00ed como detecci\u00f3n de movimiento en \u00e1reas definidas por el usuario.<\/strong>\u00a0Si se detecta una alarma, DIVAR puede:<\/p>\n<ul>\n<li class=\"ql-align-justify\">Enviar notificaciones por correo electr\u00f3nico o FTP.<\/li>\n<li class=\"ql-align-justify\">Activar un zumbador o mostrar un aviso.<\/li>\n<li class=\"ql-align-justify\">Activar la salida de alarma local.<\/li>\n<\/ul>\n<p class=\"ql-align-justify\"><strong>Entradas y salidas<\/strong><\/p>\n<p class=\"ql-align-justify\"><strong>Las entradas de v\u00eddeo, las entradas y la salida de audio y las entradas\/salidas de alarma se encuentran en el panel posterior.<\/strong>\u00a0Los dos conectores de v\u00eddeo<strong>\u00a0(VGA\/HDMI)<\/strong>proporcionan una salida simult\u00e1nea para el monitor A para la visualizaci\u00f3n en directo (con zoom) y la reproducci\u00f3n (la pantalla se puede congelar y ampliar). Las pantallas permiten ver la imagen a pantalla completa, en modo multipantalla o en secuencia.<\/p>\n<p class=\"ql-align-justify\"><strong>Control de domos<\/strong><\/p>\n<p class=\"ql-align-justify\"><strong>El sistema DIVAR puede controlar el equipo de giro\/ inclinaci\u00f3n\/zoom (PTZ) mediante comandos enviados a trav\u00e9s de una conexi\u00f3n IP.<\/strong>\u00a0Tambi\u00e9n admite comandos Enfoque, Iris y Aux para las c\u00e1maras Bosch.<\/p>\n<p class=\"ql-align-justify\"><strong>Controlador de red<\/strong><\/p>\n<p class=\"ql-align-justify\">Utilice el software para PC o una aplicaci\u00f3n web integrada a trav\u00e9s de la red para la visualizaci\u00f3n en directo, reproducci\u00f3n y configuraci\u00f3n.<\/p>\n<p class=\"ql-align-justify\"><strong>Marca de agua<\/strong><\/p>\n<p class=\"ql-align-justify\">El sistema DIVAR incluye una verificaci\u00f3n de autenticidad tanto para los archivos locales como remotos, lo que garantiza la integridad de las grabaciones. Se facilita Archive Player para reproducir los archivos de v\u00eddeo de forma segura y comprobar si el v\u00eddeo es aut\u00e9ntico.<\/p>\n<p class=\"ql-align-justify\"><strong>Aplicaciones para smartphones<\/strong><\/p>\n<p class=\"ql-align-justify\">La aplicaci\u00f3n DIVAR Viewer de Bosch para dispositivos iOS y Android est\u00e1 disponible para:<\/p>\n<ul>\n<li class=\"ql-align-justify\">Visualizaci\u00f3n de reproducci\u00f3n o en directo.<\/li>\n<li class=\"ql-align-justify\">Configuraci\u00f3n del grabador.<\/li>\n<li class=\"ql-align-justify\">Control PTZ<\/li>\n<\/ul>\n<p class=\"ql-align-justify\">E<strong>sto significa que puede ver v\u00eddeos en directo de las c\u00e1maras conectadas al DVR desde cualquier parte del mundo.<\/strong>\u00a0Tambi\u00e9n puede controlar el enfoque, giro, inclinaci\u00f3n y zoom en c\u00e1maras con funcionalidad PTZ. Adem\u00e1s, la aplicaci\u00f3n para smartphones es compatible con las notificaciones push remotas.\u00a0<strong>De esta forma se le notificar\u00e1 autom\u00e1ticamente si se produce una alarma en el dispositivo y puede realizar una acci\u00f3n inmediata, incluso si no est\u00e1 controlando activamente el sistema en ese momento.<\/strong><\/p>\n<p class=\"ql-align-justify\"><strong>Nota: DDN-2516-212N08 Grabador 16 canales 1x2TB 8PoE Grabador de 16 canales, 1x2TB, 8 PoE Grabador de alta resoluci\u00f3n para los sistemas de vigilancia en red.<\/strong><\/p>\n<p class=\"ql-align-justify\"><strong>N\u00famero de pedido: DDN-2516-212N08.<\/strong><\/p>\n<p class=\"ql-align-justify\"><strong>Principales caracter\u00edsticas:<\/strong><\/p>\n<ul>\n<li class=\"ql-align-justify\">16 canales IP con 256 Mbps de ancho de banda entrante.<\/li>\n<li class=\"ql-align-justify\">Compatibilidad con c\u00e1maras IP de 8 MP (UHD) para visualizar y reproducir im\u00e1genes.<\/li>\n<li class=\"ql-align-justify\">Visualizaci\u00f3n en directo y en tiempo real de 8 canales 1080p o 2 canales 4k.<\/li>\n<li class=\"ql-align-justify\">Dise\u00f1o elegante, compacto y robusto\u00a0.<\/li>\n<\/ul>\n<p class=\"ql-align-justify\"><strong>Especificaciones<\/strong><\/p>\n<ul>\n<li class=\"ql-align-justify\">PoE: M\u00e1ximo de 16 puertos PoE (115 W; 25,5 W m\u00e1x. por puerto) conectados con configuraci\u00f3n DHCP (m\u00e1ximo de 16 c\u00e1maras IP).<\/li>\n<li class=\"ql-align-justify\">Conexiones: Conexi\u00f3n Ethernet RJ45 (10\/100\/1000Base-T conforme a la norma IEEE802.3)<\/li>\n<li class=\"ql-align-justify\">VGA MON.A: 1 D-SUB (salida de monitor).<\/li>\n<li class=\"ql-align-justify\">HDMI MON.A: 1 HDMI (salida de monitor).<\/li>\n<li class=\"ql-align-justify\">ALARM IN: 4 entradas de terminal atornillado, di\u00e1metro del cable AWG26\u201116 (0,4-1,29 mm).<\/li>\n<li class=\"ql-align-justify\">ALARM OUT: 2 salidas de terminal atornillado, di\u00e1.<\/li>\n<li class=\"ql-align-justify\">AUDIO OUT: 1 RCA (salida de audio)<\/li>\n<li class=\"ql-align-justify\">MIC IN: 1 RCA (entrada de audio).<\/li>\n<li class=\"ql-align-justify\">RS-485: Salida de terminal atornillado.<\/li>\n<li class=\"ql-align-justify\">RS-232: Un conector macho DB9 tipo D de 9 patillas (para servicio).<\/li>\n<li class=\"ql-align-justify\">SS: Un conector USB (3.0) para rat\u00f3n o dispositivo de memoria USB; un puerto USB (2.0) tambi\u00e9n en el panel frontal.<\/li>\n<li class=\"ql-align-justify\">Entrada de alimentaci\u00f3n con interruptor de encendido\/apagado 100 ~ 240 VCA, 50-60 Hz, 3,5 A, 190 W.<\/li>\n<\/ul>\n<p><img decoding=\"async\" class=\"overview-center-img- aligncenter\" src=\"https:\/\/tvc.mx\/media\/15588\/Logoopaginas-oficial.png\" alt=\"\" \/><\/p>\n","protected":false},"excerpt":{"rendered":"<p>DDN-2516-212N08 Grabador 16 canales 1x2TB 8PoE Puede conectar este grabador a un m\u00e1ximo de 16 c\u00e1maras IP que usen la \u00faltima tecnolog\u00eda de v\u00eddeo de alta resoluci\u00f3n H265\/H264 y t\u00e9cnicas de compresi\u00f3n de vanguardia.\u00a0Estas avanzadas tecnolog\u00edas, junto con una transmisi\u00f3n de datos de red eficiente,&hellip;<\/p>\n","protected":false},"featured_media":7641,"comment_status":"open","ping_status":"closed","template":"","meta":{"om_disable_all_campaigns":false,"_monsterinsights_skip_tracking":false,"_monsterinsights_sitenote_active":false,"_monsterinsights_sitenote_note":"","_monsterinsights_sitenote_category":0},"product_brand":[],"product_cat":[695],"product_tag":[613,611,612,616,615,610,614,617],"class_list":{"0":"post-7642","1":"product","2":"type-product","3":"status-publish","4":"has-post-thumbnail","6":"product_cat-nvrs-de-16-canales-nvrs-bosch-video-vigilancia","7":"product_tag-bosch","8":"product_tag-manhattan","9":"product_tag-saxxon","10":"product_tag-surveon","11":"product_tag-utepo","12":"product_tag-videovigilancia","13":"product_tag-vivotek","14":"product_tag-zteco","16":"first","17":"instock","18":"sale","19":"taxable","20":"shipping-taxable","21":"purchasable","22":"product-type-simple"},"aioseo_notices":[],"_links":{"self":[{"href":"https:\/\/tecsecmty.com\/index.php\/wp-json\/wp\/v2\/product\/7642","targetHints":{"allow":["GET"]}}],"collection":[{"href":"https:\/\/tecsecmty.com\/index.php\/wp-json\/wp\/v2\/product"}],"about":[{"href":"https:\/\/tecsecmty.com\/index.php\/wp-json\/wp\/v2\/types\/product"}],"replies":[{"embeddable":true,"href":"https:\/\/tecsecmty.com\/index.php\/wp-json\/wp\/v2\/comments?post=7642"}],"version-history":[{"count":0,"href":"https:\/\/tecsecmty.com\/index.php\/wp-json\/wp\/v2\/product\/7642\/revisions"}],"wp:featuredmedia":[{"embeddable":true,"href":"https:\/\/tecsecmty.com\/index.php\/wp-json\/wp\/v2\/media\/7641"}],"wp:attachment":[{"href":"https:\/\/tecsecmty.com\/index.php\/wp-json\/wp\/v2\/media?parent=7642"}],"wp:term":[{"taxonomy":"product_brand","embeddable":true,"href":"https:\/\/tecsecmty.com\/index.php\/wp-json\/wp\/v2\/product_brand?post=7642"},{"taxonomy":"product_cat","embeddable":true,"href":"https:\/\/tecsecmty.com\/index.php\/wp-json\/wp\/v2\/product_cat?post=7642"},{"taxonomy":"product_tag","embeddable":true,"href":"https:\/\/tecsecmty.com\/index.php\/wp-json\/wp\/v2\/product_tag?post=7642"}],"curies":[{"name":"wp","href":"https:\/\/api.w.org\/{rel}","templated":true}]}}