{"id":7672,"date":"2023-02-23T16:16:28","date_gmt":"2023-02-23T22:16:28","guid":{"rendered":"https:\/\/tecsecmty.com\/index.php\/producto\/vivotek-nd9213p-nvr-4-canales-1-bahia-4-puertos-poe-fe-rj45-1-puerto-fe-rj45-1-puerto-hdmi-4k-1-puerto-vga-ciberseguridad-trend-micro-control-de-aforo-smart-vca-search-gestion-poe-app-vivo\/"},"modified":"2023-03-22T23:24:46","modified_gmt":"2023-03-23T05:24:46","slug":"vivotek-nd9213p-nvr-4-canales-1-bahia-4-puertos-poe-fe-rj45-1-puerto-fe-rj45-1-puerto-hdmi-4k-1-puerto-vga-ciberseguridad-trend-micro-control-de-aforo-smart-vca-search-gestion-poe-app-vivo","status":"publish","type":"product","link":"https:\/\/tecsecmty.com\/index.php\/producto\/vivotek-nd9213p-nvr-4-canales-1-bahia-4-puertos-poe-fe-rj45-1-puerto-fe-rj45-1-puerto-hdmi-4k-1-puerto-vga-ciberseguridad-trend-micro-control-de-aforo-smart-vca-search-gestion-poe-app-vivo\/","title":{"rendered":"VIVOTEK ND9213P &#8211; NVR 4 Canales\/ 1 Bahia\/ 4 puertos PoE FE RJ45 \/1 puerto FE RJ45\/ 1 puerto HDMI 4K\/ 1 puerto VGA\/ Ciberseguridad Trend Micro\/ Control de Aforo\/ Smart VCA Search\/ Gestion PoE\/ App Vivocloud\/ Centralizacion VAST 2\/NDAA\/ONVIF"},"content":{"rendered":"<div class=\"row aling-items-center padding-bottom-2x\">\n<div class=\"col-lg-12\">\n<h5 class=\"card-title text-center\">Caracteristicas principales<\/h5>\n<ul>\n<li>Tecnolog\u00eda de compresi\u00f3n H.265, Compatible con c\u00e1mara de hasta 8MP<\/li>\n<li>C\u00e1mara Smart VCA de VIVOTEK con soporte para la b\u00fasqueda y grabaci\u00f3n de eventos<\/li>\n<li>802.3at\/af compatibles con puertos PoE<\/li>\n<li>Pantalla 4K para el monitoreo claro y detallado<\/li>\n<li>Nueva interfaz de usuario web disponible para el navegador Chrome sin necesidad de plug-in<\/li>\n<li>VIVOCloud App &amp; VAST 2<\/li>\n<li>Hecho en Taiw\u00e1n<\/li>\n<\/ul>\n<p><img decoding=\"async\" class=\"overview-center-img-web\" src=\"https:\/\/tvc.mx\/media\/679887\/vivotek-grabador-de-video-en-red-.png\" alt=\"\" \/><\/div>\n<\/div>\n<div class=\"row aling-items-center padding-bottom-2x\">\n<div class=\"col-lg-12\">\n<h5 class=\"card-title text-center\">Caracter\u00edsticas destacadas<\/h5>\n<h2>Nueva interfaz de usuario web disponible para el navegador Chrome sin necesidad de plug-in<\/h2>\n<p class=\"ql-align-justify\">Adoptando activamente las tendencias actuales y protegiendo simult\u00e1neamente su ciberseguridad, la nueva interfaz de usuario web de VIVOTEK soporta navegadores Chrome sin la necesidad de plug-ins web. Facilita a los usuarios el inicio de sesi\u00f3n y su operaci\u00f3n; adem\u00e1s, resuelve problemas relacionados con la autoridad del administrador del sistema, los riesgos de seguridad, el navegador y las actualizaciones del sistema operativo. Asimismo, ahora es compatible con la tecnolog\u00eda H.265, que permite a los usuarios alcanzar tasas de compresi\u00f3n de im\u00e1genes m\u00e1s altas y m\u00e1s eficientes que los sistemas H.264 anteriores, mientras mantiene una alta calidad de imagen.<\/p>\n<p><img decoding=\"async\" class=\"overview-center-img-web\" src=\"https:\/\/tvc.mx\/media\/292739\/vivotek-interfaz-de-usuario-de-nvr.png\" alt=\"\" \/><\/div>\n<\/div>\n<div class=\"row aling-items-center padding-bottom-2x\">\n<div class=\"col-lg-12\">\n<h5 class=\"card-title text-center\">B\u00fasqueda de eventos con Smart VCA<\/h5>\n<p>Los NVRs son compatibles con la administraci\u00f3n de alarmas y la b\u00fasqueda de eventos con la tecnolog\u00eda deep-learning de VIVOTEK, Smart VCA. El usuario puede buscar por uno o varios tipos de eventos, reproducir eventos de alarmas y tambi\u00e9n exportar los videos de la busqueda.<\/p>\n<p><img decoding=\"async\" class=\"overview-center-img-web\" src=\"https:\/\/tvc.mx\/media\/292755\/vivotek-funcion-de-eventos-con-smart-vca.png\" alt=\"\" \/><\/div>\n<\/div>\n<div class=\"row aling-items-center padding-bottom-2x\">\n<div class=\"col-lg-12\">\n<h5 class=\"card-title text-center\">Gesti\u00f3n de PoE<\/h5>\n<p>Permite a los usuarios solucionar problemas f\u00e1cilmente, controlar el presupuesto de potencia para una mejor operaci\u00f3n y establecer la configuraci\u00f3n de prioridad de puerto para garantizar que las c\u00e1maras m\u00e1s importantes est\u00e9n siempre en funcionamiento. Cuando la alimentaci\u00f3n del sistema est\u00e1 sobrecargada, los puertos PoE se reinician autom\u00e1ticamente para recuperar la fuente de alimentaci\u00f3n.<\/p>\n<p><img decoding=\"async\" class=\"overview-center-img-web\" src=\"https:\/\/tvc.mx\/media\/292763\/vivotek-gestion-poe-en-nvr-.PNG\" alt=\"\" \/><\/div>\n<\/div>\n<div class=\"row aling-items-center padding-bottom-2x\">\n<div class=\"col-lg-12\">\n<h5 class=\"card-title text-center\">Mejor calidad de video con menor ancho de banda<\/h5>\n<p>Con el est\u00e1ndar H.265 y la tecnolog\u00eda Smart Stream de VIVOTEK, El NVR de VIVOTEK no solo es capaz de proporcionar video de alta calidad: tambi\u00e9n permite ahorrar el uso del ancho de banda de red y la capacidad de grabaci\u00f3n, m\u00e1s que el est\u00e1ndar H.264 convencional.<\/p>\n<p><img decoding=\"async\" class=\"overview-center-img-web\" src=\"https:\/\/tvc.mx\/media\/292771\/vivotek-reducci%C3%B3n-de-ancho-de-banda-consmart-stream.PNG\" alt=\"\" \/><\/div>\n<\/div>\n<div class=\"row aling-items-center padding-bottom-2x\">\n<div class=\"col-lg-12\">\n<h5 class=\"card-title text-center\">Entrada de video de c\u00e1maras IP 4K y salida de video local de 4K<\/h5>\n<p>Los NVRs de VIVOTEK permiten la entrada de video de c\u00e1maras IP de 4K y salida de video local de 4K, por lo que pueden proporcionar a los usuarios una resoluci\u00f3n de video de alta definici\u00f3n asegurando que nunca se pierda un solo detalle en el monitoreo de video y grabaci\u00f3n.<\/p>\n<p><img decoding=\"async\" class=\"overview-center-img-web\" src=\"https:\/\/tvc.mx\/media\/292779\/vivotek-soporte-de-video-4k-y-salida-de-video-4k-en-camaras-y-nvr.png\" alt=\"\" \/><\/div>\n<\/div>\n<div class=\"row aling-items-center padding-bottom-2x\">\n<div class=\"col-lg-12\">\n<h5 class=\"card-title text-center\">Aplicaci\u00f3n VIVOCloud y Portal para vigilancia 24\/7<\/h5>\n<p class=\"ql-align-justify\">La app gratuita VIVOCloud hace que la vigilancia sea liviana y port\u00e1til, lo que asegura una operaci\u00f3n eficiente. Gracias a la \u00faltima tecnolog\u00eda P2P que facilita a\u00fan m\u00e1s el acceso remoto, simplemente escaneando el c\u00f3digo QR e instalando la aplicaci\u00f3n, los usuarios pueden ver transmisiones en vivo y reproducir clips grabados con la intuitiva interfaz en cualquier momento y desde cualquier lugar. La funci\u00f3n de notificaciones Push, permite que los usuarios reciban directamente un mensaje de alerta en su dispositivo m\u00f3vil Android \/ iOS y reproduzcan directamente el video para verificar si hay alguna actividad sospechosa.<\/p>\n<p><img decoding=\"async\" class=\"overview-center-img-web\" src=\"https:\/\/tvc.mx\/media\/292791\/vivotek-portal-vivocloud-para-vigilancia-24-7-remotamente-desde-dispositivos-moviles-ypcs.PNG\" alt=\"\" \/><\/div>\n<\/div>\n<div class=\"row align-items-center padding-bottom-2x\">\n<div class=\"col-md-5 order-md-2\"><img decoding=\"async\" class=\"d-block m-auto img-thumbnail\" src=\"https:\/\/tvc.mx\/media\/386339\/Grabador-NVR-4-Canales-1-Bahia-de-disco-4-puertos-PoE-FE-RJ45-1-puerto-FE-RJ45-1-puerto-HDMI-4K-1-puerto-VGA-Ciberseguridad-Trend-Micro-Control-de-Aforo-Smart-VCA-Search-Gestion-PoE-nd9213p-incluye.png\" alt=\" \" \/><\/div>\n<div class=\"col-md-7 order-md-1 text-md-left text-center\">\n<h2>Incluye<\/h2>\n<p class=\"text-muted\">\n<ul>\n<li>NVR ND9213P<\/li>\n<li>Adaptador de energ\u00eda<\/li>\n<li>Cable para fuente de energ\u00eda<\/li>\n<li>Mouse<\/li>\n<li>Paquete de tornillos<\/li>\n<li>Gomas amortiguadoras<\/li>\n<li>Guia r\u00e1pida de instalaci\u00f3n<\/li>\n<li>P\u00f3liza de garant\u00eda<\/li>\n<\/ul>\n<p>&nbsp;<\/p>\n<\/div>\n<\/div>\n<hr class=\"padding-bottom-2x\" \/>\n<div class=\"row align-items-center padding-bottom-2x\">\n<div class=\"col-md-5 order-md-2\"><img decoding=\"async\" class=\"d-block m-auto img-thumbnail\" src=\"https:\/\/tvc.mx\/media\/386475\/Grabador-NVR-4-Canales-1-Bahia-de-disco-4-puertos-PoE-FE-RJ45-1-puerto-FE-RJ45-1-puerto-HDMI-4K-1-puerto-VGA-Ciberseguridad-Trend-Micro-Control-de-Aforo-Smart-VCA-Search-Gestion-PoE-nd9213p-dimensiones.png\" alt=\" \" \/><\/div>\n<div class=\"col-md-7 order-md-1 text-md-left text-center\">\n<h2>Especificaciones tecnicas<\/h2>\n<p class=\"text-muted\">\n<ul>\n<li>4 canales IP<\/li>\n<li>1 bahias para HDD 3.5&#8243;<\/li>\n<li>Salida de video\u00a0HDMI: 4096 x 21604<\/li>\n<li>Triple codec de compresi\u00f3n H.265, H.264, MJPEG<\/li>\n<li>Resoluci\u00f3n de grabaci\u00f3n\u00a03840 x 2160\u00a0\u00a0pixeles por canal<\/li>\n<li>Rendimiento de visualizacion H.264: 1920&#215;1080 @ 540 fps, H.265: 1920&#215;1080 @ 270 fps<\/li>\n<li>Rendimiento de grabaci\u00f3n 88 Mbps<\/li>\n<li>Rendimiento de monitoreo en red x2 Ethernet 10\/100\/1000Mbps Ethernet (RJ-45)<\/li>\n<\/ul>\n<\/div>\n<\/div>\n","protected":false},"excerpt":{"rendered":"<p>Caracteristicas principales Tecnolog\u00eda de compresi\u00f3n H.265, Compatible con c\u00e1mara de hasta 8MP C\u00e1mara Smart VCA de VIVOTEK con soporte para la b\u00fasqueda y grabaci\u00f3n de eventos 802.3at\/af compatibles con puertos PoE Pantalla 4K para el monitoreo claro y detallado Nueva interfaz de usuario web disponible&hellip;<\/p>\n","protected":false},"featured_media":7671,"comment_status":"open","ping_status":"closed","template":"","meta":{"om_disable_all_campaigns":false,"_monsterinsights_skip_tracking":false,"_monsterinsights_sitenote_active":false,"_monsterinsights_sitenote_note":"","_monsterinsights_sitenote_category":0},"product_brand":[],"product_cat":[702],"product_tag":[613,611,612,616,615,610,614,617],"class_list":{"0":"post-7672","1":"product","2":"type-product","3":"status-publish","4":"has-post-thumbnail","6":"product_cat-nvrs-de-4-canales-nvrs-vivotek-video-vigilancia","7":"product_tag-bosch","8":"product_tag-manhattan","9":"product_tag-saxxon","10":"product_tag-surveon","11":"product_tag-utepo","12":"product_tag-videovigilancia","13":"product_tag-vivotek","14":"product_tag-zteco","16":"first","17":"instock","18":"sale","19":"taxable","20":"shipping-taxable","21":"purchasable","22":"product-type-simple"},"aioseo_notices":[],"_links":{"self":[{"href":"https:\/\/tecsecmty.com\/index.php\/wp-json\/wp\/v2\/product\/7672","targetHints":{"allow":["GET"]}}],"collection":[{"href":"https:\/\/tecsecmty.com\/index.php\/wp-json\/wp\/v2\/product"}],"about":[{"href":"https:\/\/tecsecmty.com\/index.php\/wp-json\/wp\/v2\/types\/product"}],"replies":[{"embeddable":true,"href":"https:\/\/tecsecmty.com\/index.php\/wp-json\/wp\/v2\/comments?post=7672"}],"version-history":[{"count":0,"href":"https:\/\/tecsecmty.com\/index.php\/wp-json\/wp\/v2\/product\/7672\/revisions"}],"wp:featuredmedia":[{"embeddable":true,"href":"https:\/\/tecsecmty.com\/index.php\/wp-json\/wp\/v2\/media\/7671"}],"wp:attachment":[{"href":"https:\/\/tecsecmty.com\/index.php\/wp-json\/wp\/v2\/media?parent=7672"}],"wp:term":[{"taxonomy":"product_brand","embeddable":true,"href":"https:\/\/tecsecmty.com\/index.php\/wp-json\/wp\/v2\/product_brand?post=7672"},{"taxonomy":"product_cat","embeddable":true,"href":"https:\/\/tecsecmty.com\/index.php\/wp-json\/wp\/v2\/product_cat?post=7672"},{"taxonomy":"product_tag","embeddable":true,"href":"https:\/\/tecsecmty.com\/index.php\/wp-json\/wp\/v2\/product_tag?post=7672"}],"curies":[{"name":"wp","href":"https:\/\/api.w.org\/{rel}","templated":true}]}}