{"id":7816,"date":"2023-02-23T16:20:33","date_gmt":"2023-02-23T22:20:33","guid":{"rendered":"https:\/\/tecsecmty.com\/index.php\/producto\/bosch-v_mbvxchanplu101-licencia-de-expansion-de-camara-o-decoder-en-bvms-plus-101\/"},"modified":"2023-03-22T23:21:52","modified_gmt":"2023-03-23T05:21:52","slug":"bosch-v_mbvxchanplu101-licencia-de-expansion-de-camara-o-decoder-en-bvms-plus-101","status":"publish","type":"product","link":"https:\/\/tecsecmty.com\/index.php\/producto\/bosch-v_mbvxchanplu101-licencia-de-expansion-de-camara-o-decoder-en-bvms-plus-101\/","title":{"rendered":"BOSCH V_MBVXCHANPLU101- LICENCIA DE EXPANSION DE CAMARA O DECODER EN BVMS PLUS 101"},"content":{"rendered":"<div class=\"row aling-items-center padding-bottom-2x\">\n<div class=\"col-lg-12\">\n<h5 class=\"card-title text-center\">licencia de expansion BVMS<\/h5>\n<p class=\"ql-align-justify\">Implementaci\u00f3n flexible: elija entre dispositivos rentables o una implementaci\u00f3n de software \u00fanicamente. u Resiliencia integrada: mantenga las operaciones en marcha aunque fallen varios componentes en el sistema. u El mejor v\u00eddeo de Bosch: la mejor experiencia de usuario que combina c\u00e1maras de Bosch con BVMS. u Integraci\u00f3n: integre c\u00e1maras, almacenamiento y otros sistemas de terceros en BVMS. u Entornos de TI y seguridad de datos: benef\u00edciese de la compatibilidad total con las TI desde la instalaci\u00f3n hasta la gesti\u00f3n cotidiana de forma segura.<\/p>\n<p><img decoding=\"async\" class=\"overview-center-img-web\" src=\"https:\/\/tvc.mx\/media\/186471\/BANNER_CCTV.png\" alt=\"\" \/><\/div>\n<\/div>\n<div class=\"row align-items-center padding-bottom-2x\">\n<div class=\"col-md-5 order-md-2\"><img decoding=\"async\" class=\"d-block m-auto img-thumbnail\" src=\"https:\/\/tvc.mx\/media\/186483\/bvm3.png\" alt=\" \" \/><\/div>\n<div class=\"col-md-7 order-md-1 text-md-left text-center\">\n<h2>Descripci\u00f3n inicial<\/h2>\n<p class=\"text-muted\">\n<p class=\"ql-align-justify\">BVMS Plus es una soluci\u00f3n de seguridad de v\u00eddeo IP \u00fanica que proporciona una gesti\u00f3n totalmente integrada de v\u00eddeo digital, audio y datos sobre cualquier red IP. Proporciona el mejor sistema de gesti\u00f3n de v\u00eddeo para los dispositivos de videovigilancia de Bosch, ya que aprovecha las capacidades exclusivas de las c\u00e1maras y las soluciones de grabaci\u00f3n de Bosch. Adem\u00e1s, ofrece interfaces y est\u00e1ndares para la integraci\u00f3n con otros sistemas y fabricantes. El software se proporciona como licencia electr\u00f3nica por correo electr\u00f3nico. Certificaciones y aprobaciones Reglamento General de Protecci\u00f3n de Datos (RGPD) El Reglamento General de Protecci\u00f3n de Datos (RGPD) entr\u00f3 en vigor el 25 de mayo de 2018. Como reglamento, ser\u00e1 aplicable directamente en todos los Estados Miembros de la Uni\u00f3n Europea sin necesidad de normativas nacionales para su aplicaci\u00f3n. Puesto que la informaci\u00f3n capturada, procesada y almacenada por los sistemas de vigilancia de v\u00eddeo est\u00e1 clasificada como \u00absensible\u00bb, el RGPD afectar\u00e1 de forma apreciable a las instalaciones de vigilancia de v\u00eddeo en toda Europa. BVMS incluye la funcionalidad necesaria para garantizar que una organizaci\u00f3n pueda cumplir el GDPR.<\/p>\n<p>&nbsp;<\/p>\n<\/div>\n<\/div>\n<hr class=\"padding-bottom-2x\" \/>\n<div class=\"row align-items-center padding-bottom-2x\">\n<div class=\"col-md-5\"><img decoding=\"async\" class=\"d-block m-auto img-thumbnail\" src=\"https:\/\/tvc.mx\/media\/186487\/bvms4.png\" alt=\" \" \/><\/div>\n<div class=\"col-md-7 text-md-left text-center\">\n<h2>Caracter\u00edsticas y Especificaciones<\/h2>\n<p class=\"text-muted\">\n<p>Software Assurance<\/p>\n<p class=\"ql-align-justify\">La complejidad de los sistemas de seguridad ha aumentado considerablemente en los \u00faltimos dos a\u00f1os. Al mismo tiempo, se sigue confiando en los sistemas disponibles para mitigar los riesgos de seguridad. Con, Bosch Software Assurance, puedes relajarte sabiendo que siempre podr\u00e1s pedirnos ayuda para garantizar que tu sistema se mantenga en marcha.<\/p>\n<p class=\"ql-align-justify\">Management Server, Video Streaming Gateway, Video Recording Manager y Mobile Video Service Se recomienda ejecutar Video\u00a0Recording\u00a0Manager y BVMS Management Server en el mismo ordenador. Las especificaciones recomendadas para BVMS Plus se basan en Bosch DIVAR IP AiO\u00a07000.<\/p>\n<p class=\"ql-align-justify\">MBV-BPLU-101 Licencia base Plus Incluye 8 ampliaciones de c\u00e1mara\/decodificador, 5 ampliaciones de estaci\u00f3n de trabajo, 8 canales de grabaci\u00f3n de seguridad, 8 canales de grabaci\u00f3n dual, 5 ampliaciones de teclado, 1 DVR, 1 panel de intrusi\u00f3n, 1 sitio en directo y de reproducci\u00f3n y ATM\/POS, funciones Allegiant y OPC.<\/p>\n<\/div>\n<\/div>\n","protected":false},"excerpt":{"rendered":"<p>licencia de expansion BVMS Implementaci\u00f3n flexible: elija entre dispositivos rentables o una implementaci\u00f3n de software \u00fanicamente. u Resiliencia integrada: mantenga las operaciones en marcha aunque fallen varios componentes en el sistema. u El mejor v\u00eddeo de Bosch: la mejor experiencia de usuario que combina c\u00e1maras&hellip;<\/p>\n","protected":false},"featured_media":7815,"comment_status":"open","ping_status":"closed","template":"","meta":{"om_disable_all_campaigns":false,"_monsterinsights_skip_tracking":false,"_monsterinsights_sitenote_active":false,"_monsterinsights_sitenote_note":"","_monsterinsights_sitenote_category":0},"product_brand":[],"product_cat":[707],"product_tag":[613,611,612,616,615,610,614,617],"class_list":{"0":"post-7816","1":"product","2":"type-product","3":"status-publish","4":"has-post-thumbnail","6":"product_cat-servidores-y-software-de-videovigilancia-bosch-video-vigilancia","7":"product_tag-bosch","8":"product_tag-manhattan","9":"product_tag-saxxon","10":"product_tag-surveon","11":"product_tag-utepo","12":"product_tag-videovigilancia","13":"product_tag-vivotek","14":"product_tag-zteco","16":"first","17":"instock","18":"sale","19":"taxable","20":"shipping-taxable","21":"purchasable","22":"product-type-simple"},"aioseo_notices":[],"_links":{"self":[{"href":"https:\/\/tecsecmty.com\/index.php\/wp-json\/wp\/v2\/product\/7816","targetHints":{"allow":["GET"]}}],"collection":[{"href":"https:\/\/tecsecmty.com\/index.php\/wp-json\/wp\/v2\/product"}],"about":[{"href":"https:\/\/tecsecmty.com\/index.php\/wp-json\/wp\/v2\/types\/product"}],"replies":[{"embeddable":true,"href":"https:\/\/tecsecmty.com\/index.php\/wp-json\/wp\/v2\/comments?post=7816"}],"version-history":[{"count":0,"href":"https:\/\/tecsecmty.com\/index.php\/wp-json\/wp\/v2\/product\/7816\/revisions"}],"wp:featuredmedia":[{"embeddable":true,"href":"https:\/\/tecsecmty.com\/index.php\/wp-json\/wp\/v2\/media\/7815"}],"wp:attachment":[{"href":"https:\/\/tecsecmty.com\/index.php\/wp-json\/wp\/v2\/media?parent=7816"}],"wp:term":[{"taxonomy":"product_brand","embeddable":true,"href":"https:\/\/tecsecmty.com\/index.php\/wp-json\/wp\/v2\/product_brand?post=7816"},{"taxonomy":"product_cat","embeddable":true,"href":"https:\/\/tecsecmty.com\/index.php\/wp-json\/wp\/v2\/product_cat?post=7816"},{"taxonomy":"product_tag","embeddable":true,"href":"https:\/\/tecsecmty.com\/index.php\/wp-json\/wp\/v2\/product_tag?post=7816"}],"curies":[{"name":"wp","href":"https:\/\/api.w.org\/{rel}","templated":true}]}}