{"id":7862,"date":"2023-02-23T16:21:49","date_gmt":"2023-02-23T22:21:49","guid":{"rendered":"https:\/\/tecsecmty.com\/index.php\/producto\/bosch-v_mhwwz4g4hen2-estacion-de-trabajo-z4g4-p4000-gpu\/"},"modified":"2023-03-22T23:21:54","modified_gmt":"2023-03-23T05:21:54","slug":"bosch-v_mhwwz4g4hen2-estacion-de-trabajo-z4g4-p4000-gpu","status":"publish","type":"product","link":"https:\/\/tecsecmty.com\/index.php\/producto\/bosch-v_mhwwz4g4hen2-estacion-de-trabajo-z4g4-p4000-gpu\/","title":{"rendered":"BOSCH V_MHWWZ4G4HEN2- ESTACION DE TRABAJO Z4G4 P4000 GPU"},"content":{"rendered":"<h5 class=\"card-title text-center\">MHW-WZ4G4-HEN2 Workstation<\/h5>\n<p class=\"ql-align-justify\"><strong>La estaci\u00f3n de trabajo HP Z4 G4 con microarquitectura Intel de \u00faltima generaci\u00f3n ofrece un alto rendimiento y visualizaci\u00f3n m\u00e1s avanzada para las aplicaciones de v\u00eddeo.<\/strong><\/p>\n<p class=\"ql-align-justify\"><strong>Funcionalidad con un gran n\u00famero de opciones<\/strong><\/p>\n<p class=\"ql-align-justify\">Esta estaci\u00f3n de trabajo de \u00faltima generaci\u00f3n ofrece m\u00e1s funciones de serie que cualquier otra estaci\u00f3n de trabajo HP con un \u00fanico procesador.<\/p>\n<p class=\"ql-align-justify\"><strong>Toda la potencia necesaria, sin ruido<\/strong><\/p>\n<p class=\"ql-align-justify\">Su dise\u00f1o ac\u00fastico de \u00faltima generaci\u00f3n proporciona un rendimiento silencioso. Un procesador de alta frecuencia con varios n\u00facleo capaz de hacer frente a las exigencias del software de cliente de videovigilancia actual de Bosch.<\/p>\n<p class=\"ql-align-justify\"><strong>Las estaciones de trabajo m\u00e1s seguras del mundo<\/strong><\/p>\n<p class=\"ql-align-justify\"><strong>Todas las estaciones de trabajo HP Z4 G4 incluyen de serie avanzadas funciones de seguridad.<\/strong>\u00a0Tendr\u00e1 la tranquilidad de que su dispositivo, su identidad y sus datos estar\u00e1n completamente seguros con un software de seguridad como\u00a0<strong>HP Client Security Suite3 y HP Sure Start<\/strong>, la primera BIOS recuperaci\u00f3n autom\u00e1tica del sector con detecci\u00f3n de intrusi\u00f3n.<\/p>\n<p class=\"ql-align-justify\"><strong>Descripci\u00f3n del sistema<\/strong><\/p>\n<p class=\"ql-align-justify\">HP Z4 G4 est\u00e1 dise\u00f1ada para minimizar los costes de alimentaci\u00f3n y refrigeraci\u00f3n gracias a las configuraciones con la clasificaci\u00f3n ENERGY STAR, que incluyen fuentes de alimentaci\u00f3n hasta un 90% m\u00e1s eficaces y afrontan mayores retos inform\u00e1ticos con la\u00a0<strong>\u00faltima tecnolog\u00eda Intel vPro y un procesador de cuatro n\u00facleos Intel Xeon de pr\u00f3xima generaci\u00f3n:<\/strong><\/p>\n<ul>\n<li class=\"ql-align-justify\">Intel Xeon W-2123 (3,6 GHz, 8,25 MB de cach\u00e9, velocidad de memoria 2666 MHz, 4c CPU).<\/li>\n<li class=\"ql-align-justify\">Memoria registrada DDR4 2666 DIMM ECC de 8 GB (1 x 8 GB).<\/li>\n<\/ul>\n<p class=\"ql-align-justify\"><strong>HP Z4 G4 es una estaci\u00f3n de trabajo con una soluci\u00f3n basada en el conjunto de chips Intel C422 con tecnolog\u00eda vPro de Intel y en arquitectura de memoria de 8 slots DIMM en 4 canales.<\/strong><\/p>\n<p class=\"ql-align-justify\">Con 2 x 3 PCIe x4, 2 x M.2 PCIe 3 x4, 1 x PCIe x8 y 2 x PCIe x16 (las ranuras 2 y 4: PCH con conector abierto; ranura 5: CPU con conector abierto), HP Z4 G4 ofrece interfaces de ancho de banda de alto rendimiento de futuras ampliaciones:<\/p>\n<ul>\n<li class=\"ql-align-justify\">La arquitectura de esta estaci\u00f3n de trabajo de gesti\u00f3n proporciona un procesamiento de entrada y salida de \u00faltima generaci\u00f3n para conseguir un alto rendimiento y atender los requisitos de visualizaci\u00f3n.<\/li>\n<li class=\"ql-align-justify\"><strong>Las tarjetas gr\u00e1ficas de gama alta NVIDIA Quadro P4000 (8 GB) y P2000 (5 GB)\u00a0<\/strong>garantiza el mayor rendimiento y la resoluci\u00f3n necesaria para una r\u00e1pida presentaci\u00f3n de los datos de v\u00eddeo.<\/li>\n<\/ul>\n<p class=\"ql-align-justify\"><strong>Z4 G4 Management Workstation es el equipo de alto rendimiento apto para ejecutar las aplicaciones de software de sistemas de seguridad que Bosch ofrece.<\/strong>\u00a0Consulte las hojas de datos de las aplicaciones para obtener informaci\u00f3n m\u00e1s detallada.<\/p>\n<p class=\"ql-align-justify\"><strong>Certificaciones y aprobaciones<\/strong><\/p>\n<ul>\n<li class=\"ql-align-justify\"><strong>RoHS:\u00a0<\/strong>Conforme a la Directiva de la Uni\u00f3n Europea 2011\/65\/UE en materia de restricci\u00f3n del uso de sustancias peligrosas (Restrictions of Hazardous Substances, RoHS)\u00a0<strong>WEEE:\u00a0<\/strong>Dise\u00f1ado para cumplir con la directiva 2002\/96\/EC de reciclaje de productos el\u00e9ctricos y electr\u00f3nicos (Waste Electrical and Electronic Equipment, WEEE)<\/li>\n<li class=\"ql-align-justify\"><strong>ISO 11469 y ISO 1043:<\/strong>\u00a0Las piezas de pl\u00e1stico del producto que pesan m\u00e1s de 25 g est\u00e1n marcadas seg\u00fan las normas ISO 11469 e ISO 1043.<\/li>\n<\/ul>\n<p class=\"ql-align-justify\"><strong>Notas de configuraci\u00f3n\/instalaci\u00f3n<\/strong><\/p>\n<p class=\"ql-align-justify\"><strong>Selecci\u00f3n de idioma<\/strong><\/p>\n<p class=\"ql-align-justify\">Esta estaci\u00f3n de trabajo de gesti\u00f3n viene en una localizaci\u00f3n est\u00e1ndar:<\/p>\n<ul>\n<li class=\"ql-align-justify\">MHW\u2011WZ4G4\u2011HEN4 con teclado en ingl\u00e9s americano.<\/li>\n<li class=\"ql-align-justify\">MHW\u2011WZ4G4\u2011HEN2 con teclado en ingl\u00e9s americano.<\/li>\n<\/ul>\n<p class=\"ql-align-justify\">Tambi\u00e9n dispone de m\u00e1s teclados opcionales en Informaci\u00f3n para pedidos.<\/p>\n<p class=\"ql-align-justify\"><strong>Adaptadores<\/strong><\/p>\n<p class=\"ql-align-justify\">Se incluyen dos adaptadores pasivos DisplayPort a DVI. Se puede utilizar un m\u00e1ximo de dos adaptadores pasivos con la tarjeta gr\u00e1fica\u00a0<strong>NVIDIA Quadro P2000<\/strong>\u00a0y un m\u00e1ximo de cuatro adaptadores pasivos con la tarjeta gr\u00e1fica\u00a0<strong>NVIDIA Quadro P4000.<\/strong><\/p>\n<p class=\"ql-align-justify\"><strong>Componentes de Z4 G4 Management Workstation<\/strong><\/p>\n<ul>\n<li class=\"ql-align-justify\">1 Z4 G4 Management Workstation, incluido el chasis 90% 750 W.<\/li>\n<li class=\"ql-align-justify\">1 Sistema operativo Microsoft Windows 10 Professional Edition de 64 bits<\/li>\n<li class=\"ql-align-justify\">1 CPU Intel Xeon W-2123, 3,6 GHz, 2666 MHz, 8,25 MB, 4C.<\/li>\n<li class=\"ql-align-justify\">1 RAM ECC DIMM 8 GB (1 x 8 GB) DDR4 2666.<\/li>\n<li class=\"ql-align-justify\">1 HDD 500 GB, 7200 RPM SATA 3,5&#8243;.<\/li>\n<li class=\"ql-align-justify\">1 NVIDIA Quadro P4000 o P2000.<\/li>\n<li class=\"ql-align-justify\">1 Teclado USB compacto para negocios con cable (ingl\u00e9s americano).<\/li>\n<li class=\"ql-align-justify\">1 Rat\u00f3n USB \u00f3ptico HP.<\/li>\n<li class=\"ql-align-justify\">1 Adaptador de puerto serie HP.<\/li>\n<li class=\"ql-align-justify\">2 Adaptador DisplayPort a DVI-D HP.<\/li>\n<li class=\"ql-align-justify\">1 DVD de recuperaci\u00f3n BT de Bosch .<\/li>\n<li class=\"ql-align-justify\">3 a\u00f1os de soporte por parte de HP in situ para hardware el siguiente d\u00eda laborable.<\/li>\n<\/ul>\n<p class=\"ql-align-justify\"><strong>Nota: MHW-WZ4G4-HEN2<\/strong><\/p>\n<p class=\"ql-align-justify\"><strong>Estaci\u00f3n de trabajo Z4G4, P2000 GPU Estaci\u00f3n de trabajo de gesti\u00f3n de alto rendimiento para aplicaciones de v\u00eddeo. Con el teclado en ingl\u00e9s americano y la tarjeta gr\u00e1fica NVIDIA Quadro P2000.<\/strong><\/p>\n<p class=\"ql-align-justify\"><strong>N\u00famero de pedido: MHW-WZ4G4-HEN2.<\/strong><\/p>\n<p class=\"ql-align-justify\"><strong>Principales\u00a0<\/strong><strong>caracter\u00edsticas<\/strong><\/p>\n<ul>\n<li class=\"ql-align-justify\">Estaci\u00f3n de trabajo de alto rendimiento con microarquitectura Intel de pr\u00f3xima generaci\u00f3n.<\/li>\n<li class=\"ql-align-justify\">Compatibilidad con varios monitores (tarjeta gr\u00e1fica NVIDIA Quadro P4000 de 8 GB o tarjeta gr\u00e1fica NVIDIA Quadro P2000 de 5 GB).<\/li>\n<li class=\"ql-align-justify\">Funcionamiento silencioso gracias al chasis de bajo nivel ac\u00fastico.<\/li>\n<li class=\"ql-align-justify\">Protegido por HP Hardware Services, incluida la asistencia a domicilio el siguiente d\u00eda laborable durante 3 a\u00f1os.<\/li>\n<\/ul>\n<p class=\"ql-align-justify\"><strong>Especificaciones<\/strong><\/p>\n<p class=\"ql-align-justify\"><strong>El\u00e9ctricas 400 Hz (a 118 V CA)<\/strong><\/p>\n<ul>\n<li class=\"ql-align-justify\">Rango de frecuencia de l\u00ednea de funcionamiento:De 47 a 66 Hz (de 100 a 240 V CA) y De 393 a 407 Hz (a 118 V CA).<\/li>\n<li class=\"ql-align-justify\">Corriente de entrada nominal: De 100 a 240 V a 10 A 118 V a 10 A.<\/li>\n<li class=\"ql-align-justify\">Consumo de energ\u00eda en modo de inactividad (definici\u00f3n de ENERGY STAR): suspender en RAM (S3) (PC con disponibilidad instant\u00e1nea) &lt;15 W.<\/li>\n<li class=\"ql-align-justify\">Disipaci\u00f3n de calor (depende de la configuraci\u00f3n y del software) T\u00edpica de 1850 BTU\/h 3084 BTU\/h m\u00e1x.<\/li>\n<li class=\"ql-align-justify\">Ventilador de la fuente de alimentaci\u00f3n 80 x 25 mm de velocidad variable.<\/li>\n<li class=\"ql-align-justify\">Certificaci\u00f3n de ENERGY STAR S\u00ed Cumple con 80 PLUS S\u00ed, 90 % de eficiencia Compatible con alimentaci\u00f3n en modo de espera FEMP a 115 V (&lt;2 W en S5 \u2013 apagado) S\u00ed Conforme a EuP a 230 V S\u00ed.<\/li>\n<\/ul>\n<p class=\"ql-align-justify\"><strong>Mec\u00e1nicas<\/strong><\/p>\n<ul>\n<li class=\"ql-align-justify\">Factor de forma Minitorre Dimensiones del chasis<\/li>\n<li class=\"ql-align-justify\">Orientaci\u00f3n de minitorre est\u00e1ndar (Al. x An. x Pr.) 38,6 x 16,9 x 44,5 cm (15,20 x 6,65 x 17,52 pulg.)<\/li>\n<li class=\"ql-align-justify\">Dimensiones de bastidor 4U.<\/li>\n<\/ul>\n<p class=\"ql-align-justify\"><strong>Ambientales<\/strong><\/p>\n<p class=\"ql-align-justify\"><strong>Temperatura<\/strong><\/p>\n<ul>\n<li class=\"ql-align-justify\">En funcionamiento: De 5 \u00b0C a 35 \u00b0C (de 40 \u00b0F a 95 \u00b0F)<\/li>\n<li class=\"ql-align-justify\">Cuando no est\u00e1 en funcionamiento: De -40 \u00b0C a 60 \u00b0C (de -40 \u00b0F a 140 \u00b0F).<\/li>\n<\/ul>\n<p class=\"ql-align-justify\"><strong>Humedad<\/strong><\/p>\n<ul>\n<li class=\"ql-align-justify\">En funcionamiento Del 10 al 85 % de humedad relativa, sin condensaci\u00f3n.<\/li>\n<li class=\"ql-align-justify\">Cuando no est\u00e1 en funcionamiento Del 10 al 90 % de humedad relativa, sin condensaci\u00f3n Altitud m\u00e1xima (sin presurizar).<\/li>\n<li class=\"ql-align-justify\">En funcionamiento 3048 m (10 000 pies).<\/li>\n<li class=\"ql-align-justify\">Cuando no est\u00e1 en funcionamiento 12.192 m (40.000 pies).<\/li>\n<\/ul>\n<p><img decoding=\"async\" class=\"overview-center-img- aligncenter\" src=\"https:\/\/tvc.mx\/media\/15954\/Logoopaginas-oficial.png\" alt=\"\" \/><\/p>\n","protected":false},"excerpt":{"rendered":"<p>MHW-WZ4G4-HEN2 Workstation La estaci\u00f3n de trabajo HP Z4 G4 con microarquitectura Intel de \u00faltima generaci\u00f3n ofrece un alto rendimiento y visualizaci\u00f3n m\u00e1s avanzada para las aplicaciones de v\u00eddeo. Funcionalidad con un gran n\u00famero de opciones Esta estaci\u00f3n de trabajo de \u00faltima generaci\u00f3n ofrece m\u00e1s funciones&hellip;<\/p>\n","protected":false},"featured_media":7861,"comment_status":"open","ping_status":"closed","template":"","meta":{"om_disable_all_campaigns":false,"_monsterinsights_skip_tracking":false,"_monsterinsights_sitenote_active":false,"_monsterinsights_sitenote_note":"","_monsterinsights_sitenote_category":0},"product_brand":[],"product_cat":[707],"product_tag":[613,611,612,616,615,610,614,617],"class_list":{"0":"post-7862","1":"product","2":"type-product","3":"status-publish","4":"has-post-thumbnail","6":"product_cat-servidores-y-software-de-videovigilancia-bosch-video-vigilancia","7":"product_tag-bosch","8":"product_tag-manhattan","9":"product_tag-saxxon","10":"product_tag-surveon","11":"product_tag-utepo","12":"product_tag-videovigilancia","13":"product_tag-vivotek","14":"product_tag-zteco","16":"first","17":"instock","18":"sale","19":"taxable","20":"shipping-taxable","21":"purchasable","22":"product-type-simple"},"aioseo_notices":[],"_links":{"self":[{"href":"https:\/\/tecsecmty.com\/index.php\/wp-json\/wp\/v2\/product\/7862","targetHints":{"allow":["GET"]}}],"collection":[{"href":"https:\/\/tecsecmty.com\/index.php\/wp-json\/wp\/v2\/product"}],"about":[{"href":"https:\/\/tecsecmty.com\/index.php\/wp-json\/wp\/v2\/types\/product"}],"replies":[{"embeddable":true,"href":"https:\/\/tecsecmty.com\/index.php\/wp-json\/wp\/v2\/comments?post=7862"}],"version-history":[{"count":0,"href":"https:\/\/tecsecmty.com\/index.php\/wp-json\/wp\/v2\/product\/7862\/revisions"}],"wp:featuredmedia":[{"embeddable":true,"href":"https:\/\/tecsecmty.com\/index.php\/wp-json\/wp\/v2\/media\/7861"}],"wp:attachment":[{"href":"https:\/\/tecsecmty.com\/index.php\/wp-json\/wp\/v2\/media?parent=7862"}],"wp:term":[{"taxonomy":"product_brand","embeddable":true,"href":"https:\/\/tecsecmty.com\/index.php\/wp-json\/wp\/v2\/product_brand?post=7862"},{"taxonomy":"product_cat","embeddable":true,"href":"https:\/\/tecsecmty.com\/index.php\/wp-json\/wp\/v2\/product_cat?post=7862"},{"taxonomy":"product_tag","embeddable":true,"href":"https:\/\/tecsecmty.com\/index.php\/wp-json\/wp\/v2\/product_tag?post=7862"}],"curies":[{"name":"wp","href":"https:\/\/api.w.org\/{rel}","templated":true}]}}