{"id":7864,"date":"2023-02-23T16:21:51","date_gmt":"2023-02-23T22:21:51","guid":{"rendered":"https:\/\/tecsecmty.com\/index.php\/producto\/bosch-v_mvmbvrm016-paquete-basico-de-vrm-con-16-camaras\/"},"modified":"2023-03-22T23:21:55","modified_gmt":"2023-03-23T05:21:55","slug":"bosch-v_mvmbvrm016-paquete-basico-de-vrm-con-16-camaras","status":"publish","type":"product","link":"https:\/\/tecsecmty.com\/index.php\/producto\/bosch-v_mvmbvrm016-paquete-basico-de-vrm-con-16-camaras\/","title":{"rendered":"BOSCH V_MVMBVRM016 &#8211; Paquete basico de VRM con 16 camaras"},"content":{"rendered":"<h5 class=\"card-title text-center\">MVM-BVRM-016 Paquete base incl. 16 c\u00e1maras un paquete<\/h5>\n<p class=\"ql-align-justify\"><strong>Video Recording Manager de Bosch<\/strong>\u00a0proporciona una soluci\u00f3n de videograbador distribuido en red que elimina la necesidad de utilizar videograbadores de red (<strong>NVR<\/strong>) dedicados y que constituye la segunda generaci\u00f3n de grabaci\u00f3n de v\u00eddeo en red IP. El software es compatible con sistemas de almacenamiento basados en\u00a0<strong>iSCSI\u00a0<\/strong>y dispositivos de v\u00eddeo sobre IP de Bosch (c\u00e1maras IP y codificadores de v\u00eddeo IP).\u00a0<strong>Video Recording Manager\u00a0<\/strong>proporciona equilibrio de carga y recuperaci\u00f3n en caso de fallo para el sistema de almacenamiento iSCSI y facilita la adici\u00f3n de otros sistemas de almacenamiento iSCSI en un futuro. Video Recording Manager introduce el concepto de capa de virtualizaci\u00f3n de almacenamiento. Esta capa de abstracci\u00f3n permite al software gestionar todos los arrays de discos individuales en todo el sistema como varios grupos de almacenamiento \u00abvirtuales\u00bb, que se asignan de forma inteligente a medida que sea necesario.\u00a0<strong>Video Recording Manager<\/strong>\u00a0elimina la necesidad de utilizar los videograbadores en red cl\u00e1sicos y su hardware de servidor, sistemas operativos y antivirus asociados, as\u00ed como las continuas actualizaciones de software que estos sistemas requieren. Esta nueva tecnolog\u00eda\u00a0<strong>NVR\u00a0<\/strong>facilita la instalaci\u00f3n, el manejo y el mantenimiento, a la vez que reduce su coste total de propiedad.<\/p>\n<p class=\"ql-align-justify\"><strong>Descripci\u00f3n del sistema<\/strong><\/p>\n<p class=\"ql-align-justify\">Video Recording Manager incluye:<\/p>\n<ul>\n<li class=\"ql-align-justify\">VRM Server con VRM Monitor.<\/li>\n<li class=\"ql-align-justify\">Configuration Manager.<\/li>\n<li class=\"ql-align-justify\">Video Streaming Gateway (VSG).<\/li>\n<\/ul>\n<p class=\"ql-align-justify\">El servicio de gesti\u00f3n de grabaci\u00f3n central (<strong>VRM Server<\/strong>) se ejecuta como un servicio en las plataformas de\u00a0<strong>Microsoft Windows.<\/strong>\u00a0Bosch recomienda ejecutar el software en una plataforma dedicada de servidor\/hardware\u00a0<strong>Video Recording Manager\u00a0<\/strong>ofrece funciones de grabaci\u00f3n, control y gesti\u00f3n para todo el sistema de almacenamiento iSCSI, codificadores de v\u00eddeo y c\u00e1maras de Bosch.\u00a0<strong>El software Video Recording Manager admite dispositivos Bosch H.264, H.265 y MPEG\u20114 IP incluidos todos los codificadores y todas las c\u00e1maras de Bosch.<\/strong>\u00a0Con el componente Video Streaming Gateway, tambi\u00e9n admite c\u00e1maras de terceros compatibles con los protocolos\u00a0<strong>ONVIF, RTSP o JPEG.<\/strong><\/p>\n<p class=\"ql-align-justify\"><strong>Rendimiento \u00f3ptimo<\/strong><\/p>\n<p class=\"ql-align-justify\"><strong>Video Recording Manager\u00a0<\/strong>ofrece una soluci\u00f3n de gesti\u00f3n de almacenamiento\u00a0<strong>iSCSI\u00a0<\/strong>flexible, ampliable, de gran fiabilidad y con un alto nivel de rendimiento. El rendimiento est\u00e1 optimizado gracias al direccionamiento inteligente a nivel de bloques, que tambi\u00e9n permite el equilibrio de cargas de la grabaci\u00f3n de v\u00eddeo en todos los bloques de almacenamiento disponibles ubicados en cualquier array de almacenamiento del sistema. El equilibrio de cargas, que puede configurarse seg\u00fan la direcci\u00f3n IP (destino\u00a0<strong>iSCSI<\/strong>), se proporciona en relaci\u00f3n al ancho de banda y al n\u00famero de conexiones iSCSI. Virtualizaci\u00f3n l\u00f3gica La capa de virtualizaci\u00f3n de Video Recording Manager permite ampliar el almacenamiento m\u00e1s all\u00e1 de los l\u00edmites f\u00edsicos de un \u00fanico subsistema de almacenamiento. Gracias a esta capa de abstracci\u00f3n l\u00f3gica, cada c\u00e1mara puede utilizar el espacio de almacenamiento que realmente precise, sin que sea necesario asignarle previamente un espacio de forma aleatoria. Esto permite ampliar los tiempos de retenci\u00f3n de los datos de v\u00eddeo seg\u00fan sea necesario.<\/p>\n<p class=\"ql-align-justify\"><strong>Grabaci\u00f3n y recuperaci\u00f3n de datos de gran rapidez<\/strong><\/p>\n<p class=\"ql-align-justify\"><strong>Video Recording Manager<\/strong>\u00a0proporciona una recuperaci\u00f3n vers\u00e1til y r\u00e1pida de los datos mediante una base de datos de b\u00fasqueda de grabaciones y metadatos. Los metadatos son un tipo de datos que a su vez describen otros datos como eventos, informaci\u00f3n de cajeros\/puntos de venta y datos de an\u00e1lisis del contenido de v\u00eddeo. Los metadatos se graban con los datos de v\u00eddeo y ofrecen al motor de b\u00fasqueda del cliente de reproducci\u00f3n una forma r\u00e1pida y eficaz de localizar secuencias de v\u00eddeo especificas. La base de datos tambi\u00e9n mantiene un registro de la ubicaci\u00f3n de los bloques de grabaci\u00f3n. Si esta base de datos se pierde, Video Recording Manager puede volver a crearla mediante la lectura de los metadatos almacenados, proporcionando as\u00ed una funci\u00f3n de recuperaci\u00f3n autom\u00e1tica.<\/p>\n<p class=\"ql-align-justify\"><strong>Almacenamiento distribuido<\/strong><\/p>\n<p class=\"ql-align-justify\"><strong>Video Recording Manager<\/strong>\u00a0no s\u00f3lo permite una gesti\u00f3n redundante de los metadatos, sino que tambi\u00e9n introduce una mejora importante de la fiabilidad y la disponibilidad globales. Gracias a la redundancia del almacenamiento y al dise\u00f1o a prueba de fallos del servicio de gesti\u00f3n de grabaci\u00f3n central, se eliminan por completo los puntos de fallo. Adem\u00e1s, a diferencia de los sistemas de NVR cl\u00e1sicos, Video Recording Manager se escala sin necesidad de a\u00f1adir m\u00e1s PCs. Esto reduce en gran medida el riesgo de fallos del sistema.<\/p>\n<p class=\"ql-align-justify\"><strong>Funciones b\u00e1sicas<\/strong><\/p>\n<p class=\"ql-align-justify\"><strong>VRM Server VRM Server<\/strong>, en combinaci\u00f3n con el servicio de gesti\u00f3n de grabaci\u00f3n central, mantiene una base de datos que contiene la informaci\u00f3n del origen de la grabaci\u00f3n y una lista de las unidades iSCSI asociadas. El control central incluye una interfaz de usuario web para monitorizar el estado. que ofrece una descripci\u00f3n general del estado del sistema e informaci\u00f3n acerca del estado de grabaci\u00f3n, as\u00ed como la visualizaci\u00f3n en directo y la vista previa de grabaci\u00f3n de c\u00e1maras individuales.<\/p>\n<p class=\"ql-align-justify\"><strong>Configuration Manager<\/strong><\/p>\n<p class=\"ql-align-justify\"><strong>El software Configuration Manager\u00a0<\/strong>permite realizar la configuraci\u00f3n central de los subsistemas de almacenamiento en red, las grabaciones (incluyendo las planificaciones), la velocidad de datos, la velocidad de im\u00e1genes, los flujos de v\u00eddeo y los privilegios, as\u00ed como la gesti\u00f3n de cuentas de usuario. Para obtener m\u00e1s informaci\u00f3n sobre Configuration Manager, consulte la documentaci\u00f3n espec\u00edfica del producto.<\/p>\n<p class=\"ql-align-justify\"><strong>Integraci\u00f3n de c\u00e1maras de terceros<\/strong><\/p>\n<p class=\"ql-align-justify\"><strong>Video Recording Manager\u00a0<\/strong>con su componente Video Streaming Gateway ofrece la posibilidad de integrar c\u00e1maras compatibles con los protocolos\u00a0<strong>ONVIF, RTSP<\/strong>\u00a0est\u00e1ndar o JPEG.\u00a0<strong>Video Streaming Gateway\u00a0<\/strong>sirve para visualizar en directo y para la grabaci\u00f3n\u00a0<strong>Video Recording Manager\u00a0<\/strong>basada en iSCSI de c\u00e1maras en entornos con poco ancho de banda o c\u00e1maras de terceros compatibles con alguno de los protocolos mencionados anteriormente.<\/p>\n<p class=\"ql-align-justify\"><strong>Copia de seguridad de los datos a trav\u00e9s de Video Recording Manager<\/strong><\/p>\n<p class=\"ql-align-justify\">La funci\u00f3n de copia de seguridad para exportar cantidades mayores de datos se ha trasladado a la aplicaci\u00f3n<strong>\u00a0Video Recording Manager eXport Wizard. eXport Wizard<\/strong>\u00a0para copias de seguridad en disco y cinta es una aplicaci\u00f3n aut\u00f3noma. Es posible reproducir los datos exportados sin disponer de un entorno\u00a0<strong>Video Recording Manager\u00a0<\/strong>y actualmente solo es posible con<strong>\u00a0Archive Player<\/strong>.<\/p>\n<p class=\"ql-align-justify\"><strong>Aviso<\/strong>:<\/p>\n<p class=\"ql-align-justify\"><strong>Un Video Recording Manager admite<\/strong>:<\/p>\n<ul>\n<li class=\"ql-align-justify\">2048 canales<\/li>\n<li class=\"ql-align-justify\">2 PB de almacenamiento (capacidad neta)<\/li>\n<li class=\"ql-align-justify\">40 arrays de discos (recomendado)<\/li>\n<li class=\"ql-align-justify\">120 destinos iSCSI como m\u00e1ximo (120 destinos iSCSI son un l\u00edmite de hardware).<\/li>\n<\/ul>\n<p class=\"ql-align-justify\">Para entornos m\u00e1s grandes, se recomienda encarecidamente utilizar arrays de discos de gran tama\u00f1o en lugar de un n\u00famero elevado de arrays de discos peque\u00f1os (escalado vertical en lugar de horizontal).<strong>\u00a0En sistemas con m\u00e1s de 40 arrays de discos<\/strong>, p\u00f3ngase en contacto con un\u00a0<strong>Bosch Design Engineer<\/strong>. No se admiten los sistemas de almacenamiento basados en\u00a0<strong>iSCSI\u00a0<\/strong>que no hayan sido cualificados por Bosch.<\/p>\n<p class=\"ql-align-justify\"><strong>Nota: MVM-BVRM-016 Paquete base incl. 16 c\u00e1maras un paquete Paquete b\u00e1sico de Video Recording Manager con un paquete de licencias para 16 c\u00e1maras. Se pueden usar licencias de VRM 2.0.<\/strong><\/p>\n<p class=\"ql-align-justify\"><strong>N\u00famero de pedido: MVM-BVRM-016.<\/strong><\/p>\n<p class=\"ql-align-justify\"><strong>Principales Caracter\u00edsticas:<\/strong><\/p>\n<ul>\n<li class=\"ql-align-justify\">Almacenamiento distribuido y equilibrio de cargas configurable.<\/li>\n<li class=\"ql-align-justify\">Array de discos iSCSI a prueba de fallos para una mayor fiabilidad.<\/li>\n<li class=\"ql-align-justify\">Se utiliza con todas las c\u00e1maras de v\u00eddeo sobre IP y codificadores de Bosch.<\/li>\n<li class=\"ql-align-justify\">Asistencia de configuraci\u00f3n para todos los arrays de discos de Bosch (sistemas DSA E\u2011Series y DIVAR IP).<\/li>\n<li class=\"ql-align-justify\">Integraci\u00f3n de c\u00e1maras de terceros (ONVIF, RTSP, JPEG).<\/li>\n<\/ul>\n<p class=\"ql-align-justify\"><strong>Especificaciones<\/strong><\/p>\n<p class=\"ql-align-justify\"><strong>Requisitos del sistema VRM Server Sistemas operativos compatibles<\/strong><\/p>\n<ul>\n<li class=\"ql-align-justify\">Windows Server 2008 R2 (Standard Edition, 64 bits).<\/li>\n<li class=\"ql-align-justify\">Windows Storage Server 2008 R2 (Standard Edition, 64 bits).<\/li>\n<li class=\"ql-align-justify\">Windows Server 2012 R2.<\/li>\n<li class=\"ql-align-justify\">Windows Storage Server 2012 R2.<\/li>\n<li class=\"ql-align-justify\">Windows Server 2016.<\/li>\n<li class=\"ql-align-justify\">Windows Storage Server 2016.<\/li>\n<li class=\"ql-align-justify\">Compatibilidad con virtualizaci\u00f3n Hyper-V y VMWare.<\/li>\n<\/ul>\n<p class=\"ql-align-justify\"><strong>CPU<\/strong><\/p>\n<ul>\n<li class=\"ql-align-justify\">Procesador de 6 n\u00facleos Intel Xeon E5-2620v3 (2,4 GHz, 6 n\u00facleos, 15 MB, 85 W).<\/li>\n<\/ul>\n<p class=\"ql-align-justify\"><strong>RAM<\/strong><\/p>\n<ul>\n<li class=\"ql-align-justify\">8 GB o m\u00e1s.<\/li>\n<\/ul>\n<p class=\"ql-align-justify\"><strong>Tarjeta gr\u00e1fica<\/strong><\/p>\n<ul>\n<li class=\"ql-align-justify\">Compatible con VGA o SVGA.<\/li>\n<li class=\"ql-align-justify\">Adaptador de red 1 Gbps.<\/li>\n<\/ul>\n<p class=\"ql-align-justify\"><strong>Instalaci\u00f3n<\/strong><\/p>\n<ul>\n<li class=\"ql-align-justify\">Derechos de administrador de Windows Hardware de servidor Bosch recomendado<\/li>\n<li class=\"ql-align-justify\">DL380 Gen10 Management Server (MHW\u2011S380RA\u2011SC).<\/li>\n<\/ul>\n<p class=\"ql-align-justify\"><strong>Requisitos del sistema VRM<\/strong><\/p>\n<ul>\n<li class=\"ql-align-justify\">Monitor Explorador Google Chrome 30 o posterior; Mozilla Firefox 25 o posterior; Internet Explorer 10 o posterior; Safari 7 o posterior.<\/li>\n<li class=\"ql-align-justify\">Adaptador de red 1 Gbps.<\/li>\n<\/ul>\n<p class=\"ql-align-justify\"><strong>Requisitos del sistema Configuration Manager<\/strong><\/p>\n<p class=\"ql-align-justify\">Sistemas operativos compatibles<\/p>\n<ul>\n<li class=\"ql-align-justify\">Windows 7 (64 bits), Windows 8.1 (64 bits).<\/li>\n<li class=\"ql-align-justify\">Windows 10 (64 bits).<\/li>\n<li class=\"ql-align-justify\">Windows Server 2012 R2 (64 bits).<\/li>\n<li class=\"ql-align-justify\">Windows Server 2016 (64 bits).<\/li>\n<li class=\"ql-align-justify\">CPU Doble n\u00facleo, 3,0 GHz o superior RAM 2 GB o m\u00e1s.<\/li>\n<\/ul>\n<p class=\"ql-align-justify\"><strong>Tarjeta gr\u00e1fica<\/strong><\/p>\n<ul>\n<li class=\"ql-align-justify\">Compatible con VGA o SVGA.<\/li>\n<li class=\"ql-align-justify\">Adaptador de red 1 Gbps.<\/li>\n<\/ul>\n<p class=\"ql-align-justify\"><strong>Software<\/strong><\/p>\n<ul>\n<li class=\"ql-align-justify\">Microsoft .NET 4.5 Instalaci\u00f3n Derechos de administrador de Windows.<\/li>\n<\/ul>\n<p><img decoding=\"async\" class=\"overview-center-img- aligncenter\" src=\"https:\/\/tvc.mx\/media\/8457\/Logoopaginas-oficial.png\" alt=\"\" \/><\/p>\n","protected":false},"excerpt":{"rendered":"<p>MVM-BVRM-016 Paquete base incl. 16 c\u00e1maras un paquete Video Recording Manager de Bosch\u00a0proporciona una soluci\u00f3n de videograbador distribuido en red que elimina la necesidad de utilizar videograbadores de red (NVR) dedicados y que constituye la segunda generaci\u00f3n de grabaci\u00f3n de v\u00eddeo en red IP. El&hellip;<\/p>\n","protected":false},"featured_media":7863,"comment_status":"open","ping_status":"closed","template":"","meta":{"om_disable_all_campaigns":false,"_monsterinsights_skip_tracking":false,"_monsterinsights_sitenote_active":false,"_monsterinsights_sitenote_note":"","_monsterinsights_sitenote_category":0},"product_brand":[],"product_cat":[707],"product_tag":[613,611,612,616,615,610,614,617],"class_list":{"0":"post-7864","1":"product","2":"type-product","3":"status-publish","4":"has-post-thumbnail","6":"product_cat-servidores-y-software-de-videovigilancia-bosch-video-vigilancia","7":"product_tag-bosch","8":"product_tag-manhattan","9":"product_tag-saxxon","10":"product_tag-surveon","11":"product_tag-utepo","12":"product_tag-videovigilancia","13":"product_tag-vivotek","14":"product_tag-zteco","16":"first","17":"instock","18":"sale","19":"taxable","20":"shipping-taxable","21":"purchasable","22":"product-type-simple"},"aioseo_notices":[],"_links":{"self":[{"href":"https:\/\/tecsecmty.com\/index.php\/wp-json\/wp\/v2\/product\/7864","targetHints":{"allow":["GET"]}}],"collection":[{"href":"https:\/\/tecsecmty.com\/index.php\/wp-json\/wp\/v2\/product"}],"about":[{"href":"https:\/\/tecsecmty.com\/index.php\/wp-json\/wp\/v2\/types\/product"}],"replies":[{"embeddable":true,"href":"https:\/\/tecsecmty.com\/index.php\/wp-json\/wp\/v2\/comments?post=7864"}],"version-history":[{"count":0,"href":"https:\/\/tecsecmty.com\/index.php\/wp-json\/wp\/v2\/product\/7864\/revisions"}],"wp:featuredmedia":[{"embeddable":true,"href":"https:\/\/tecsecmty.com\/index.php\/wp-json\/wp\/v2\/media\/7863"}],"wp:attachment":[{"href":"https:\/\/tecsecmty.com\/index.php\/wp-json\/wp\/v2\/media?parent=7864"}],"wp:term":[{"taxonomy":"product_brand","embeddable":true,"href":"https:\/\/tecsecmty.com\/index.php\/wp-json\/wp\/v2\/product_brand?post=7864"},{"taxonomy":"product_cat","embeddable":true,"href":"https:\/\/tecsecmty.com\/index.php\/wp-json\/wp\/v2\/product_cat?post=7864"},{"taxonomy":"product_tag","embeddable":true,"href":"https:\/\/tecsecmty.com\/index.php\/wp-json\/wp\/v2\/product_tag?post=7864"}],"curies":[{"name":"wp","href":"https:\/\/api.w.org\/{rel}","templated":true}]}}