{"id":7868,"date":"2023-02-23T16:21:57","date_gmt":"2023-02-23T22:21:57","guid":{"rendered":"https:\/\/tecsecmty.com\/index.php\/producto\/bosch-v_vjd3000-decoder-de-video-h-264\/"},"modified":"2023-03-22T23:22:09","modified_gmt":"2023-03-23T05:22:09","slug":"bosch-v_vjd3000-decoder-de-video-h-264","status":"publish","type":"product","link":"https:\/\/tecsecmty.com\/index.php\/producto\/bosch-v_vjd3000-decoder-de-video-h-264\/","title":{"rendered":"BOSCH V_VJD3000- DECODER DE VIDEO H.264"},"content":{"rendered":"<div class=\"row aling-items-center padding-bottom-2x\">\n<div class=\"col-lg-12\">\n<h5 class=\"card-title text-center\">VJD3000- DECODER DE VIDEO H.264<\/h5>\n<p>Descodificaci\u00f3n HD 1080p30\/i60 o 720p60 en modo de visualizaci\u00f3n \u00fanica<\/p>\n<p>Opci\u00f3n de vista de cuadrante para v\u00eddeo SD de hasta 960H<\/p>\n<p>Salida de v\u00eddeo compuesto o HDMI<\/p>\n<p>Compatibilidad con teclado y audio bidireccional<\/p>\n<p>Entradas de alarma y salida de rel\u00e9<\/p>\n<p><img decoding=\"async\" class=\"overview-center-img-web\" src=\"https:\/\/tvc.mx\/media\/194335\/BANNER_CCTV.png\" alt=\"\" \/><\/div>\n<\/div>\n<div class=\"row align-items-center padding-bottom-2x\">\n<div class=\"col-md-5 order-md-2\"><img decoding=\"async\" class=\"d-block m-auto img-thumbnail\" src=\"https:\/\/tvc.mx\/media\/194375\/Sin-t%C3%ADtulo-2zxzx.png\" alt=\" \" \/><\/div>\n<div class=\"col-md-7 order-md-1 text-md-left text-center\">\n<h2>Descripci\u00f3n inicial<\/h2>\n<p class=\"text-muted\">\n<p class=\"ql-align-justify\">El descodificador VIDEOJET decoder 3000 muestra v\u00eddeo con codificaci\u00f3n H.264 con una velocidad de hasta 60 im\u00e1genes por segundo desde fuentes PAL, NTSC o HD a trav\u00e9s de redes IP. Establezca de forma autom\u00e1tica las conexiones de v\u00eddeo de la c\u00e1mara, el codificador, el descodificador o el completo sistema de gesti\u00f3n de v\u00eddeo de Bosch.El descodificador VIDEOJET decoder 3000 puede descodificar un solo flujo de v\u00eddeo HD o hasta cuatro flujos de v\u00eddeo SD al mismo tiempo en el modo de cuadrante. Controle el modo de visualizaci\u00f3n de forma remota mediante un sistema de gesti\u00f3n. Se puede utilizar en un monitor HD directamente a trav\u00e9s de HDMI, por lo que est\u00e1 especialmente indicado para aplicaciones como monitores planos de pared. Tambi\u00e9n se puede conectar a un monitor anal\u00f3gico mediante la salida de v\u00eddeo compuesto BNC. El descodificador VIDEOJET decoder 3000 proporciona comunicaci\u00f3n de audio bidireccional de un canal en paralelo al v\u00eddeo. El tama\u00f1o ultra compacto del VIDEOJET decoder 3000 es perfecto para cualquier aplicaci\u00f3n que necesite soluciones que ocupen poco espacio.<\/p>\n<p>&nbsp;<\/p>\n<\/div>\n<\/div>\n<hr class=\"padding-bottom-2x\" \/>\n<div class=\"row align-items-center padding-bottom-2x\">\n<div class=\"col-md-5\"><img decoding=\"async\" class=\"d-block m-auto img-thumbnail\" src=\"https:\/\/tvc.mx\/media\/194379\/Sin-t%C3%ADtulo-2mmmmmm.png\" alt=\" \" \/><\/div>\n<div class=\"col-md-7 text-md-left text-center\">\n<h2>Caracter\u00edsticas y Especificaciones<\/h2>\n<p class=\"text-muted\">\n<p class=\"ql-align-justify\"><strong>Seguridad de acceso<\/strong><\/p>\n<p class=\"ql-align-justify\">El descodificador VIDEOJET decoder 3000 ofrece diferentes niveles de seguridad para acceder a la red, la unidad y los canales de datos. Adem\u00e1s de la protecci\u00f3n mediante contrase\u00f1a con dos niveles, admite la autenticaci\u00f3n 802.1x mediante un servidor RADIUS para la identificaci\u00f3n. Puede proteger el acceso al navegador web con HTTPS mediante un certificado SSL que se almacena en la unidad, ofreciendo una protecci\u00f3n de datos total con codificaci\u00f3n AES o 3DES, seg\u00fan las funciones de codificaci\u00f3n del cliente. De forma alternativa, todos los canales de comunicaci\u00f3n (E\/S de v\u00eddeo, audio o serie) se pueden codificar con AES de forma independiente mediante claves de 128 bits una vez aplicada la licencia del sitio de codificaci\u00f3n.<\/p>\n<p class=\"ql-align-justify\"><strong>Alto rendimiento<\/strong><\/p>\n<p class=\"ql-align-justify\">Transmita v\u00eddeo IP al descodificador VIDEOJET decoder 3000 de alto rendimiento y reprod\u00fazcalo con una claridad \u00f3ptima en un monitor CCTV anal\u00f3gico o en una pantalla plana grande. El descodificador VIDEOJET decoder 3000 puede gestionar hasta cuatro flujos de v\u00eddeo SD H.264 con resoluci\u00f3n y velocidad de im\u00e1genes completas y mostrarlas en vista de cuadrante. En el modo de visualizaci\u00f3n \u00fanica, puede mostrar un flujo de v\u00eddeo HD de hasta 1080p30 o 720p60. Flexibilidad Gracias a la p\u00e1gina de conexi\u00f3n del navegador web, la licencia opcional IP Matrix, la compatibilidad con el teclado IntuiKey y la integraci\u00f3n en clientes de v\u00eddeo y sistemas de gesti\u00f3n de v\u00eddeo, VIDEOJET decoder 3000 permite soluciones desde las aplicaciones m\u00e1s peque\u00f1as e individuales hasta las m\u00e1s grandes o distribuidas, pero controladas de forma central.<\/p>\n<\/div>\n<\/div>\n","protected":false},"excerpt":{"rendered":"<p>VJD3000- DECODER DE VIDEO H.264 Descodificaci\u00f3n HD 1080p30\/i60 o 720p60 en modo de visualizaci\u00f3n \u00fanica Opci\u00f3n de vista de cuadrante para v\u00eddeo SD de hasta 960H Salida de v\u00eddeo compuesto o HDMI Compatibilidad con teclado y audio bidireccional Entradas de alarma y salida de rel\u00e9&hellip;<\/p>\n","protected":false},"featured_media":7867,"comment_status":"open","ping_status":"closed","template":"","meta":{"om_disable_all_campaigns":false,"_monsterinsights_skip_tracking":false,"_monsterinsights_sitenote_active":false,"_monsterinsights_sitenote_note":"","_monsterinsights_sitenote_category":0},"product_brand":[],"product_cat":[707],"product_tag":[613,611,612,616,615,610,614,617],"class_list":{"0":"post-7868","1":"product","2":"type-product","3":"status-publish","4":"has-post-thumbnail","6":"product_cat-servidores-y-software-de-videovigilancia-bosch-video-vigilancia","7":"product_tag-bosch","8":"product_tag-manhattan","9":"product_tag-saxxon","10":"product_tag-surveon","11":"product_tag-utepo","12":"product_tag-videovigilancia","13":"product_tag-vivotek","14":"product_tag-zteco","16":"first","17":"instock","18":"sale","19":"taxable","20":"shipping-taxable","21":"purchasable","22":"product-type-simple"},"aioseo_notices":[],"_links":{"self":[{"href":"https:\/\/tecsecmty.com\/index.php\/wp-json\/wp\/v2\/product\/7868","targetHints":{"allow":["GET"]}}],"collection":[{"href":"https:\/\/tecsecmty.com\/index.php\/wp-json\/wp\/v2\/product"}],"about":[{"href":"https:\/\/tecsecmty.com\/index.php\/wp-json\/wp\/v2\/types\/product"}],"replies":[{"embeddable":true,"href":"https:\/\/tecsecmty.com\/index.php\/wp-json\/wp\/v2\/comments?post=7868"}],"version-history":[{"count":0,"href":"https:\/\/tecsecmty.com\/index.php\/wp-json\/wp\/v2\/product\/7868\/revisions"}],"wp:featuredmedia":[{"embeddable":true,"href":"https:\/\/tecsecmty.com\/index.php\/wp-json\/wp\/v2\/media\/7867"}],"wp:attachment":[{"href":"https:\/\/tecsecmty.com\/index.php\/wp-json\/wp\/v2\/media?parent=7868"}],"wp:term":[{"taxonomy":"product_brand","embeddable":true,"href":"https:\/\/tecsecmty.com\/index.php\/wp-json\/wp\/v2\/product_brand?post=7868"},{"taxonomy":"product_cat","embeddable":true,"href":"https:\/\/tecsecmty.com\/index.php\/wp-json\/wp\/v2\/product_cat?post=7868"},{"taxonomy":"product_tag","embeddable":true,"href":"https:\/\/tecsecmty.com\/index.php\/wp-json\/wp\/v2\/product_tag?post=7868"}],"curies":[{"name":"wp","href":"https:\/\/api.w.org\/{rel}","templated":true}]}}