{"id":7870,"date":"2023-02-23T16:22:04","date_gmt":"2023-02-23T22:22:04","guid":{"rendered":"https:\/\/tecsecmty.com\/index.php\/producto\/bosch_bisfopcmail-licencia-opc-para-notificacion-correo-electronico\/"},"modified":"2023-03-22T23:22:10","modified_gmt":"2023-03-23T05:22:10","slug":"bosch_bisfopcmail-licencia-opc-para-notificacion-correo-electronico","status":"publish","type":"product","link":"https:\/\/tecsecmty.com\/index.php\/producto\/bosch_bisfopcmail-licencia-opc-para-notificacion-correo-electronico\/","title":{"rendered":"BOSCH_BISFOPCMAIL- LICENCIA OPC PARA NOTIFICACION CORREO ELECTRONICO"},"content":{"rendered":"<div class=\"row aling-items-center padding-bottom-2x\">\n<div class=\"col-lg-12\">\n<h5 class=\"card-title text-center\">BIS extensions for V4.6<\/h5>\n<p>La estructuras modular facilita realizar una soluci\u00f3n de seguridad a medida de sus requisitos exactos. u Las rutas de actualizaci\u00f3n desde numerosas versiones anteriores protegen su inversi\u00f3n. u Proporciona una perfecta integraci\u00f3n de sistemas de Bosch o de otros fabricantes gracias a su compatibilidad con OPC.<\/p>\n<p><img decoding=\"async\" class=\"overview-center-img-web\" src=\"https:\/\/tvc.mx\/media\/186563\/BANNER_CCTV.png\" alt=\"\" \/><\/div>\n<\/div>\n<div class=\"row align-items-center padding-bottom-2x\">\n<div class=\"col-md-5 order-md-2\"><img decoding=\"async\" class=\"d-block m-auto img-thumbnail\" src=\"https:\/\/tvc.mx\/media\/186567\/bis4.png\" alt=\" \" \/><\/div>\n<div class=\"col-md-7 order-md-1 text-md-left text-center\">\n<h2>Descripci\u00f3n inicial<\/h2>\n<p class=\"text-muted\">\n<p class=\"ql-align-justify\"><strong>Contrato de mantenimiento de software (SMA)<\/strong><\/p>\n<p class=\"ql-align-justify\">El SMA es una forma rentable de mantenerse al d\u00eda con las mejoras t\u00e9cnicas del software. Cada SMA que se adquiere da derecho a actualizaciones gratuitas de las funciones del software correspondiente, as\u00ed como a parches y soporte t\u00e9cnico, durante un a\u00f1o a partir de la fecha de adquisici\u00f3n. En el caso de compradores por primera vez, cada art\u00edculo adquirido incluye un SMA de un a\u00f1o autom\u00e1ticamente. Funciones Alarm Management (paquete) Paquete compuesto por las siguientes funciones<\/p>\n<p class=\"ql-align-justify\">\u2022 Distribuci\u00f3n de mensajes Permite implementar rutas de ampliaci\u00f3n que se activan, por ejemplo, cuando un operador o grupo de operadores no confirma la recepci\u00f3n de un mensaje de alarma durante un plazo definido. En este caso, BIS reenv\u00eda el mensaje autom\u00e1ticamente al siguiente grupo de operadores de la ruta de ampliaci\u00f3n.<\/p>\n<p class=\"ql-align-justify\">\u2022 Temporizador La funci\u00f3n Temporizador permite automatizar comandos de BIS seg\u00fan programas de tiempo definidos por el usuario.<\/p>\n<p class=\"ql-align-justify\">\u2022 Alarma de operador Los operadores pueden utilizar esta funci\u00f3n para generar alarmas reales en el sistema sobre la base de una fuente externa, como una llamada por tel\u00e9fono o algo que han visto en una c\u00e1mara de vigilancia.<\/p>\n<p class=\"ql-align-justify\">\u2022 Iniciador de aplicaciones Permite parametrizar, ejecutar a una hora programada y almacenar en BIS comandos del sistema operativo (por ejemplo, la ejecuci\u00f3n de un archivo .EXE). Una aplicaci\u00f3n t\u00edpica de esta funci\u00f3n ser\u00eda la realizaci\u00f3n de copias de seguridad del sistema de forma autom\u00e1tica a las 2:00 todos los d\u00edas<\/p>\n<p class=\"ql-align-justify\"><strong>Licencia de Divisi\u00f3n adicional<\/strong><\/p>\n<p class=\"ql-align-justify\">La funci\u00f3n de divisi\u00f3n permite distribuir grandes espacios\/edificios en partes independientes, lo que provee vistas personalizadas (interfaz de usuario, registro de eventos), acceso al sistema y funciones de control para cada divisi\u00f3n. Las divisiones privadas s\u00f3lo las pueden ver los grupos de operadores autorizados, mientras que todos los operadores pueden ver los miembros\/dispositivos de la divisi\u00f3n com\u00fan predeterminada. Las divisiones pueden adquirirse de una en una o de diez en diez.<\/p>\n<p class=\"ql-align-justify\"><strong>Licencia de Operator Client adicional<\/strong><\/p>\n<p class=\"ql-align-justify\">El n\u00famero de licencias de cliente de operador determina cu\u00e1ntos pueden trabajar en el sistema de forma simult\u00e1nea. BIS-BVMS Connectivity Esta licencia permite conectar un sistema BVMS (no un BVMS Enterprise Server) mediante el servidor OPC de BVMS a BIS. Permite a BIS reaccionar a eventos desencadenados dentro de BVMS (p. ej. Intelligent Video Analysis) y permite a BVMS reaccionar a eventos desencadenados dentro de BIS (por ejemplo, alarmas de incendios). Multi-Server Connect Esta licencia le permite conectar un servidor BIS mediante OPC a otro servidor BIS, o a un sistema de administraci\u00f3n de terceros (SCADA, PSIM). Tambi\u00e9n es necesaria para la gesti\u00f3n de usuarios de tarjetas de forma centralizada entre varios servidores ACE. N x 100 puntos de detecci\u00f3n Licencia puntos de detecci\u00f3n adicionales para el Building Integration System (BIS) y los paquetes complementarios Automation Engine y Video Engine (para la matriz Allegiant) en pasos de 100. Los perif\u00e9ricos de subsistemas de Bosch y de terceros, como detectores LSN para fuego o intrusi\u00f3n, c\u00e1maras y entradas Allegiant (LTC), requieren puntos de detecci\u00f3n. N x 1000 puntos de detecci\u00f3n Igual que el elemento anterior, pero en grupos de 1.000<\/p>\n<p>&nbsp;<\/p>\n<\/div>\n<\/div>\n<hr class=\"padding-bottom-2x\" \/>\n<div class=\"row align-items-center padding-bottom-2x\">\n<div class=\"col-md-5 order-md-2\"><img decoding=\"async\" class=\"d-block m-auto img-thumbnail\" src=\"https:\/\/tvc.mx\/media\/383023\/bis1.png\" alt=\" \" \/><\/div>\n<div class=\"col-md-7 order-md-1 text-md-left text-center\">\n<h2>INCLUYE:<\/h2>\n<p class=\"text-muted\">\n<p>Una licencia de software BIS (Bosch Integration Services) adecuada para instalar en servidor OPC y notificaci\u00f3n de correo electr\u00f3nico<\/p>\n<\/div>\n<\/div>\n","protected":false},"excerpt":{"rendered":"<p>BIS extensions for V4.6 La estructuras modular facilita realizar una soluci\u00f3n de seguridad a medida de sus requisitos exactos. u Las rutas de actualizaci\u00f3n desde numerosas versiones anteriores protegen su inversi\u00f3n. u Proporciona una perfecta integraci\u00f3n de sistemas de Bosch o de otros fabricantes gracias&hellip;<\/p>\n","protected":false},"featured_media":7869,"comment_status":"open","ping_status":"closed","template":"","meta":{"om_disable_all_campaigns":false,"_monsterinsights_skip_tracking":false,"_monsterinsights_sitenote_active":false,"_monsterinsights_sitenote_note":"","_monsterinsights_sitenote_category":0},"product_brand":[],"product_cat":[707],"product_tag":[613,611,612,616,615,610,614,617],"class_list":{"0":"post-7870","1":"product","2":"type-product","3":"status-publish","4":"has-post-thumbnail","6":"product_cat-servidores-y-software-de-videovigilancia-bosch-video-vigilancia","7":"product_tag-bosch","8":"product_tag-manhattan","9":"product_tag-saxxon","10":"product_tag-surveon","11":"product_tag-utepo","12":"product_tag-videovigilancia","13":"product_tag-vivotek","14":"product_tag-zteco","16":"first","17":"instock","18":"sale","19":"taxable","20":"shipping-taxable","21":"purchasable","22":"product-type-simple"},"aioseo_notices":[],"_links":{"self":[{"href":"https:\/\/tecsecmty.com\/index.php\/wp-json\/wp\/v2\/product\/7870","targetHints":{"allow":["GET"]}}],"collection":[{"href":"https:\/\/tecsecmty.com\/index.php\/wp-json\/wp\/v2\/product"}],"about":[{"href":"https:\/\/tecsecmty.com\/index.php\/wp-json\/wp\/v2\/types\/product"}],"replies":[{"embeddable":true,"href":"https:\/\/tecsecmty.com\/index.php\/wp-json\/wp\/v2\/comments?post=7870"}],"version-history":[{"count":0,"href":"https:\/\/tecsecmty.com\/index.php\/wp-json\/wp\/v2\/product\/7870\/revisions"}],"wp:featuredmedia":[{"embeddable":true,"href":"https:\/\/tecsecmty.com\/index.php\/wp-json\/wp\/v2\/media\/7869"}],"wp:attachment":[{"href":"https:\/\/tecsecmty.com\/index.php\/wp-json\/wp\/v2\/media?parent=7870"}],"wp:term":[{"taxonomy":"product_brand","embeddable":true,"href":"https:\/\/tecsecmty.com\/index.php\/wp-json\/wp\/v2\/product_brand?post=7870"},{"taxonomy":"product_cat","embeddable":true,"href":"https:\/\/tecsecmty.com\/index.php\/wp-json\/wp\/v2\/product_cat?post=7870"},{"taxonomy":"product_tag","embeddable":true,"href":"https:\/\/tecsecmty.com\/index.php\/wp-json\/wp\/v2\/product_tag?post=7870"}],"curies":[{"name":"wp","href":"https:\/\/api.w.org\/{rel}","templated":true}]}}