{"id":8031,"date":"2023-02-23T22:16:25","date_gmt":"2023-02-24T04:16:25","guid":{"rendered":"https:\/\/tecsecmty.com\/index.php\/producto\/yli-dlk401-lazo-de-puerta-para-proteccion-de-cableado-en-instalacion-de-chapa-magnetica-cerradura-boton-o-control-de-acceso-en-general\/"},"modified":"2023-03-22T23:24:59","modified_gmt":"2023-03-23T05:24:59","slug":"yli-dlk401-lazo-de-puerta-para-proteccion-de-cableado-en-instalacion-de-chapa-magnetica-cerradura-boton-o-control-de-acceso-en-general","status":"publish","type":"product","link":"https:\/\/tecsecmty.com\/index.php\/producto\/yli-dlk401-lazo-de-puerta-para-proteccion-de-cableado-en-instalacion-de-chapa-magnetica-cerradura-boton-o-control-de-acceso-en-general\/","title":{"rendered":"YLI DLK401 &#8211; Lazo de puerta para proteccion de cableado en instalacion de chapa magnetica, cerradura, boton o control de acceso en general"},"content":{"rendered":"<div class=\"row aling-items-center padding-bottom-2x\">\n<div class=\"col-lg-12\">\n<h5 class=\"card-title text-center\">Informaci\u00f3n general<\/h5>\n<p><strong>Lazo de la puerta para montaje expuesto<\/strong><\/p>\n<p>Modelo:\u00a0<strong>DLK-401<\/strong><\/p>\n<p>El bucle de la puerta expuesta puede evitar que los cables se da\u00f1en y se rompan intencionalmente.<\/p>\n<p>La dimensi\u00f3n es 450Lx12.7W (mm) DIA.<\/p>\n<p><img decoding=\"async\" class=\"overview-center-img-web\" src=\"https:\/\/tvc.mx\/media\/98833\/YLI0890001-1.jpg\" alt=\"\" \/><\/div>\n<\/div>\n<div class=\"row align-items-center padding-bottom-2x\">\n<div class=\"col-md-5\"><img decoding=\"async\" class=\"d-block m-auto img-thumbnail\" src=\"https:\/\/tvc.mx\/media\/98837\/YLI0890001-2.jpg\" alt=\" \" \/><\/div>\n<div class=\"col-md-7 text-md-left text-center\">\n<h2>Caracter\u00edsticas<\/h2>\n<p class=\"text-muted\">\n<p>El lazo de la puerta est\u00e1 hecho de un material excelente, calidad Seiko, dise\u00f1o especial, aplicable para el control de acceso, para proteger el cable cuando se instala la cerradura el\u00e9ctrica, el contacto magn\u00e9tico, el bot\u00f3n de alarma en la puerta, conveniente y hermoso.<\/p>\n<p>&nbsp;<\/p>\n<\/div>\n<\/div>\n<hr class=\"padding-bottom-2x\" \/>\n<div class=\"row align-items-center padding-bottom-2x\">\n<div class=\"col-md-5 order-md-2\"><img decoding=\"async\" class=\"d-block m-auto img-thumbnail\" src=\"https:\/\/tvc.mx\/media\/98841\/YLI0890001-3.jpg\" alt=\" \" \/><\/div>\n<div class=\"col-md-7 order-md-1 text-md-left text-center\">\n<h2>Especificaciones<\/h2>\n<p class=\"text-muted\">\n<ul>\n<li>Tama\u00f1o: 480Lx13A (mm) DIA.<\/li>\n<li>Rango adecuado: evite que el cable sufra da\u00f1os maliciosos<\/li>\n<li>Estructura est\u00e1ndar: material de aleaci\u00f3n engrosada<\/li>\n<li>Tubo ondulado<\/li>\n<li>Acabado para Shell: pintado por alta temperatura<\/li>\n<li>Peso: 0.27kg<\/li>\n<\/ul>\n<\/div>\n<\/div>\n","protected":false},"excerpt":{"rendered":"<p>Informaci\u00f3n general Lazo de la puerta para montaje expuesto Modelo:\u00a0DLK-401 El bucle de la puerta expuesta puede evitar que los cables se da\u00f1en y se rompan intencionalmente. La dimensi\u00f3n es 450Lx12.7W (mm) DIA. Caracter\u00edsticas El lazo de la puerta est\u00e1 hecho de un material excelente,&hellip;<\/p>\n","protected":false},"featured_media":8030,"comment_status":"open","ping_status":"closed","template":"","meta":{"om_disable_all_campaigns":false,"_monsterinsights_skip_tracking":false,"_monsterinsights_sitenote_active":false,"_monsterinsights_sitenote_note":"","_monsterinsights_sitenote_category":0},"product_brand":[],"product_cat":[734],"product_tag":[81,727,730,66,731,728,729],"class_list":{"0":"post-8031","1":"product","2":"type-product","3":"status-publish","4":"has-post-thumbnail","6":"product_cat-accesorios-cerraduras-yli-acceso-asistencia","7":"product_tag-acceso-y-asistencia","8":"product_tag-cerraduras","9":"product_tag-commax-wulian","10":"product_tag-dahua","11":"product_tag-wejoin","12":"product_tag-yli","13":"product_tag-zkteco","15":"first","16":"instock","17":"sale","18":"taxable","19":"shipping-taxable","20":"purchasable","21":"product-type-simple"},"aioseo_notices":[],"_links":{"self":[{"href":"https:\/\/tecsecmty.com\/index.php\/wp-json\/wp\/v2\/product\/8031","targetHints":{"allow":["GET"]}}],"collection":[{"href":"https:\/\/tecsecmty.com\/index.php\/wp-json\/wp\/v2\/product"}],"about":[{"href":"https:\/\/tecsecmty.com\/index.php\/wp-json\/wp\/v2\/types\/product"}],"replies":[{"embeddable":true,"href":"https:\/\/tecsecmty.com\/index.php\/wp-json\/wp\/v2\/comments?post=8031"}],"version-history":[{"count":0,"href":"https:\/\/tecsecmty.com\/index.php\/wp-json\/wp\/v2\/product\/8031\/revisions"}],"wp:featuredmedia":[{"embeddable":true,"href":"https:\/\/tecsecmty.com\/index.php\/wp-json\/wp\/v2\/media\/8030"}],"wp:attachment":[{"href":"https:\/\/tecsecmty.com\/index.php\/wp-json\/wp\/v2\/media?parent=8031"}],"wp:term":[{"taxonomy":"product_brand","embeddable":true,"href":"https:\/\/tecsecmty.com\/index.php\/wp-json\/wp\/v2\/product_brand?post=8031"},{"taxonomy":"product_cat","embeddable":true,"href":"https:\/\/tecsecmty.com\/index.php\/wp-json\/wp\/v2\/product_cat?post=8031"},{"taxonomy":"product_tag","embeddable":true,"href":"https:\/\/tecsecmty.com\/index.php\/wp-json\/wp\/v2\/product_tag?post=8031"}],"curies":[{"name":"wp","href":"https:\/\/api.w.org\/{rel}","templated":true}]}}