{"id":8045,"date":"2023-02-23T22:16:39","date_gmt":"2023-02-24T04:16:39","guid":{"rendered":"https:\/\/tecsecmty.com\/index.php\/producto\/yli-mbk280nlc-soporte-lc-para-cerradura-magnetica-ym280nled-y-ym280n-280kg-600-lb-de-fuerza-sujecion\/"},"modified":"2023-03-22T23:25:01","modified_gmt":"2023-03-23T05:25:01","slug":"yli-mbk280nlc-soporte-lc-para-cerradura-magnetica-ym280nled-y-ym280n-280kg-600-lb-de-fuerza-sujecion","status":"publish","type":"product","link":"https:\/\/tecsecmty.com\/index.php\/producto\/yli-mbk280nlc-soporte-lc-para-cerradura-magnetica-ym280nled-y-ym280n-280kg-600-lb-de-fuerza-sujecion\/","title":{"rendered":"YLI MBK280NLC Soporte LC para Cerradura Magn\u00e9tica YM280NLED y YM280N \/ 280kg, 600 Lb de Fuerza Sujeci\u00f3n"},"content":{"rendered":"<h5 class=\"card-title text-center\">Informaci\u00f3n general<\/h5>\n<p>Soporte en LC para Cerradura Magn\u00e9tica<\/p>\n<p>El cable puede ocultarse en el interior del soporte, compatible con modelos de cerraduras\u00a0<strong>YM280NLED y YM280N \/ 280kg, 600 Lb de fuerza sujeci\u00f3n.<\/strong><\/p>\n<p>&nbsp;<\/p>\n<div class=\"row aling-items-center padding-bottom-2x\"><\/div>\n<div class=\"row align-items-center padding-bottom-2x\">\n<div class=\"col-md-5 order-md-2\"><img decoding=\"async\" class=\"d-block m-auto img-thumbnail\" src=\"https:\/\/tvc.mx\/media\/525543\/MBK280NLC-SOPORTE-LC-YLI2.png\" alt=\" \" \/><\/div>\n<div class=\"col-md-7 order-md-1 text-md-left text-center\">\n<h2>Par\u00e1metros del producto<\/h2>\n<p class=\"text-muted\">\n<p><strong>Dimensi\u00f3n:<\/strong><\/p>\n<ul>\n<li>MBK-280NLC tama\u00f1o: 250x48x42mm<\/li>\n<\/ul>\n<\/div>\n<\/div>\n<p>&nbsp;<\/p>\n<p>&nbsp;<\/p>\n<p>&nbsp;<\/p>\n<div class=\"col-md-5\"><img decoding=\"async\" class=\"d-block m-auto img-thumbnail\" src=\"https:\/\/tvc.mx\/media\/525547\/MBK280NLC-SOPORTE-LC-YLI3.png\" alt=\" \" \/><\/div>\n<div class=\"col-md-7 text-md-left text-center\">\n<h2>Funciones<\/h2>\n<p class=\"text-muted\">\n<p>Soporte especial para puertas estrechas manteniendo la elegancia del entorno externo de la puerta.<\/p>\n<ul>\n<li>Esta hecho de aluminio de alta resistencia, acabado de chorro de arena.<\/li>\n<li>Puerta de 90 grados<\/li>\n<li>Acabado de aluminio anodizado<\/li>\n<li>Peso .42 kg<\/li>\n<li>Certificado CE-EMC RoHS REACH WEEE<\/li>\n<\/ul>\n<\/div>\n","protected":false},"excerpt":{"rendered":"<p>Informaci\u00f3n general Soporte en LC para Cerradura Magn\u00e9tica El cable puede ocultarse en el interior del soporte, compatible con modelos de cerraduras\u00a0YM280NLED y YM280N \/ 280kg, 600 Lb de fuerza sujeci\u00f3n. &nbsp; Par\u00e1metros del producto Dimensi\u00f3n: MBK-280NLC tama\u00f1o: 250x48x42mm &nbsp; &nbsp; &nbsp; Funciones Soporte especial&hellip;<\/p>\n","protected":false},"featured_media":8044,"comment_status":"open","ping_status":"closed","template":"","meta":{"om_disable_all_campaigns":false,"_monsterinsights_skip_tracking":false,"_monsterinsights_sitenote_active":false,"_monsterinsights_sitenote_note":"","_monsterinsights_sitenote_category":0},"product_brand":[],"product_cat":[734],"product_tag":[81,727,730,66,731,728,729],"class_list":{"0":"post-8045","1":"product","2":"type-product","3":"status-publish","4":"has-post-thumbnail","6":"product_cat-accesorios-cerraduras-yli-acceso-asistencia","7":"product_tag-acceso-y-asistencia","8":"product_tag-cerraduras","9":"product_tag-commax-wulian","10":"product_tag-dahua","11":"product_tag-wejoin","12":"product_tag-yli","13":"product_tag-zkteco","15":"first","16":"instock","17":"sale","18":"taxable","19":"shipping-taxable","20":"purchasable","21":"product-type-simple"},"aioseo_notices":[],"_links":{"self":[{"href":"https:\/\/tecsecmty.com\/index.php\/wp-json\/wp\/v2\/product\/8045","targetHints":{"allow":["GET"]}}],"collection":[{"href":"https:\/\/tecsecmty.com\/index.php\/wp-json\/wp\/v2\/product"}],"about":[{"href":"https:\/\/tecsecmty.com\/index.php\/wp-json\/wp\/v2\/types\/product"}],"replies":[{"embeddable":true,"href":"https:\/\/tecsecmty.com\/index.php\/wp-json\/wp\/v2\/comments?post=8045"}],"version-history":[{"count":0,"href":"https:\/\/tecsecmty.com\/index.php\/wp-json\/wp\/v2\/product\/8045\/revisions"}],"wp:featuredmedia":[{"embeddable":true,"href":"https:\/\/tecsecmty.com\/index.php\/wp-json\/wp\/v2\/media\/8044"}],"wp:attachment":[{"href":"https:\/\/tecsecmty.com\/index.php\/wp-json\/wp\/v2\/media?parent=8045"}],"wp:term":[{"taxonomy":"product_brand","embeddable":true,"href":"https:\/\/tecsecmty.com\/index.php\/wp-json\/wp\/v2\/product_brand?post=8045"},{"taxonomy":"product_cat","embeddable":true,"href":"https:\/\/tecsecmty.com\/index.php\/wp-json\/wp\/v2\/product_cat?post=8045"},{"taxonomy":"product_tag","embeddable":true,"href":"https:\/\/tecsecmty.com\/index.php\/wp-json\/wp\/v2\/product_tag?post=8045"}],"curies":[{"name":"wp","href":"https:\/\/api.w.org\/{rel}","templated":true}]}}