{"id":8059,"date":"2023-02-23T22:16:56","date_gmt":"2023-02-24T04:16:56","guid":{"rendered":"https:\/\/tecsecmty.com\/index.php\/producto\/yli-mbk750zl-soporte-tipo-zl-para-cerradura-magnetica-ym750tled\/"},"modified":"2023-03-22T23:25:02","modified_gmt":"2023-03-23T05:25:02","slug":"yli-mbk750zl-soporte-tipo-zl-para-cerradura-magnetica-ym750tled","status":"publish","type":"product","link":"https:\/\/tecsecmty.com\/index.php\/producto\/yli-mbk750zl-soporte-tipo-zl-para-cerradura-magnetica-ym750tled\/","title":{"rendered":"YLI MBK750ZL &#8211; Soporte tipo ZL para Cerradura Magn\u00e9tica YM750TLED"},"content":{"rendered":"<div class=\"row aling-items-center padding-bottom-2x\">\n<div class=\"col-lg-12\">\n<h5 class=\"card-title text-center\">INFORMACI\u00d3N GENERAL<\/h5>\n<p class=\"ql-align-justify\">Esta pieza es fabricada con aluminio de alta resistencia sirve para anclar la chapa magn\u00e9tica modelo: YM-750ZL brind\u00e1ndole un fuerte soporte al electroim\u00e1n.<\/p>\n<p class=\"ql-align-justify\">Est\u00e1 compuesta de dos partes, las cuales deben ir\u00a0posicionadas hacia el interior de la puerta. Usted podr\u00e1 elegir entre los modelos: MBK-180 ZL, MBK-280 ZL, MBK-350 ZL, MBK-500ZL, MBK-750ZL.<\/p>\n<p><img decoding=\"async\" class=\"overview-center-img-web\" src=\"https:\/\/tvc.mx\/media\/463668\/YLI-YLI069040-YM750TPACK-CONTRACHAPA-MAGNETICA-CON-SOPORTE-CENTRAL.png\" alt=\"\" \/><\/div>\n<\/div>\n<div class=\"row align-items-center padding-bottom-2x\">\n<div class=\"col-md-5\"><img decoding=\"async\" class=\"d-block m-auto img-thumbnail\" src=\"https:\/\/tvc.mx\/media\/463520\/YLI-73033-MBK750ZL-SOPORTE-PARA-MONTAJE-YM750TLED-DER.png\" alt=\" \" \/><\/div>\n<div class=\"col-md-7 text-md-left text-center\">\n<h2>Caracter\u00edsticas Principales<\/h2>\n<p class=\"text-muted\">\n<ul>\n<li>Aluminio especial, firme y duradero.<\/li>\n<li>Dise\u00f1o especial, adecuado para todo tipo de puertas.<\/li>\n<li>La mejor opci\u00f3n de control de acceso.<\/li>\n<\/ul>\n<p>&nbsp;<\/p>\n<\/div>\n<\/div>\n<hr class=\"padding-bottom-2x\" \/>\n<div class=\"row align-items-center padding-bottom-2x\">\n<div class=\"col-md-5 order-md-2\"><img decoding=\"async\" class=\"d-block m-auto img-thumbnail\" src=\"https:\/\/tvc.mx\/media\/463522\/YLI-73033-MBK750ZL-SOPORTE-PARA-MONTAJE-YM750TLED-INCLUYE.png\" alt=\" \" \/><\/div>\n<div class=\"col-md-7 order-md-1 text-md-left text-center\">\n<h2>Especificaciones T\u00e9cnicas<\/h2>\n<p class=\"text-muted\">\n<ul>\n<li>Soporte para cerradura magn\u00e9tica<\/li>\n<li>En forma de \u00abZ&amp;L\u00bb<\/li>\n<li>Puerta con apertura hacia el interior<\/li>\n<li>Modelos compatibles:\u00a0<a href=\"https:\/\/tvc.mx\/products\/2213\" target=\"_blank\" rel=\"noopener\">YM-750TLED<\/a><\/li>\n<li>Adecuado para puertas de madera y puertas met\u00e1licas<\/li>\n<li>Material: Aluminio<\/li>\n<li>750 Kg de sujeci\u00f3n<\/li>\n<\/ul>\n<p>&nbsp;<\/p>\n<\/div>\n<\/div>\n<hr class=\"padding-bottom-2x\" \/>\n<div class=\"row align-items-center padding-bottom-2x\">\n<div class=\"col-md-5\"><img decoding=\"async\" class=\"d-block m-auto img-thumbnail\" src=\"https:\/\/tvc.mx\/media\/463524\/YLI-73033-MBK750ZL-SOPORTE-PARA-MONTAJE-YM750TLED-IZQ.png\" alt=\" \" \/><\/div>\n<div class=\"col-md-7 text-md-left text-center\">\n<h2>Incluye<\/h2>\n<p class=\"text-muted\">\n<ul>\n<li>Solo soporte<\/li>\n<\/ul>\n<\/div>\n<\/div>\n","protected":false},"excerpt":{"rendered":"<p>INFORMACI\u00d3N GENERAL Esta pieza es fabricada con aluminio de alta resistencia sirve para anclar la chapa magn\u00e9tica modelo: YM-750ZL brind\u00e1ndole un fuerte soporte al electroim\u00e1n. Est\u00e1 compuesta de dos partes, las cuales deben ir\u00a0posicionadas hacia el interior de la puerta. Usted podr\u00e1 elegir entre los&hellip;<\/p>\n","protected":false},"featured_media":8058,"comment_status":"open","ping_status":"closed","template":"","meta":{"om_disable_all_campaigns":false,"_monsterinsights_skip_tracking":false,"_monsterinsights_sitenote_active":false,"_monsterinsights_sitenote_note":"","_monsterinsights_sitenote_category":0},"product_brand":[],"product_cat":[734],"product_tag":[81,727,730,66,731,728,729],"class_list":{"0":"post-8059","1":"product","2":"type-product","3":"status-publish","4":"has-post-thumbnail","6":"product_cat-accesorios-cerraduras-yli-acceso-asistencia","7":"product_tag-acceso-y-asistencia","8":"product_tag-cerraduras","9":"product_tag-commax-wulian","10":"product_tag-dahua","11":"product_tag-wejoin","12":"product_tag-yli","13":"product_tag-zkteco","15":"first","16":"instock","17":"sale","18":"taxable","19":"shipping-taxable","20":"purchasable","21":"product-type-simple"},"aioseo_notices":[],"_links":{"self":[{"href":"https:\/\/tecsecmty.com\/index.php\/wp-json\/wp\/v2\/product\/8059","targetHints":{"allow":["GET"]}}],"collection":[{"href":"https:\/\/tecsecmty.com\/index.php\/wp-json\/wp\/v2\/product"}],"about":[{"href":"https:\/\/tecsecmty.com\/index.php\/wp-json\/wp\/v2\/types\/product"}],"replies":[{"embeddable":true,"href":"https:\/\/tecsecmty.com\/index.php\/wp-json\/wp\/v2\/comments?post=8059"}],"version-history":[{"count":0,"href":"https:\/\/tecsecmty.com\/index.php\/wp-json\/wp\/v2\/product\/8059\/revisions"}],"wp:featuredmedia":[{"embeddable":true,"href":"https:\/\/tecsecmty.com\/index.php\/wp-json\/wp\/v2\/media\/8058"}],"wp:attachment":[{"href":"https:\/\/tecsecmty.com\/index.php\/wp-json\/wp\/v2\/media?parent=8059"}],"wp:term":[{"taxonomy":"product_brand","embeddable":true,"href":"https:\/\/tecsecmty.com\/index.php\/wp-json\/wp\/v2\/product_brand?post=8059"},{"taxonomy":"product_cat","embeddable":true,"href":"https:\/\/tecsecmty.com\/index.php\/wp-json\/wp\/v2\/product_cat?post=8059"},{"taxonomy":"product_tag","embeddable":true,"href":"https:\/\/tecsecmty.com\/index.php\/wp-json\/wp\/v2\/product_tag?post=8059"}],"curies":[{"name":"wp","href":"https:\/\/api.w.org\/{rel}","templated":true}]}}