{"id":8061,"date":"2023-02-23T22:16:58","date_gmt":"2023-02-24T04:16:58","guid":{"rendered":"https:\/\/tecsecmty.com\/index.php\/producto\/yli-pcb502-modulo-de-relevador-externo-para-control-de-acceso-conexiones-no-nc-com-a-12-vdc\/"},"modified":"2023-03-22T23:25:02","modified_gmt":"2023-03-23T05:25:02","slug":"yli-pcb502-modulo-de-relevador-externo-para-control-de-acceso-conexiones-no-nc-com-a-12-vdc","status":"publish","type":"product","link":"https:\/\/tecsecmty.com\/index.php\/producto\/yli-pcb502-modulo-de-relevador-externo-para-control-de-acceso-conexiones-no-nc-com-a-12-vdc\/","title":{"rendered":"YLI PCB502 &#8211; Modulo de relevador externo \/ Para control de acceso \/ Conexiones NO \/ NC \/ COM a 12 VDC\/"},"content":{"rendered":"<h5 class=\"card-title text-center\">DESCRIPCI\u00d3N<\/h5>\n<p class=\"ql-align-justify\">El relevador YLI modelo\u00a0<strong>PCB502\u00a0<\/strong>es un dispositivo electromec\u00e1nico. Funciona como un interruptor controlado por un circuito el\u00e9ctrico en el que, por medio de una bobina y un electroim\u00e1n, se acciona un juego de uno o varios contactos que permiten abrir o cerrar otros circuitos el\u00e9ctricos independientes.<\/p>\n<p class=\"ql-align-justify\">El m\u00f3dulo de rel\u00e9 ampliada ofrece 3 contactos: NA, NC, COM para hacer m\u00e1s f\u00e1cil y conveniente tanto la conexi\u00f3n de cierre como la fuente de alimentaci\u00f3n el\u00e9ctrica.<\/p>\n<p class=\"ql-align-justify\"><strong>ESPECIFICACIONES<\/strong><\/p>\n<p class=\"ql-align-justify\">Conectar una fuente de alimentaci\u00f3n de 12v 3amp para el funcionamiento del relevador en la conexi\u00f3n V+ y V- (12+ y GND) dependiendo del relevador y utilizar las terminales NO\/NC y COM para la conexi\u00f3n con otros equipos, paneles de control de acceso, Sensores, Paneles de alarmas, DVR o cualquier otro dispositivo que se requiera utilizar. \u00a0Al momento de sumbinistrar el voltaje en el equipo \u00e9ste abre o cierra los relevadores, tener en cuenta esto para su funcionamiento.<\/p>\n<ul>\n<li class=\"ql-align-justify\">Dimensi\u00f3n: 39Lx24Wx20H (mm)<\/li>\n<li class=\"ql-align-justify\">Material: elementos de alta calidad con excelente dise\u00f1o<\/li>\n<li class=\"ql-align-justify\">Adecuada para: cerradura el\u00e9ctrica adicional \/ button&#8230;etc<\/li>\n<li class=\"ql-align-justify\">Salida: salida de contacto seco<\/li>\n<li class=\"ql-align-justify\">Max. sobrecarga: 10A\/125VDC<\/li>\n<li class=\"ql-align-justify\">Peso: 0,05 kg<\/li>\n<\/ul>\n<p class=\"ql-align-justify\"><strong>FUNCIONES<\/strong><\/p>\n<p class=\"ql-align-justify\">La gran ventaja de los rel\u00e9s electromagn\u00e9ticos es la completa separaci\u00f3n el\u00e9ctrica entre la corriente de accionamiento, la que circula por la bobina del electroim\u00e1n, y los circuitos controlados por los contactos, lo que hace que se puedan manejar altos voltajes o elevadas potencias con peque\u00f1as tensiones de control.<\/p>\n<p class=\"ql-align-justify\">Tambi\u00e9n ofrecen la posibilidad de control de un dispositivo a distancia mediante el uso de peque\u00f1as se\u00f1ales de control. En el caso presentado podemos ver un grupo de rel\u00e9s en bases interfases que son controlado por modulos digitales programables que permiten crear funciones de temporizaci\u00f3n y contador como si de un mini PLD (Dispositivo L\u00f3gico Programable) se tratase.<\/p>\n<p class=\"ql-align-justify\">Con estos modernos sistemas los rel\u00e9s pueden actuar de forma programada e independiente lo que supone grandes ventajas en su aplicaci\u00f3n aumentando su uso en aplicaciones sin necesidad de utilizar controles como PLD&#8217;s u otros medios para comandarlos. Se puede encender por ejemplo una bombilla o motor y al encenderlo se apaga el otro motor o bombilla.<\/p>\n<p><img decoding=\"async\" class=\"overview-center-img-web\" src=\"https:\/\/tvc.mx\/media\/65544\/CENTRAL.png\" alt=\"\" \/><\/p>\n","protected":false},"excerpt":{"rendered":"<p>DESCRIPCI\u00d3N El relevador YLI modelo\u00a0PCB502\u00a0es un dispositivo electromec\u00e1nico. Funciona como un interruptor controlado por un circuito el\u00e9ctrico en el que, por medio de una bobina y un electroim\u00e1n, se acciona un juego de uno o varios contactos que permiten abrir o cerrar otros circuitos el\u00e9ctricos&hellip;<\/p>\n","protected":false},"featured_media":8060,"comment_status":"open","ping_status":"closed","template":"","meta":{"om_disable_all_campaigns":false,"_monsterinsights_skip_tracking":false,"_monsterinsights_sitenote_active":false,"_monsterinsights_sitenote_note":"","_monsterinsights_sitenote_category":0},"product_brand":[],"product_cat":[734],"product_tag":[81,727,730,66,731,728,729],"class_list":{"0":"post-8061","1":"product","2":"type-product","3":"status-publish","4":"has-post-thumbnail","6":"product_cat-accesorios-cerraduras-yli-acceso-asistencia","7":"product_tag-acceso-y-asistencia","8":"product_tag-cerraduras","9":"product_tag-commax-wulian","10":"product_tag-dahua","11":"product_tag-wejoin","12":"product_tag-yli","13":"product_tag-zkteco","15":"first","16":"instock","17":"sale","18":"taxable","19":"shipping-taxable","20":"purchasable","21":"product-type-simple"},"aioseo_notices":[],"_links":{"self":[{"href":"https:\/\/tecsecmty.com\/index.php\/wp-json\/wp\/v2\/product\/8061","targetHints":{"allow":["GET"]}}],"collection":[{"href":"https:\/\/tecsecmty.com\/index.php\/wp-json\/wp\/v2\/product"}],"about":[{"href":"https:\/\/tecsecmty.com\/index.php\/wp-json\/wp\/v2\/types\/product"}],"replies":[{"embeddable":true,"href":"https:\/\/tecsecmty.com\/index.php\/wp-json\/wp\/v2\/comments?post=8061"}],"version-history":[{"count":0,"href":"https:\/\/tecsecmty.com\/index.php\/wp-json\/wp\/v2\/product\/8061\/revisions"}],"wp:featuredmedia":[{"embeddable":true,"href":"https:\/\/tecsecmty.com\/index.php\/wp-json\/wp\/v2\/media\/8060"}],"wp:attachment":[{"href":"https:\/\/tecsecmty.com\/index.php\/wp-json\/wp\/v2\/media?parent=8061"}],"wp:term":[{"taxonomy":"product_brand","embeddable":true,"href":"https:\/\/tecsecmty.com\/index.php\/wp-json\/wp\/v2\/product_brand?post=8061"},{"taxonomy":"product_cat","embeddable":true,"href":"https:\/\/tecsecmty.com\/index.php\/wp-json\/wp\/v2\/product_cat?post=8061"},{"taxonomy":"product_tag","embeddable":true,"href":"https:\/\/tecsecmty.com\/index.php\/wp-json\/wp\/v2\/product_tag?post=8061"}],"curies":[{"name":"wp","href":"https:\/\/api.w.org\/{rel}","templated":true}]}}