{"id":8063,"date":"2023-02-23T22:16:59","date_gmt":"2023-02-24T04:16:59","guid":{"rendered":"https:\/\/tecsecmty.com\/index.php\/producto\/yli-pcb505-modulo-de-retardo-de-tiempo-salidas-nc-y-no-conexion-de-boton-voltaje-12-vdc-ajustable-1-a-30-segundos\/"},"modified":"2023-03-22T23:25:02","modified_gmt":"2023-03-23T05:25:02","slug":"yli-pcb505-modulo-de-retardo-de-tiempo-salidas-nc-y-no-conexion-de-boton-voltaje-12-vdc-ajustable-1-a-30-segundos","status":"publish","type":"product","link":"https:\/\/tecsecmty.com\/index.php\/producto\/yli-pcb505-modulo-de-retardo-de-tiempo-salidas-nc-y-no-conexion-de-boton-voltaje-12-vdc-ajustable-1-a-30-segundos\/","title":{"rendered":"YLI PCB505 &#8211; Modulo de retardo de tiempo \/ Salidas NC y no \/ Conexi\u00f3n de bot\u00f3n \/ Voltaje 12 VDC \/ Ajustable 1 a 30 segundos"},"content":{"rendered":"<div class=\"row aling-items-center padding-bottom-2x\">\n<div class=\"col-lg-12\">\n<h5 class=\"card-title text-center\">INFORMACI\u00d3N GENERAL<\/h5>\n<p class=\"ql-align-justify\">El m\u00f3dulo de control de retardo de tiempo se utiliza para ofrecer la funci\u00f3n de retardo de tiempo al sistema de control de acceso.<\/p>\n<p><img decoding=\"async\" class=\"overview-center-img-web\" src=\"https:\/\/tvc.mx\/media\/464252\/YLI-YLI474011-PCB505-MODULO-RETARDO-DE-TIEMPO-CENTRAL.png\" alt=\"\" \/><\/div>\n<\/div>\n<div class=\"row align-items-center padding-bottom-2x\">\n<div class=\"col-md-5\"><img decoding=\"async\" class=\"d-block m-auto img-thumbnail\" src=\"https:\/\/tvc.mx\/media\/464254\/YLI-YLI474011-PCB505-MODULO-RETARDO-DE-TIEMPO-INCLUYE.png\" alt=\" \" \/><\/div>\n<div class=\"col-md-7 text-md-left text-center\">\n<h2>Especificaciones T\u00e9cnicas<\/h2>\n<p class=\"text-muted\">\n<ul>\n<li>Dimensi\u00f3n 55Lx40.2Wx19.1H (mm)<\/li>\n<li>voltaje DC12V<\/li>\n<li>Actual 40mA<\/li>\n<li>Hora 0 \uff5e 30S<\/li>\n<li>Temperatura de funcionamiento -20 \uff5e + 70 \u2103<\/li>\n<li>Peso 0.04kg<\/li>\n<\/ul>\n<p>&nbsp;<\/p>\n<\/div>\n<\/div>\n<hr class=\"padding-bottom-2x\" \/>\n<div class=\"row align-items-center padding-bottom-2x\">\n<div class=\"col-md-5 order-md-2\"><img decoding=\"async\" class=\"d-block m-auto img-thumbnail\" src=\"https:\/\/tvc.mx\/media\/464258\/YLI-YLI474011-PCB505-MODULO-RETARDO-DE-TIEMPO-DER.png\" alt=\" \" \/><\/div>\n<div class=\"col-md-7 order-md-1 text-md-left text-center\">\n<h2>Incluye<\/h2>\n<p class=\"text-muted\">\n<ul>\n<li>M\u00f3dulo retardo de tiempo<\/li>\n<li>Manual<\/li>\n<\/ul>\n<\/div>\n<\/div>\n","protected":false},"excerpt":{"rendered":"<p>INFORMACI\u00d3N GENERAL El m\u00f3dulo de control de retardo de tiempo se utiliza para ofrecer la funci\u00f3n de retardo de tiempo al sistema de control de acceso. Especificaciones T\u00e9cnicas Dimensi\u00f3n 55Lx40.2Wx19.1H (mm) voltaje DC12V Actual 40mA Hora 0 \uff5e 30S Temperatura de funcionamiento -20 \uff5e +&hellip;<\/p>\n","protected":false},"featured_media":8062,"comment_status":"open","ping_status":"closed","template":"","meta":{"om_disable_all_campaigns":false,"_monsterinsights_skip_tracking":false,"_monsterinsights_sitenote_active":false,"_monsterinsights_sitenote_note":"","_monsterinsights_sitenote_category":0},"product_brand":[],"product_cat":[734],"product_tag":[81,727,730,66,731,728,729],"class_list":{"0":"post-8063","1":"product","2":"type-product","3":"status-publish","4":"has-post-thumbnail","6":"product_cat-accesorios-cerraduras-yli-acceso-asistencia","7":"product_tag-acceso-y-asistencia","8":"product_tag-cerraduras","9":"product_tag-commax-wulian","10":"product_tag-dahua","11":"product_tag-wejoin","12":"product_tag-yli","13":"product_tag-zkteco","15":"first","16":"instock","17":"sale","18":"taxable","19":"shipping-taxable","20":"purchasable","21":"product-type-simple"},"aioseo_notices":[],"_links":{"self":[{"href":"https:\/\/tecsecmty.com\/index.php\/wp-json\/wp\/v2\/product\/8063","targetHints":{"allow":["GET"]}}],"collection":[{"href":"https:\/\/tecsecmty.com\/index.php\/wp-json\/wp\/v2\/product"}],"about":[{"href":"https:\/\/tecsecmty.com\/index.php\/wp-json\/wp\/v2\/types\/product"}],"replies":[{"embeddable":true,"href":"https:\/\/tecsecmty.com\/index.php\/wp-json\/wp\/v2\/comments?post=8063"}],"version-history":[{"count":0,"href":"https:\/\/tecsecmty.com\/index.php\/wp-json\/wp\/v2\/product\/8063\/revisions"}],"wp:featuredmedia":[{"embeddable":true,"href":"https:\/\/tecsecmty.com\/index.php\/wp-json\/wp\/v2\/media\/8062"}],"wp:attachment":[{"href":"https:\/\/tecsecmty.com\/index.php\/wp-json\/wp\/v2\/media?parent=8063"}],"wp:term":[{"taxonomy":"product_brand","embeddable":true,"href":"https:\/\/tecsecmty.com\/index.php\/wp-json\/wp\/v2\/product_brand?post=8063"},{"taxonomy":"product_cat","embeddable":true,"href":"https:\/\/tecsecmty.com\/index.php\/wp-json\/wp\/v2\/product_cat?post=8063"},{"taxonomy":"product_tag","embeddable":true,"href":"https:\/\/tecsecmty.com\/index.php\/wp-json\/wp\/v2\/product_tag?post=8063"}],"curies":[{"name":"wp","href":"https:\/\/api.w.org\/{rel}","templated":true}]}}