{"id":8100,"date":"2023-02-23T22:17:36","date_gmt":"2023-02-24T04:17:36","guid":{"rendered":"https:\/\/tecsecmty.com\/index.php\/producto\/yli-abk703bs-cerradura-inteligente-anti-impacto-cuenta-con-juego-de-3-llaves-sensor-con-luz-led-de-status-o-correcto-cerrado-apertura-con-pulso-voltaje-de-12vdc\/"},"modified":"2023-03-22T23:24:59","modified_gmt":"2023-03-23T05:24:59","slug":"yli-abk703bs-cerradura-inteligente-anti-impacto-cuenta-con-juego-de-3-llaves-sensor-con-luz-led-de-status-o-correcto-cerrado-apertura-con-pulso-voltaje-de-12vdc","status":"publish","type":"product","link":"https:\/\/tecsecmty.com\/index.php\/producto\/yli-abk703bs-cerradura-inteligente-anti-impacto-cuenta-con-juego-de-3-llaves-sensor-con-luz-led-de-status-o-correcto-cerrado-apertura-con-pulso-voltaje-de-12vdc\/","title":{"rendered":"YLI ABK703BS &#8211; Cerradura inteligente anti impacto cuenta con juego de 3 llaves, sensor con luz LED de status o correcto cerrado, apertura con pulso voltaje de 12VDC \/"},"content":{"rendered":"<div class=\"row aling-items-center padding-bottom-2x\">\n<div class=\"col-lg-12\">\n<h5 class=\"card-title text-center\">INFORMACI\u00d3N GENERAL<\/h5>\n<p>La cerradura inteligente marca YLI modelo\u00a0<strong>ABK703BS\u00a0<\/strong>es\u00a0controlada por un motor electr\u00f3nico el cual manipula inteligentemente el picaporte de la misma, se puede configurar con cualquier control de acceso que realice contactos o pulsos secos a la cerradura, se cataloga como anti impacto por su tecnolog\u00eda ya que cuenta con un sensor que al momento en que se realiza el cierre de la cerradura, detecta o sensa que la puerta se haya cerrado correctamente, siendo una soluci\u00f3n segura y f\u00e1cil de operar para cualquier tipo de soluci\u00f3n de acceso.<\/p>\n<p><img decoding=\"async\" class=\"overview-center-img-web\" src=\"https:\/\/tvc.mx\/media\/381067\/YLI069016-YLI-ABK703BS-CERRADURA-INTELIGENTE-CENTRAL.png\" alt=\"\" \/><\/div>\n<\/div>\n<div class=\"row align-items-center padding-bottom-2x\">\n<div class=\"col-md-5 order-md-2\"><img decoding=\"async\" class=\"d-block m-auto img-thumbnail\" src=\"https:\/\/tvc.mx\/media\/381071\/YLI069016-YLI-ABK703BS-CERRADURA-INTELIGENTE-DERECHA.png\" alt=\" \" \/><\/div>\n<div class=\"col-md-7 order-md-1 text-md-left text-center\">\n<h2>Caracter\u00edsticas Principales<\/h2>\n<p class=\"text-muted\">\n<ul>\n<li>Cerradura el\u00e9ctrica de motor inteligente.<\/li>\n<li>Cuenta con la funci\u00f3n de autodetecci\u00f3n.<\/li>\n<li>Compuesta de acero inoxidable.<\/li>\n<li>Caracter\u00edstica de auto-cierre con llave.<\/li>\n<li>Detecci\u00f3n autom\u00e1tica (Detecci\u00f3n de mala operaci\u00f3n).<\/li>\n<li>Auto-correcci\u00f3n (sensor de alta sensibilidad).<\/li>\n<li>Cierre silencioso.<\/li>\n<\/ul>\n<p><strong>\u00a0\u00a0\u00a0\u00a0\u00a0\u00a0<\/strong><\/p>\n<h1>\u00a0\u00abNota Importante:\u00bb<\/h1>\n<p>&nbsp;<\/p>\n<ul>\n<li>Este equipo incluye 3 llaves de alta seguridad \u00fanicamente.<\/li>\n<li>En TVCenLinea.com\u00a0no manejamos repuestos de dichas llaves por seguridad para el usuario final.<\/li>\n<li>En caso de requerir alguna llave de repuesto se puede contactar con alg\u00fan cerrajero de su localidad y confianza, ya que no es un servicio de TVCenLinea.com este tipo de actividad.<\/li>\n<li>Se sugiere mejor adecuar el transmisor inal\u00e1mbrico\u00a0<strong>WBK400112\u00a0<\/strong>ya que cuenta con relevador y controles inal\u00e1mbricos para facilitar el uso de apertura.<\/li>\n<li>Para m\u00e1s informaci\u00f3n de un click\u00a0<a href=\"https:\/\/www.tvc.mx\/shop\/catalog\/product_info.php?products_id=3728\" target=\"_blank\" rel=\"noopener\">aqu\u00ed<\/a>.<\/li>\n<\/ul>\n<p>&nbsp;<\/p>\n<\/div>\n<\/div>\n<hr class=\"padding-bottom-2x\" \/>\n<div class=\"row align-items-center padding-bottom-2x\">\n<div class=\"col-md-5\"><img decoding=\"async\" class=\"d-block m-auto img-thumbnail\" src=\"https:\/\/tvc.mx\/media\/381075\/YLI069016-YLI-ABK703BS-CERRADURA-INTELIGENTE-IZQ.png\" alt=\" \" \/><\/div>\n<div class=\"col-md-7 text-md-left text-center\">\n<h2>Especificaciones T\u00e9cnicas<\/h2>\n<p class=\"text-muted\">\n<ul>\n<li>Tama\u00f1o de bloqueo:\u00a0130L X 100W X 61.25D(mm)<\/li>\n<li>Prueba de fallo:\u00a0Se bloquea al energizar<\/li>\n<li>Fuente de alimentaci\u00f3n:\u00a0DC 12V \u00b1 10%<\/li>\n<li>Corriente de arranque:\u00a0350 mA<\/li>\n<li>Corriente de operaci\u00f3n:\u00a025 mA<\/li>\n<li>Temperatura:\u00a0-20\u00b0C +50\u00b0C<\/li>\n<li>Longitud de la leng\u00fceta de cierre:\u00a020 mm<\/li>\n<li>Material:\u00a0Acero inoxidable<\/li>\n<li>Aplicaciones:\u00a0Ampliamente utilizada en el campo inteligente, f\u00e1bricas,almac\u00e9n,bases de estaci\u00f3n y sistema de control de acceso inteligente.<\/li>\n<li>Peso:\u00a01.45 Kg<\/li>\n<\/ul>\n<p>Diagrama completo de medidas.<\/p>\n<p><a href=\"https:\/\/foro.tvc.mx\/preview\/v1\/c86691d7-8d1c-4816-b564-77bbb86478d6\/1\" target=\"_blank\" rel=\"noopener\">Diagrama de conexi\u00f3n.<\/a><\/p>\n<p>&nbsp;<\/p>\n<\/div>\n<\/div>\n<hr class=\"padding-bottom-2x\" \/>\n<div class=\"row align-items-center padding-bottom-2x\">\n<div class=\"col-md-5 order-md-2\"><img decoding=\"async\" class=\"d-block m-auto img-thumbnail\" src=\"https:\/\/tvc.mx\/media\/381079\/YLI069016-YLI-ABK703BS-CERRADURA-INTELIGENTE-IZQ2.png\" alt=\" \" \/><\/div>\n<div class=\"col-md-7 order-md-1 text-md-left text-center\">\n<h2>Incluye<\/h2>\n<p class=\"text-muted\">\n<ul>\n<li>Cerradura y contra<\/li>\n<li>Complementos de instalaci\u00f3n<\/li>\n<\/ul>\n<\/div>\n<\/div>\n","protected":false},"excerpt":{"rendered":"<p>INFORMACI\u00d3N GENERAL La cerradura inteligente marca YLI modelo\u00a0ABK703BS\u00a0es\u00a0controlada por un motor electr\u00f3nico el cual manipula inteligentemente el picaporte de la misma, se puede configurar con cualquier control de acceso que realice contactos o pulsos secos a la cerradura, se cataloga como anti impacto por su&hellip;<\/p>\n","protected":false},"featured_media":8099,"comment_status":"open","ping_status":"closed","template":"","meta":{"om_disable_all_campaigns":false,"_monsterinsights_skip_tracking":false,"_monsterinsights_sitenote_active":false,"_monsterinsights_sitenote_note":"","_monsterinsights_sitenote_category":0},"product_brand":[],"product_cat":[739],"product_tag":[81,727,730,66,731,728,729],"class_list":{"0":"post-8100","1":"product","2":"type-product","3":"status-publish","4":"has-post-thumbnail","6":"product_cat-electrica-cerraduras-yli-acceso-asistencia","7":"product_tag-acceso-y-asistencia","8":"product_tag-cerraduras","9":"product_tag-commax-wulian","10":"product_tag-dahua","11":"product_tag-wejoin","12":"product_tag-yli","13":"product_tag-zkteco","15":"first","16":"instock","17":"sale","18":"taxable","19":"shipping-taxable","20":"purchasable","21":"product-type-simple"},"aioseo_notices":[],"_links":{"self":[{"href":"https:\/\/tecsecmty.com\/index.php\/wp-json\/wp\/v2\/product\/8100","targetHints":{"allow":["GET"]}}],"collection":[{"href":"https:\/\/tecsecmty.com\/index.php\/wp-json\/wp\/v2\/product"}],"about":[{"href":"https:\/\/tecsecmty.com\/index.php\/wp-json\/wp\/v2\/types\/product"}],"replies":[{"embeddable":true,"href":"https:\/\/tecsecmty.com\/index.php\/wp-json\/wp\/v2\/comments?post=8100"}],"version-history":[{"count":0,"href":"https:\/\/tecsecmty.com\/index.php\/wp-json\/wp\/v2\/product\/8100\/revisions"}],"wp:featuredmedia":[{"embeddable":true,"href":"https:\/\/tecsecmty.com\/index.php\/wp-json\/wp\/v2\/media\/8099"}],"wp:attachment":[{"href":"https:\/\/tecsecmty.com\/index.php\/wp-json\/wp\/v2\/media?parent=8100"}],"wp:term":[{"taxonomy":"product_brand","embeddable":true,"href":"https:\/\/tecsecmty.com\/index.php\/wp-json\/wp\/v2\/product_brand?post=8100"},{"taxonomy":"product_cat","embeddable":true,"href":"https:\/\/tecsecmty.com\/index.php\/wp-json\/wp\/v2\/product_cat?post=8100"},{"taxonomy":"product_tag","embeddable":true,"href":"https:\/\/tecsecmty.com\/index.php\/wp-json\/wp\/v2\/product_tag?post=8100"}],"curies":[{"name":"wp","href":"https:\/\/api.w.org\/{rel}","templated":true}]}}