{"id":8118,"date":"2023-02-23T22:17:55","date_gmt":"2023-02-24T04:17:55","guid":{"rendered":"https:\/\/tecsecmty.com\/index.php\/producto\/zkteco-dl30b-cerradura-de-proximidad-y-teclado-tactil-con-comunicacion-bluetooth-100-tarjetas-mifare-estandar-americano\/"},"modified":"2023-03-22T23:25:17","modified_gmt":"2023-03-23T05:25:17","slug":"zkteco-dl30b-cerradura-de-proximidad-y-teclado-tactil-con-comunicacion-bluetooth-100-tarjetas-mifare-estandar-americano","status":"publish","type":"product","link":"https:\/\/tecsecmty.com\/index.php\/producto\/zkteco-dl30b-cerradura-de-proximidad-y-teclado-tactil-con-comunicacion-bluetooth-100-tarjetas-mifare-estandar-americano\/","title":{"rendered":"ZKTECO DL30B &#8211; Cerradura de Proximidad y Teclado T\u00e1ctil con Comunicaci\u00f3n Bluetooth \/ 100 Tarjetas Mifare (est\u00e1ndar americano) \/"},"content":{"rendered":"<div class=\"row aling-items-center padding-bottom-2x\">\n<div class=\"col-lg-12\">\n<h5 class=\"card-title text-center\">Descripci\u00f3n<\/h5>\n<p>La cerradura\u00a0<strong>DL30B\u00a0<\/strong>con gu\u00eda por medio de voz permite un manejo r\u00e1pido y sencillo. La cerradura es considerada anti-robo ya que emite un sonido de alarma inteligente para detectar operaciones no autorizadas, lo que proporciona alta seguridad al hogar. Su dise\u00f1o para instalaci\u00f3n es de est\u00e1ndar americano (de un pestillo).<\/p>\n<p><strong>DL30B\u00a0<\/strong>cuenta con diferentes m\u00e9todos para realizar la apertura como contrase\u00f1a desde su teclado t\u00e1ctil, tarjeta MIFARE 13.56 Mhz, llave y desde la aplicaci\u00f3n\u00a0<strong>ZKBioBL\u00a0<\/strong>gratuita para dispositivos m\u00f3viles iOS \/ Android.\u00a0<strong>DL30B\u00a0<\/strong>es una buena elecci\u00f3n para casas privadas, apartamentos para j\u00f3venes y alquileres a corto plazo; crea vidas m\u00e1s sencillas, inteligentes y c\u00f3modas.<\/p>\n<p><img decoding=\"async\" class=\"overview-center-img-web\" src=\"https:\/\/tvc.mx\/media\/536171\/Cerradura-inteligente-con-verificacin-por-tarjeta-ID-con-teclado-digital-DL30B-ZKTeco-TVC-O1.png\" alt=\"\" \/><\/div>\n<\/div>\n<div class=\"row align-items-center padding-bottom-2x\">\n<div class=\"col-md-5\"><img decoding=\"async\" class=\"d-block m-auto img-thumbnail\" src=\"https:\/\/tvc.mx\/media\/532447\/Cerradura-inteligente-con-verificacin-por-tarjeta-ID-con-teclado-digital-DL30B-ZKTeco-TVC-O2.PNG\" alt=\" \" \/><\/div>\n<div class=\"col-md-7 text-md-left text-center\">\n<h2>Funci\u00f3n<\/h2>\n<p class=\"text-muted\">\n<ul>\n<li><strong>Varias formas de desbloqueo\u00a0<\/strong>para su conveniencia: Contrase\u00f1a \/ Tarjeta \/ Llave \/ Tel\u00e9fono.<\/li>\n<li><strong>Est\u00e1ndar Americano\u00a0<\/strong>(un pestillo).<\/li>\n<li><strong>Accesos con seguridad<\/strong>\u00a0mejorada mediante funci\u00f3n de contrase\u00f1a aleatoria.<\/li>\n<li><strong>Voz gu\u00eda\u00a0<\/strong>para una operaci\u00f3n m\u00e1s sencilla.<\/li>\n<li><strong>Volumen de voz ajustable<\/strong>.<\/li>\n<li><strong>Alarma inteligente\u00a0<\/strong>para detectar operaciones no autorizadas y bater\u00eda insuficiente.<\/li>\n<li><strong>Modo normalmente abierto.<\/strong><\/li>\n<li><strong>Apertura de emergencia<\/strong>\u00a0por medio de llave (oculta) o bater\u00eda de 9v.<\/li>\n<\/ul>\n<p>&nbsp;<\/p>\n<\/div>\n<\/div>\n<hr class=\"padding-bottom-2x\" \/>\n<div class=\"row align-items-center padding-bottom-2x\">\n<div class=\"col-md-5\"><img decoding=\"async\" class=\"d-block m-auto img-thumbnail\" src=\"https:\/\/tvc.mx\/media\/532451\/Cerradura-inteligente-con-verificacin-por-tarjeta-ID-con-teclado-digital-DL30B-ZKTeco-TVC-O3.png\" alt=\" \" \/><\/div>\n<div class=\"col-md-7 text-md-left text-center\">\n<h2>Especificaciones t\u00e9cnicas:<\/h2>\n<p class=\"text-muted\">\n<ul>\n<li>Material Aleaci\u00f3n: Zinc.<\/li>\n<li>M\u00e9todos de verificaci\u00f3n: Tarjeta \/ Contrase\u00f1a \/ APP\/ Llave<\/li>\n<li>Capacidad de usuarios: 100.<\/li>\n<li>Tarjeta: 13.56 Mhz.<\/li>\n<li>M\u00f3dulo de Comunicaci\u00f3n: Bluetooth 4.0.<\/li>\n<li>Fuente de Alimentaci\u00f3n: 4 Bater\u00edas Alcalinas AA (No Incluidas).<\/li>\n<li>Grosor de Puerta: 47-54 mm (Est\u00e1ndar): 39-36 mm (Est\u00e1ndar) \/ 30-38 mm (Est\u00e1ndar) \/ 55-60 mm (Opcional).<\/li>\n<li>Dimensiones Frente: 69 \u00d7 155 \u00d7 35 mm \/ Reverso &#8211; 69 \u00d7 155 \u00d7 25 mm.<\/li>\n<\/ul>\n<p>&nbsp;<\/p>\n<\/div>\n<\/div>\n<hr class=\"padding-bottom-2x\" \/>\n<div class=\"row align-items-center padding-bottom-2x\">\n<div class=\"col-md-5\"><img decoding=\"async\" class=\"d-block m-auto img-thumbnail\" src=\"https:\/\/tvc.mx\/media\/532459\/Cerradura-inteligente-con-verificacin-por-tarjeta-ID-con-teclado-digital-DL30B-ZKTeco-TVC-O4.png\" alt=\" \" \/><\/div>\n<div class=\"col-md-7 text-md-left text-center\">\n<h2>Incluye<\/h2>\n<p class=\"text-muted\">\n<ul>\n<li>Cerradura DL30B.<\/li>\n<li>Accesorios de instalaci\u00f3n.<\/li>\n<li>Llaves mec\u00e1nicas para apertura tradicional.<\/li>\n<\/ul>\n<\/div>\n<\/div>\n","protected":false},"excerpt":{"rendered":"<p>Descripci\u00f3n La cerradura\u00a0DL30B\u00a0con gu\u00eda por medio de voz permite un manejo r\u00e1pido y sencillo. La cerradura es considerada anti-robo ya que emite un sonido de alarma inteligente para detectar operaciones no autorizadas, lo que proporciona alta seguridad al hogar. Su dise\u00f1o para instalaci\u00f3n es de&hellip;<\/p>\n","protected":false},"featured_media":8117,"comment_status":"open","ping_status":"closed","template":"","meta":{"om_disable_all_campaigns":false,"_monsterinsights_skip_tracking":false,"_monsterinsights_sitenote_active":false,"_monsterinsights_sitenote_note":"","_monsterinsights_sitenote_category":0},"product_brand":[],"product_cat":[750],"product_tag":[81,727,730,66,731,728,729],"class_list":{"0":"post-8118","1":"product","2":"type-product","3":"status-publish","4":"has-post-thumbnail","6":"product_cat-inteligente-cerraduras-zkteco-acceso-asistencia","7":"product_tag-acceso-y-asistencia","8":"product_tag-cerraduras","9":"product_tag-commax-wulian","10":"product_tag-dahua","11":"product_tag-wejoin","12":"product_tag-yli","13":"product_tag-zkteco","15":"first","16":"instock","17":"sale","18":"taxable","19":"shipping-taxable","20":"purchasable","21":"product-type-simple"},"aioseo_notices":[],"_links":{"self":[{"href":"https:\/\/tecsecmty.com\/index.php\/wp-json\/wp\/v2\/product\/8118","targetHints":{"allow":["GET"]}}],"collection":[{"href":"https:\/\/tecsecmty.com\/index.php\/wp-json\/wp\/v2\/product"}],"about":[{"href":"https:\/\/tecsecmty.com\/index.php\/wp-json\/wp\/v2\/types\/product"}],"replies":[{"embeddable":true,"href":"https:\/\/tecsecmty.com\/index.php\/wp-json\/wp\/v2\/comments?post=8118"}],"version-history":[{"count":0,"href":"https:\/\/tecsecmty.com\/index.php\/wp-json\/wp\/v2\/product\/8118\/revisions"}],"wp:featuredmedia":[{"embeddable":true,"href":"https:\/\/tecsecmty.com\/index.php\/wp-json\/wp\/v2\/media\/8117"}],"wp:attachment":[{"href":"https:\/\/tecsecmty.com\/index.php\/wp-json\/wp\/v2\/media?parent=8118"}],"wp:term":[{"taxonomy":"product_brand","embeddable":true,"href":"https:\/\/tecsecmty.com\/index.php\/wp-json\/wp\/v2\/product_brand?post=8118"},{"taxonomy":"product_cat","embeddable":true,"href":"https:\/\/tecsecmty.com\/index.php\/wp-json\/wp\/v2\/product_cat?post=8118"},{"taxonomy":"product_tag","embeddable":true,"href":"https:\/\/tecsecmty.com\/index.php\/wp-json\/wp\/v2\/product_tag?post=8118"}],"curies":[{"name":"wp","href":"https:\/\/api.w.org\/{rel}","templated":true}]}}