{"id":8172,"date":"2023-02-23T22:18:41","date_gmt":"2023-02-24T04:18:41","guid":{"rendered":"https:\/\/tecsecmty.com\/index.php\/producto\/yli-ym280nledpak-paquete-de-cerradura-magnetica-ym280n-con-led-y-soporte-de-fijacion-tipo-zl-fuerza-de-sujecion-280kg-600lb-para-puertas-de-madera-vidrio-y-metalicas\/"},"modified":"2023-03-22T23:25:05","modified_gmt":"2023-03-23T05:25:05","slug":"yli-ym280nledpak-paquete-de-cerradura-magnetica-ym280n-con-led-y-soporte-de-fijacion-tipo-zl-fuerza-de-sujecion-280kg-600lb-para-puertas-de-madera-vidrio-y-metalicas","status":"publish","type":"product","link":"https:\/\/tecsecmty.com\/index.php\/producto\/yli-ym280nledpak-paquete-de-cerradura-magnetica-ym280n-con-led-y-soporte-de-fijacion-tipo-zl-fuerza-de-sujecion-280kg-600lb-para-puertas-de-madera-vidrio-y-metalicas\/","title":{"rendered":"YLI YM280NLEDPAK &#8211; Paquete de Cerradura Magn\u00e9tica YM280N con Led y Soporte de Fijaci\u00f3n tipo ZL \/ Fuerza de Sujeci\u00f3n 280kg (600LB) \/ Para puertas de madera, vidrio y met\u00e1licas"},"content":{"rendered":"<div class=\"row aling-items-center padding-bottom-2x\">\n<div class=\"col-lg-12\">\n<h5 class=\"card-title text-center\">Descripci\u00f3n general<\/h5>\n<p>Paquete de contrachapa magnetica de 280 Kg \u00f3 600 Lb de sujeci\u00f3n y soporte ZL para su instalaci\u00f3n.<\/p>\n<p><strong>El paquete incluye lo siguiente:<\/strong><\/p>\n<ul>\n<li>1 Chapa magn\u00e9tica de la marca YLI modelo YM280NLED<\/li>\n<li>1 Soporte de fijaci\u00f3n de la marca YLI modelo MBK280NZL<\/li>\n<\/ul>\n<p><img decoding=\"async\" class=\"overview-center-img-web\" src=\"https:\/\/tvc.mx\/media\/41655\/YLI0850006-1.jpg\" alt=\"\" \/><\/div>\n<\/div>\n<div class=\"row align-items-center padding-bottom-2x\">\n<div class=\"col-md-5\"><img decoding=\"async\" class=\"d-block m-auto img-thumbnail\" src=\"https:\/\/tvc.mx\/media\/41658\/YLI0850006-2.jpg\" alt=\" \" \/><\/div>\n<div class=\"col-md-7 text-md-left text-center\">\n<h2>Chapa magn\u00e9tica YLI YM280NLED<\/h2>\n<p class=\"text-muted\">\n<p><strong>Cerradura magn\u00e9tica de una sola puerta (LED)<\/strong><\/p>\n<p><strong>Modelo: YM-280N (LED)<\/strong><\/p>\n<p>Cerradura magn\u00e9tica con 600 libras de fuerza de sujeci\u00f3n para puerta simple, como puerta de vidrio, puerta de madera, puerta ign\u00edfuga, puerta corredera y puerta de metal. Tambi\u00e9n es con indicador LED.<\/p>\n<p>&nbsp;<\/p>\n<\/div>\n<\/div>\n<hr class=\"padding-bottom-2x\" \/>\n<div class=\"row align-items-center padding-bottom-2x\">\n<div class=\"col-md-5 order-md-2\"><img decoding=\"async\" class=\"d-block m-auto img-thumbnail\" src=\"https:\/\/tvc.mx\/media\/41661\/YLI0850006-3.jpg\" alt=\" \" \/><\/div>\n<div class=\"col-md-7 order-md-1 text-md-left text-center\">\n<h2>Especificaciones<\/h2>\n<p class=\"text-muted\">\n<ul>\n<li><strong>Tama\u00f1o:<\/strong>\u00a0250L x 48.8A x 27.9P (mm).<\/li>\n<li><strong>Dimensi\u00f3n de la placa de armadura:<\/strong>\u00a0180L x38.8A x13P (mm).<\/li>\n<li><strong>Fuerza de retenci\u00f3n:<\/strong>\u00a0280 kg (600 lbs).<\/li>\n<li><strong>Voltaje de entrada:<\/strong>\u00a012 o 24VDC.<\/li>\n<li><strong>Corriente :<\/strong>12V \/ 520mA o 24V \/ 260mA.<\/li>\n<li><strong>LED indicador:<\/strong>\u00a0rojo muestra bloqueado; verde muestra desbloqueado.<\/li>\n<li><strong>Se\u00f1al de bloqueo de salida:\u00a0<\/strong>(NO \/ NC \/ COM).<\/li>\n<li><strong>Para puerta:<\/strong>\u00a0de madera, vidrio o metal.<\/li>\n<li><strong>Peso:<\/strong>\u00a02.1KG.<\/li>\n<\/ul>\n<p>&nbsp;<\/p>\n<\/div>\n<\/div>\n<hr class=\"padding-bottom-2x\" \/>\n<div class=\"row align-items-center padding-bottom-2x\">\n<div class=\"col-md-5\"><img decoding=\"async\" class=\"d-block m-auto img-thumbnail\" src=\"https:\/\/tvc.mx\/media\/41664\/YLI0850006-5.jpg\" alt=\" \" \/><\/div>\n<div class=\"col-md-7 text-md-left text-center\">\n<h2>Ventajas<\/h2>\n<p class=\"text-muted\">\n<ul>\n<li>Prueba de carga colineal 280 kg, 600 libras.<\/li>\n<li>Voltaje dual 12 o 24 VDC (opcional).<\/li>\n<li>El voltaje est\u00e1ndar es 12VDC cuando est\u00e1 terminado.<\/li>\n<li>MOV proporciona protecci\u00f3n de corriente inversa.<\/li>\n<li>Adecuado para puerta de madera, puerta de vidrio, puerta de metal, puerta incombustible.<\/li>\n<li>El LED indica el estado de la puerta.<\/li>\n<li>Sensor de estado de bloqueo (NO \/ NC \/ COM)<\/li>\n<li>Magnetismo anti-residual dise\u00f1ado.<\/li>\n<li>Material de alta resistencia, carcasa de aluminio anodizado.<\/li>\n<li>Dise\u00f1o sin falla mec\u00e1nica.<\/li>\n<li>Aumente la fuerza de sujeci\u00f3n, doble carcasa aislante.<\/li>\n<li>Certificado CE de la Uni\u00f3n Europea, certificado MA de la Oficina de Seguridad P\u00fablica de China<\/li>\n<\/ul>\n<p>&nbsp;<\/p>\n<\/div>\n<\/div>\n<hr class=\"padding-bottom-2x\" \/>\n<div class=\"row align-items-center padding-bottom-2x\">\n<div class=\"col-md-5 order-md-2\"><img decoding=\"async\" class=\"d-block m-auto img-thumbnail\" src=\"https:\/\/tvc.mx\/media\/41667\/YLI0850006-7.jpg\" alt=\" \" \/><\/div>\n<div class=\"col-md-7 order-md-1 text-md-left text-center\">\n<h2>Soporte de fijaci\u00f3n YLI MBK280NZL<\/h2>\n<p class=\"text-muted\">\n<p>Las cerraduras electromagn\u00e9ticas son una de las mejores elecciones si\u00a0se desea\u00a0un control de acceso profesional, el tipo de puerta y el sentido en que abre en ocasiones complica el uso de electroimanes, es por esto que YLI cuenta con la m\u00e1s amplia variedad de accesorios y en esta ocasi\u00f3n les presentamos el accesorio YLI MBK280NZL,\u00a0Para instalar en puertas que abren hacia adentro, en aquellos casos que se requiera proteger el electroim\u00e1n con una instalaci\u00f3n interior, \u00e9ste deber\u00e1 colocarse sobre puesto en la pared arriba del marco de la puerta en la esquina opuesta a las bisagras, y un soporte en \u201cZ\u201d<\/p>\n<p>&nbsp;<\/p>\n<\/div>\n<\/div>\n<hr class=\"padding-bottom-2x\" \/>\n<div class=\"row align-items-center padding-bottom-2x\">\n<div class=\"col-md-5\"><img decoding=\"async\" class=\"d-block m-auto img-thumbnail\" src=\"https:\/\/tvc.mx\/media\/41670\/YLI0850006-8.jpg\" alt=\" \" \/><\/div>\n<div class=\"col-md-7 text-md-left text-center\">\n<h2>Aplicaciones<\/h2>\n<p class=\"text-muted\">\n<p>Este accesorio puede utilizarse en situaciones donde la puerta abra hacia adentro, dando la seguridad del acceso ocultando la chapa, manteniendo sin alterar la elegancia del entorno externo de la puerta.<\/p>\n<p>Soporte NZL<\/p>\n<p>1. Est\u00e1 hecho de dos partes y se usa en la puerta interior.<\/p>\n<p>2. MBK-180NZL \/ MBK-280NZL \/ MBK-350NZL \/ MBK-500NZL son para su elecci\u00f3n.<\/p>\n<p>3. El aluminio de alta resistencia es el principal.<\/p>\n<p>&nbsp;<\/p>\n<\/div>\n<\/div>\n<hr class=\"padding-bottom-2x\" \/>\n<div class=\"row align-items-center padding-bottom-2x\">\n<div class=\"col-md-5 order-md-2\"><img decoding=\"async\" class=\"d-block m-auto img-thumbnail\" src=\"https:\/\/tvc.mx\/media\/41673\/YLI0850006-7.jpg\" alt=\" \" \/><\/div>\n<div class=\"col-md-7 order-md-1 text-md-left text-center\">\n<h2>Caracter\u00edsticas<\/h2>\n<p class=\"text-muted\">\n<ul>\n<li>Dimensiones<\/li>\n<li class=\"ql-indent-1\">L: 185&#215;41.8&#215;25.4 (mm) Z: 130x38x38 (mm) (MBK-180NZL)<\/li>\n<li class=\"ql-indent-1\">L: 250&#215;48.8&#215;30.4 (mm) Z: 180x50x50 (mm) (MBK-280NZL)<\/li>\n<li class=\"ql-indent-1\">L: 260&#215;54.7&#215;32.5 (mm) Z: 189x57x50 (mm) (MBK-350NZL)<\/li>\n<li class=\"ql-indent-1\">L: 265x73x45 (mm) Z: 185x70x61 (mm) (MBK-500NZL)<\/li>\n<li>Material de aluminio de alta resistencia, chorro de arena acabado<\/li>\n<li>Puerta estrecha adecuada<\/li>\n<li>Modo de apertura de la puerta de 90 grados<\/li>\n<li>Acabado para aluminio anodizado.<\/li>\n<li>Peso: 1.1 kg.<\/li>\n<\/ul>\n<\/div>\n<\/div>\n","protected":false},"excerpt":{"rendered":"<p>Descripci\u00f3n general Paquete de contrachapa magnetica de 280 Kg \u00f3 600 Lb de sujeci\u00f3n y soporte ZL para su instalaci\u00f3n. El paquete incluye lo siguiente: 1 Chapa magn\u00e9tica de la marca YLI modelo YM280NLED 1 Soporte de fijaci\u00f3n de la marca YLI modelo MBK280NZL Chapa&hellip;<\/p>\n","protected":false},"featured_media":8171,"comment_status":"open","ping_status":"closed","template":"","meta":{"om_disable_all_campaigns":false,"_monsterinsights_skip_tracking":false,"_monsterinsights_sitenote_active":false,"_monsterinsights_sitenote_note":"","_monsterinsights_sitenote_category":0},"product_brand":[],"product_cat":[752],"product_tag":[81,727,730,66,731,728,729],"class_list":{"0":"post-8172","1":"product","2":"type-product","3":"status-publish","4":"has-post-thumbnail","6":"product_cat-magnetica-cerraduras-yli-acceso-asistencia","7":"product_tag-acceso-y-asistencia","8":"product_tag-cerraduras","9":"product_tag-commax-wulian","10":"product_tag-dahua","11":"product_tag-wejoin","12":"product_tag-yli","13":"product_tag-zkteco","15":"first","16":"instock","17":"sale","18":"taxable","19":"shipping-taxable","20":"purchasable","21":"product-type-simple"},"aioseo_notices":[],"_links":{"self":[{"href":"https:\/\/tecsecmty.com\/index.php\/wp-json\/wp\/v2\/product\/8172","targetHints":{"allow":["GET"]}}],"collection":[{"href":"https:\/\/tecsecmty.com\/index.php\/wp-json\/wp\/v2\/product"}],"about":[{"href":"https:\/\/tecsecmty.com\/index.php\/wp-json\/wp\/v2\/types\/product"}],"replies":[{"embeddable":true,"href":"https:\/\/tecsecmty.com\/index.php\/wp-json\/wp\/v2\/comments?post=8172"}],"version-history":[{"count":0,"href":"https:\/\/tecsecmty.com\/index.php\/wp-json\/wp\/v2\/product\/8172\/revisions"}],"wp:featuredmedia":[{"embeddable":true,"href":"https:\/\/tecsecmty.com\/index.php\/wp-json\/wp\/v2\/media\/8171"}],"wp:attachment":[{"href":"https:\/\/tecsecmty.com\/index.php\/wp-json\/wp\/v2\/media?parent=8172"}],"wp:term":[{"taxonomy":"product_brand","embeddable":true,"href":"https:\/\/tecsecmty.com\/index.php\/wp-json\/wp\/v2\/product_brand?post=8172"},{"taxonomy":"product_cat","embeddable":true,"href":"https:\/\/tecsecmty.com\/index.php\/wp-json\/wp\/v2\/product_cat?post=8172"},{"taxonomy":"product_tag","embeddable":true,"href":"https:\/\/tecsecmty.com\/index.php\/wp-json\/wp\/v2\/product_tag?post=8172"}],"curies":[{"name":"wp","href":"https:\/\/api.w.org\/{rel}","templated":true}]}}