{"id":8174,"date":"2023-02-23T22:18:43","date_gmt":"2023-02-24T04:18:43","guid":{"rendered":"https:\/\/tecsecmty.com\/index.php\/producto\/yli-ym280npak-paquete-de-cerradura-magnetica-ym280n-y-soporte-de-fijacion-tipo-zl-fuerza-de-sujecion-280kg-600lb-para-puertas-de-madera-vidrio-y-metalicas\/"},"modified":"2023-03-22T23:25:05","modified_gmt":"2023-03-23T05:25:05","slug":"yli-ym280npak-paquete-de-cerradura-magnetica-ym280n-y-soporte-de-fijacion-tipo-zl-fuerza-de-sujecion-280kg-600lb-para-puertas-de-madera-vidrio-y-metalicas","status":"publish","type":"product","link":"https:\/\/tecsecmty.com\/index.php\/producto\/yli-ym280npak-paquete-de-cerradura-magnetica-ym280n-y-soporte-de-fijacion-tipo-zl-fuerza-de-sujecion-280kg-600lb-para-puertas-de-madera-vidrio-y-metalicas\/","title":{"rendered":"YLI YM280NPAK &#8211; Paquete de Cerradura Magn\u00e9tica YM280N y Soporte de Fijaci\u00f3n tipo ZL \/ Fuerza de Sujeci\u00f3n 280kg (600LB) \/ Para puertas de madera, vidrio y met\u00e1licas"},"content":{"rendered":"<div class=\"row align-items-center padding-bottom-2x\">\n<div class=\"col-md-7 text-md-left text-center\">\n<h2>YM280N &#8211; CONTRACHAPA MAGNETICA USO RUDO<\/h2>\n<p class=\"text-muted\">\n<p class=\"ql-align-justify\">Cerradura magn\u00e9tica de una sola puerta con 600 libras de fuerza de sujeci\u00f3n para puerta simple, como puerta de vidrio, puerta de madera, puerta a prueba de fuego, puerta corredera y puerta de metal.<\/p>\n<ul>\n<li class=\"ql-align-justify\">Sujeci\u00f3n de 280kg.<\/li>\n<li class=\"ql-align-justify\">600 lbs.<\/li>\n<li class=\"ql-align-justify\">Para puertas de madera, vidrio y met\u00e1licas.<\/li>\n<\/ul>\n<p class=\"ql-align-justify\">\n<p>&nbsp;<\/p>\n<\/div>\n<\/div>\n<hr class=\"padding-bottom-2x\" \/>\n<div class=\"row align-items-center padding-bottom-2x\">\n<div class=\"col-md-5 order-md-2\"><img decoding=\"async\" class=\"d-block m-auto img-thumbnail\" src=\"https:\/\/tvc.mx\/media\/27584\/MBK280NZLderecha.jpg\" alt=\" \" \/><\/div>\n<div class=\"col-md-7 order-md-1 text-md-left text-center\">\n<h2>MBK280NZL &#8211; SOPORTE DE FIJACION ZL<\/h2>\n<p class=\"text-muted\">\n<p class=\"ql-align-justify\">Las cerraduras electromagn\u00e9ticas son una de las mejores elecciones si se desea un control de acceso profesional, el tipo de puerta y el sentido en que abre en ocasiones complica el uso de electroimanes, es por esto que YLI cuenta con la m\u00e1s amplia variedad de accesorios y en esta ocasi\u00f3n les presentamos el accesorio YLI MBK280NZL, Para instalar en puertas que abren hacia adentro, en aquellos casos que se requiera proteger el electroim\u00e1n con una instalaci\u00f3n interior, \u00e9ste deber\u00e1 colocarse sobre puesto en la pared arriba del marco de la puerta en la esquina opuesta a las bisagras, y un soporte en \u201cZ\u201d<\/p>\n<ol>\n<li class=\"ql-align-justify\">Para puerta con apertura interior<\/li>\n<li class=\"ql-align-justify\">Compatible con chapa magn\u00e9tica YM280N<\/li>\n<li class=\"ql-align-justify\">El aluminio de alta resistencia es el principal.<\/li>\n<\/ol>\n<p class=\"ql-align-justify\">\n<\/div>\n<\/div>\n","protected":false},"excerpt":{"rendered":"<p>YM280N &#8211; CONTRACHAPA MAGNETICA USO RUDO Cerradura magn\u00e9tica de una sola puerta con 600 libras de fuerza de sujeci\u00f3n para puerta simple, como puerta de vidrio, puerta de madera, puerta a prueba de fuego, puerta corredera y puerta de metal. Sujeci\u00f3n de 280kg. 600 lbs.&hellip;<\/p>\n","protected":false},"featured_media":8173,"comment_status":"open","ping_status":"closed","template":"","meta":{"om_disable_all_campaigns":false,"_monsterinsights_skip_tracking":false,"_monsterinsights_sitenote_active":false,"_monsterinsights_sitenote_note":"","_monsterinsights_sitenote_category":0},"product_brand":[],"product_cat":[752],"product_tag":[81,727,730,66,731,728,729],"class_list":{"0":"post-8174","1":"product","2":"type-product","3":"status-publish","4":"has-post-thumbnail","6":"product_cat-magnetica-cerraduras-yli-acceso-asistencia","7":"product_tag-acceso-y-asistencia","8":"product_tag-cerraduras","9":"product_tag-commax-wulian","10":"product_tag-dahua","11":"product_tag-wejoin","12":"product_tag-yli","13":"product_tag-zkteco","15":"first","16":"instock","17":"sale","18":"taxable","19":"shipping-taxable","20":"purchasable","21":"product-type-simple"},"aioseo_notices":[],"_links":{"self":[{"href":"https:\/\/tecsecmty.com\/index.php\/wp-json\/wp\/v2\/product\/8174","targetHints":{"allow":["GET"]}}],"collection":[{"href":"https:\/\/tecsecmty.com\/index.php\/wp-json\/wp\/v2\/product"}],"about":[{"href":"https:\/\/tecsecmty.com\/index.php\/wp-json\/wp\/v2\/types\/product"}],"replies":[{"embeddable":true,"href":"https:\/\/tecsecmty.com\/index.php\/wp-json\/wp\/v2\/comments?post=8174"}],"version-history":[{"count":0,"href":"https:\/\/tecsecmty.com\/index.php\/wp-json\/wp\/v2\/product\/8174\/revisions"}],"wp:featuredmedia":[{"embeddable":true,"href":"https:\/\/tecsecmty.com\/index.php\/wp-json\/wp\/v2\/media\/8173"}],"wp:attachment":[{"href":"https:\/\/tecsecmty.com\/index.php\/wp-json\/wp\/v2\/media?parent=8174"}],"wp:term":[{"taxonomy":"product_brand","embeddable":true,"href":"https:\/\/tecsecmty.com\/index.php\/wp-json\/wp\/v2\/product_brand?post=8174"},{"taxonomy":"product_cat","embeddable":true,"href":"https:\/\/tecsecmty.com\/index.php\/wp-json\/wp\/v2\/product_cat?post=8174"},{"taxonomy":"product_tag","embeddable":true,"href":"https:\/\/tecsecmty.com\/index.php\/wp-json\/wp\/v2\/product_tag?post=8174"}],"curies":[{"name":"wp","href":"https:\/\/api.w.org\/{rel}","templated":true}]}}