{"id":8190,"date":"2023-02-23T22:18:59","date_gmt":"2023-02-24T04:18:59","guid":{"rendered":"https:\/\/tecsecmty.com\/index.php\/producto\/yli-ym500nw-cerradura-magnetica-para-exterior-ip68-fuerza-de-sujecion-500kg-1200lb-voltaje-dual-12v-puertas-de-madera-vidrio-metalica\/"},"modified":"2023-03-22T23:25:05","modified_gmt":"2023-03-23T05:25:05","slug":"yli-ym500nw-cerradura-magnetica-para-exterior-ip68-fuerza-de-sujecion-500kg-1200lb-voltaje-dual-12v-puertas-de-madera-vidrio-metalica","status":"publish","type":"product","link":"https:\/\/tecsecmty.com\/index.php\/producto\/yli-ym500nw-cerradura-magnetica-para-exterior-ip68-fuerza-de-sujecion-500kg-1200lb-voltaje-dual-12v-puertas-de-madera-vidrio-metalica\/","title":{"rendered":"YLI YM500NW &#8211; Cerradura Magn\u00e9tica para exterior IP68 \/ Fuerza de Sujeci\u00f3n 500Kg \/1200Lb \/ Voltaje Dual 12v \/ Puertas de madera, vidrio, met\u00e1lica"},"content":{"rendered":"<div class=\"row aling-items-center padding-bottom-2x\">\n<div class=\"col-lg-12\">\n<h5 class=\"card-title text-center\">Informaci\u00f3n general<\/h5>\n<p><strong>Cerradura magn\u00e9tica de una sola puerta (impermeable)<\/strong><\/p>\n<p><strong>Modelo: YM-500NW<\/strong><\/p>\n<p>Cerradura el\u00e9ctrica de una sola puerta de 1200 libras con funci\u00f3n impermeable. la caja es de acero inoxidable, los accesorios est\u00e1n sellados dentro del cilindro de la cerradura. Especialmente para puertas de metal, puertas pesadas, etc.<\/p>\n<p><img decoding=\"async\" class=\"overview-center-img-web\" src=\"https:\/\/tvc.mx\/media\/116661\/YLE0850003.jpg\" alt=\"\" \/><\/div>\n<\/div>\n<div class=\"row align-items-center padding-bottom-2x\">\n<div class=\"col-md-5\"><img decoding=\"async\" class=\"d-block m-auto img-thumbnail\" src=\"https:\/\/tvc.mx\/media\/116665\/YLE0850003-1.jpg\" alt=\" \" \/><\/div>\n<div class=\"col-md-7 text-md-left text-center\">\n<h2>Par\u00e1metros t\u00e9cnicos<\/h2>\n<p class=\"text-muted\">\n<ul>\n<li>Tama\u00f1o: 230Lx72Ax37.8P (mm)<\/li>\n<li>Placa de armadura: 185Lx60Ax13.2P (mm)<\/li>\n<li>Fuerza de sujeci\u00f3n: 500 kg (1200 lb)<\/li>\n<li>Voltaje: DC12V (DC24V ajustable)<\/li>\n<li>Consumo de corriente: 12V \/ 500mA (\u00b1 10%); 24V \/ 250mA (\u00b1 10%)<\/li>\n<li>Adecuado para: puerta de madera, puerta de vidrio, puerta de metal, puerta ign\u00edfuga<\/li>\n<li>Temperatura de la superficie: \u2264 + 20 \u2103<\/li>\n<li>Temperatura de funcionamiento: -20 \u2103 ~ + 55 \u2103 (-4\u2014131 \u00b0 F)<\/li>\n<li>Humedad: 0 ~ 90% (sin condensaci\u00f3n)<\/li>\n<li>Acabados para carcasa de: aluminio anodizado<\/li>\n<li>Acabados para: zinc magn\u00e9tico<\/li>\n<li>Acabados para armadura de: zinc<\/li>\n<li>\u00edndice de protecci\u00f3n: IP-68<\/li>\n<li>Peso: 4.5kg<\/li>\n<li>Certificado MA CE-EMC CE-LVD FCC RoHS REACH IP68<\/li>\n<\/ul>\n<p>.<\/p>\n<p>&nbsp;<\/p>\n<\/div>\n<\/div>\n<hr class=\"padding-bottom-2x\" \/>\n<div class=\"row align-items-center padding-bottom-2x\">\n<div class=\"col-md-5 order-md-2\"><img decoding=\"async\" class=\"d-block m-auto img-thumbnail\" src=\"https:\/\/tvc.mx\/media\/116669\/YLE0850003-2.jpg\" alt=\" \" \/><\/div>\n<div class=\"col-md-7 order-md-1 text-md-left text-center\">\n<h2>Ventajas de uso<\/h2>\n<p class=\"text-muted\">\n<ul>\n<li>Prueba de carga colineal 500Kg, 1200 libras.<\/li>\n<li>Doble voltaje de 12 o 24 VCC (opcional).<\/li>\n<li>El voltaje est\u00e1ndar es de 12 V CC cuando est\u00e1 terminado.<\/li>\n<li>MOV proporciona protecci\u00f3n contra corriente inversa.<\/li>\n<li>Adecuado para puerta de madera, puerta de vidrio, puerta de metal, puerta ign\u00edfuga.<\/li>\n<li>La carcasa acabada con acero inoxidable, m\u00e1s fuerte y duradera.<\/li>\n<li>100% impermeable, todas las piezas se presurizan en resina.<\/li>\n<li>Se puede instalar especial impermeable, interior y exterior.<\/li>\n<li>Dise\u00f1o sin falla mec\u00e1nica, dependiendo de la poderosa fuerza magn\u00e9tica.<\/li>\n<li>Aumente la fuerza de sujeci\u00f3n, carcasa aislante dual.<\/li>\n<\/ul>\n<\/div>\n<\/div>\n","protected":false},"excerpt":{"rendered":"<p>Informaci\u00f3n general Cerradura magn\u00e9tica de una sola puerta (impermeable) Modelo: YM-500NW Cerradura el\u00e9ctrica de una sola puerta de 1200 libras con funci\u00f3n impermeable. la caja es de acero inoxidable, los accesorios est\u00e1n sellados dentro del cilindro de la cerradura. Especialmente para puertas de metal, puertas&hellip;<\/p>\n","protected":false},"featured_media":8189,"comment_status":"open","ping_status":"closed","template":"","meta":{"om_disable_all_campaigns":false,"_monsterinsights_skip_tracking":false,"_monsterinsights_sitenote_active":false,"_monsterinsights_sitenote_note":"","_monsterinsights_sitenote_category":0},"product_brand":[],"product_cat":[752],"product_tag":[81,727,730,66,731,728,729],"class_list":{"0":"post-8190","1":"product","2":"type-product","3":"status-publish","4":"has-post-thumbnail","6":"product_cat-magnetica-cerraduras-yli-acceso-asistencia","7":"product_tag-acceso-y-asistencia","8":"product_tag-cerraduras","9":"product_tag-commax-wulian","10":"product_tag-dahua","11":"product_tag-wejoin","12":"product_tag-yli","13":"product_tag-zkteco","15":"first","16":"instock","17":"sale","18":"taxable","19":"shipping-taxable","20":"purchasable","21":"product-type-simple"},"aioseo_notices":[],"_links":{"self":[{"href":"https:\/\/tecsecmty.com\/index.php\/wp-json\/wp\/v2\/product\/8190","targetHints":{"allow":["GET"]}}],"collection":[{"href":"https:\/\/tecsecmty.com\/index.php\/wp-json\/wp\/v2\/product"}],"about":[{"href":"https:\/\/tecsecmty.com\/index.php\/wp-json\/wp\/v2\/types\/product"}],"replies":[{"embeddable":true,"href":"https:\/\/tecsecmty.com\/index.php\/wp-json\/wp\/v2\/comments?post=8190"}],"version-history":[{"count":0,"href":"https:\/\/tecsecmty.com\/index.php\/wp-json\/wp\/v2\/product\/8190\/revisions"}],"wp:featuredmedia":[{"embeddable":true,"href":"https:\/\/tecsecmty.com\/index.php\/wp-json\/wp\/v2\/media\/8189"}],"wp:attachment":[{"href":"https:\/\/tecsecmty.com\/index.php\/wp-json\/wp\/v2\/media?parent=8190"}],"wp:term":[{"taxonomy":"product_brand","embeddable":true,"href":"https:\/\/tecsecmty.com\/index.php\/wp-json\/wp\/v2\/product_brand?post=8190"},{"taxonomy":"product_cat","embeddable":true,"href":"https:\/\/tecsecmty.com\/index.php\/wp-json\/wp\/v2\/product_cat?post=8190"},{"taxonomy":"product_tag","embeddable":true,"href":"https:\/\/tecsecmty.com\/index.php\/wp-json\/wp\/v2\/product_tag?post=8190"}],"curies":[{"name":"wp","href":"https:\/\/api.w.org\/{rel}","templated":true}]}}