{"id":8192,"date":"2023-02-23T22:19:01","date_gmt":"2023-02-24T04:19:01","guid":{"rendered":"https:\/\/tecsecmty.com\/index.php\/producto\/yli-ym500nwpack-paquete-de-cerradura-magnetica-para-exterior-ym500nw-y-soporte-de-fijacion-tipo-zl-fuerza-de-sujecion-500kg-1200lb-para-puertas-de-madera-vidrio-y-metalicas-ip68\/"},"modified":"2023-03-22T23:25:06","modified_gmt":"2023-03-23T05:25:06","slug":"yli-ym500nwpack-paquete-de-cerradura-magnetica-para-exterior-ym500nw-y-soporte-de-fijacion-tipo-zl-fuerza-de-sujecion-500kg-1200lb-para-puertas-de-madera-vidrio-y-metalicas-ip68","status":"publish","type":"product","link":"https:\/\/tecsecmty.com\/index.php\/producto\/yli-ym500nwpack-paquete-de-cerradura-magnetica-para-exterior-ym500nw-y-soporte-de-fijacion-tipo-zl-fuerza-de-sujecion-500kg-1200lb-para-puertas-de-madera-vidrio-y-metalicas-ip68\/","title":{"rendered":"YLI YM500NWPACK &#8211; Paquete de Cerradura Magn\u00e9tica para exterior YM500NW y Soporte de Fijaci\u00f3n tipo ZL \/ Fuerza de Sujeci\u00f3n 500kg (1200LB) \/ Para puertas de madera, vidrio y met\u00e1licas \/ IP68"},"content":{"rendered":"<div class=\"row aling-items-center padding-bottom-2x\">\n<div class=\"col-lg-12\">\n<h5 class=\"card-title text-center\">INFORMACION GENERAL<\/h5>\n<p><strong>El paquete YLI YM500NWPACK incluye lo siguiente :<\/strong><\/p>\n<ul>\n<li>1 cerradura magn\u00e9tica de\u00a0<strong>500Kg<\/strong>\u00a0o\u00a0<strong>1200lbs<\/strong>\u00a0de fuerza de sujeci\u00f3n\u00a0para exteriores con\u00a0<strong>protecci\u00f3n IP68<\/strong>\u00a0modelo\u00a0<strong>YM500NW<\/strong>\u00a0de la marca<strong>\u00a0YLI<\/strong><\/li>\n<li>1 Soporte de electroim\u00e1n tipo ZL para puerta exterior modelo\u00a0<strong>YM500NZL<\/strong>\u00a0de la marca<em>\u00a0YLI<\/em><\/li>\n<\/ul>\n<p><img decoding=\"async\" class=\"overview-center-img-web\" src=\"https:\/\/tvc.mx\/media\/245067\/PABCC2~1.PNG\" alt=\"\" \/><\/div>\n<\/div>\n<div class=\"row align-items-center padding-bottom-2x\">\n<div class=\"col-md-5\"><img decoding=\"async\" class=\"d-block m-auto img-thumbnail\" src=\"https:\/\/tvc.mx\/media\/245071\/PA573B~1.PNG\" alt=\" \" \/><\/div>\n<div class=\"col-md-7 text-md-left text-center\">\n<h2>CERRADURA MAGNETICA YM500NW<\/h2>\n<p class=\"text-muted\">\n<p><strong>Cerradura magn\u00e9tica de una sola puerta (impermeable)<\/strong><\/p>\n<p>Cerradura el\u00e9ctrica de una sola puerta de 1200 libras con funci\u00f3n impermeable. la caja es de acero inoxidable, los accesorios est\u00e1n sellados dentro del cilindro de la cerradura. Especialmente para puertas de metal, puertas pesadas, etc.<\/p>\n<p><strong>Ventajas de uso<\/strong><\/p>\n<ul>\n<li>Prueba de carga colineal 500Kg, 1200 libras.<\/li>\n<li>Doble voltaje de 12 o 24 VCC (opcional).<\/li>\n<li>El voltaje est\u00e1ndar es de 12 V CC cuando est\u00e1 terminado.<\/li>\n<li>MOV proporciona protecci\u00f3n contra corriente inversa.<\/li>\n<li>Adecuado para puerta de madera, puerta de vidrio, puerta de metal, puerta ign\u00edfuga(resistente al fuego).<\/li>\n<li>La carcasa acabada con acero inoxidable, m\u00e1s fuerte y duradera.<\/li>\n<li>100% impermeable, todas las piezas se presurizan en resina.<\/li>\n<li>Se puede instalar especial impermeable, interior y exterior.<\/li>\n<li>Dise\u00f1o sin falla mec\u00e1nica, dependiendo de la poderosa fuerza magn\u00e9tica.<\/li>\n<li>Aumente la fuerza de sujeci\u00f3n, carcasa aislante dual.<\/li>\n<\/ul>\n<p>&nbsp;<\/p>\n<\/div>\n<\/div>\n<hr class=\"padding-bottom-2x\" \/>\n<div class=\"row align-items-center padding-bottom-2x\">\n<div class=\"col-md-5 order-md-2\"><img decoding=\"async\" class=\"d-block m-auto img-thumbnail\" src=\"https:\/\/tvc.mx\/media\/245075\/PA0207~1.PNG\" alt=\" \" \/><\/div>\n<div class=\"col-md-7 order-md-1 text-md-left text-center\">\n<h2>PARAMETROS TECNICOS DE LA CERRADURA YM500NW<\/h2>\n<p class=\"text-muted\">\n<ul>\n<li>Tama\u00f1o: 230Lx72Ax37.8P (mm)<\/li>\n<li>Placa de armadura: 185Lx60Ax13.2P (mm)<\/li>\n<li>Fuerza de sujeci\u00f3n: 500 kg (1200 lb)<\/li>\n<li>Voltaje: DC12V (DC24V ajustable)<\/li>\n<li>Consumo de corriente: 12V \/ 500mA (\u00b1 10%); 24V \/ 250mA (\u00b1 10%)<\/li>\n<li>Adecuado para: puerta de madera, puerta de vidrio, puerta de metal<\/li>\n<li>Temperatura de la superficie: \u2264 + 20 \u2103<\/li>\n<li>Temperatura de funcionamiento: -20 \u2103 ~ + 55 \u2103 (-4\u2014131 \u00b0 F)<\/li>\n<li>Humedad: 0 ~ 90% (sin condensaci\u00f3n)<\/li>\n<li>Acabados para carcasa de: aluminio anodizado<\/li>\n<li>Acabados para: zinc magn\u00e9tico<\/li>\n<li>Acabados para armadura de: zinc<\/li>\n<li>\u00edndice de protecci\u00f3n: IP-68<\/li>\n<li>Peso: 4.5kg<\/li>\n<li>Certificado MA CE-EMC CE-LVD FCC RoHS REACH IP68<\/li>\n<\/ul>\n<p>&nbsp;<\/p>\n<\/div>\n<\/div>\n<hr class=\"padding-bottom-2x\" \/>\n<div class=\"row align-items-center padding-bottom-2x\">\n<div class=\"col-md-5\"><img decoding=\"async\" class=\"d-block m-auto img-thumbnail\" src=\"https:\/\/tvc.mx\/media\/245079\/PAQUET~2.PNG\" alt=\" \" \/><\/div>\n<div class=\"col-md-7 text-md-left text-center\">\n<h2>SOPORTE DE FIJACION MBK500NZLW<\/h2>\n<p class=\"text-muted\">\n<p>Esta pieza, la cual es fabricada con aluminio de alta resistencia sirve para anclar la chapa magn\u00e9tica modelo:MBK-500NZLW\u00a0brind\u00e1ndole un fuerte soporte al electroim\u00e1n. Est\u00e1 compuesta de dos partes, las cuales deben ir\u00a0posicionadas hacia el interior de la puerta. Compatible con YM500NW<\/p>\n<p><strong>Funciones<\/strong><\/p>\n<ul>\n<li>Aluminio especial, firme y duradero.<\/li>\n<li>Dise\u00f1o especial, adecuado para todo tipo de puertas.<\/li>\n<li>La mejor opci\u00f3n de control de acceso.<\/li>\n<li>Soporte para electroim\u00e1n.<\/li>\n<li>En forma de \u00abZ&amp;L\u00bb.<\/li>\n<li>Puerta con apertura hacia el interior.<\/li>\n<li>Modelos compatibles: YM-500NW.<\/li>\n<li>Adecuado para puertas de madera y puertas met\u00e1licas.<\/li>\n<li>Material: Aluminio.<\/li>\n<li>500 Kg de sujeci\u00f3n.<\/li>\n<\/ul>\n<p>&nbsp;<\/p>\n<\/div>\n<\/div>\n<hr class=\"padding-bottom-2x\" \/>\n<div class=\"row align-items-center padding-bottom-2x\">\n<div class=\"col-md-5 order-md-2\"><img decoding=\"async\" class=\"d-block m-auto img-thumbnail\" src=\"https:\/\/tvc.mx\/media\/245083\/PAQUET~3.PNG\" alt=\" \" \/><\/div>\n<div class=\"col-md-7 order-md-1 text-md-left text-center\">\n<h2>ESPECIFICACIONES DEO SOPORTE MBK500NZLW<\/h2>\n<p class=\"text-muted\">\n<ul>\n<li>Dimensi\u00f3n<\/li>\n<\/ul>\n<p class=\"ql-indent-2\">\u00a0L: 265x73x45 (mm) Z: 185x70x61 (mm) (MBK-500NZL)<\/p>\n<ul>\n<li>Material Aluminio de alta resistencia, acabado con chorro de arena<\/li>\n<li>Adecuado para puertas que se abren hacia adentro<\/li>\n<li>Modo de apertura Puerta de 90 grados<\/li>\n<li>Acabado para carcasa de aluminio anodizado<\/li>\n<\/ul>\n<\/div>\n<\/div>\n","protected":false},"excerpt":{"rendered":"<p>INFORMACION GENERAL El paquete YLI YM500NWPACK incluye lo siguiente : 1 cerradura magn\u00e9tica de\u00a0500Kg\u00a0o\u00a01200lbs\u00a0de fuerza de sujeci\u00f3n\u00a0para exteriores con\u00a0protecci\u00f3n IP68\u00a0modelo\u00a0YM500NW\u00a0de la marca\u00a0YLI 1 Soporte de electroim\u00e1n tipo ZL para puerta exterior modelo\u00a0YM500NZL\u00a0de la marca\u00a0YLI CERRADURA MAGNETICA YM500NW Cerradura magn\u00e9tica de una sola puerta (impermeable) Cerradura&hellip;<\/p>\n","protected":false},"featured_media":8191,"comment_status":"open","ping_status":"closed","template":"","meta":{"om_disable_all_campaigns":false,"_monsterinsights_skip_tracking":false,"_monsterinsights_sitenote_active":false,"_monsterinsights_sitenote_note":"","_monsterinsights_sitenote_category":0},"product_brand":[],"product_cat":[752],"product_tag":[81,727,730,66,731,728,729],"class_list":{"0":"post-8192","1":"product","2":"type-product","3":"status-publish","4":"has-post-thumbnail","6":"product_cat-magnetica-cerraduras-yli-acceso-asistencia","7":"product_tag-acceso-y-asistencia","8":"product_tag-cerraduras","9":"product_tag-commax-wulian","10":"product_tag-dahua","11":"product_tag-wejoin","12":"product_tag-yli","13":"product_tag-zkteco","15":"first","16":"instock","17":"sale","18":"taxable","19":"shipping-taxable","20":"purchasable","21":"product-type-simple"},"aioseo_notices":[],"_links":{"self":[{"href":"https:\/\/tecsecmty.com\/index.php\/wp-json\/wp\/v2\/product\/8192","targetHints":{"allow":["GET"]}}],"collection":[{"href":"https:\/\/tecsecmty.com\/index.php\/wp-json\/wp\/v2\/product"}],"about":[{"href":"https:\/\/tecsecmty.com\/index.php\/wp-json\/wp\/v2\/types\/product"}],"replies":[{"embeddable":true,"href":"https:\/\/tecsecmty.com\/index.php\/wp-json\/wp\/v2\/comments?post=8192"}],"version-history":[{"count":0,"href":"https:\/\/tecsecmty.com\/index.php\/wp-json\/wp\/v2\/product\/8192\/revisions"}],"wp:featuredmedia":[{"embeddable":true,"href":"https:\/\/tecsecmty.com\/index.php\/wp-json\/wp\/v2\/media\/8191"}],"wp:attachment":[{"href":"https:\/\/tecsecmty.com\/index.php\/wp-json\/wp\/v2\/media?parent=8192"}],"wp:term":[{"taxonomy":"product_brand","embeddable":true,"href":"https:\/\/tecsecmty.com\/index.php\/wp-json\/wp\/v2\/product_brand?post=8192"},{"taxonomy":"product_cat","embeddable":true,"href":"https:\/\/tecsecmty.com\/index.php\/wp-json\/wp\/v2\/product_cat?post=8192"},{"taxonomy":"product_tag","embeddable":true,"href":"https:\/\/tecsecmty.com\/index.php\/wp-json\/wp\/v2\/product_tag?post=8192"}],"curies":[{"name":"wp","href":"https:\/\/api.w.org\/{rel}","templated":true}]}}